000
CXUS53 KDDC 041857
CLAP28

TOPCLMP28 000
TTAA00 KDDC 041854


CLIMATE REPORT
NATIONAL WEATHER SERVICE DODGE CITY KS
1239 PM CST MON JAN 4 2010

...................................

...THE MEDICINE LODGE KS CLIMATE SUMMARY FOR THE YEAR OF 2009...

CLIMATE NORMAL PERIOD 1971 TO 2000
CLIMATE RECORD PERIOD 1893 TO 2010

WEATHER         OBSERVED          NORMAL  DEPART  LAST YEAR`S
                 VALUE   DATE(S)  VALUE   FROM    VALUE  DATE(S)
                                          NORMAL
................................................................
TEMPERATURE (F)
RECORD
 HIGH             118   08/12/1936
 LOW              -22   02/13/1905
HIGHEST           111   07/10        MM      MM       MM  MM
LOWEST              0   01/28        MM      MM       MM  MM
AVG. MAXIMUM     69.7              69.2     0.5       MM
AVG. MINIMUM     44.6              42.8     1.8       MM
MEAN             57.1              56.0     1.1       MM
DAYS MAX >= 90     67                MM      MM       MM
DAYS MAX <= 32     14                MM      MM       MM
DAYS MIN <= 32    104                MM      MM       MM
DAYS MIN <= 0       1                MM      MM       MM

PRECIPITATION (INCHES)
RECORD
 MAXIMUM        42.51   1923
 MINIMUM           MM
TOTALS          20.92             28.51   -7.59       MM
DAYS >= .01        87                MM      MM       MM
DAYS >= .10        43                MM      MM       MM
DAYS >= .50        14                MM      MM       MM
DAYS >= 1.00        2                MM      MM       MM
GREATEST
 24 HR. TOTAL    1.98   06/20 TO 06/20

DEGREE_DAYS
HEATING TOTAL    4395              4818    -423       MM
 SINCE 7/1       1938              1905      33       MM
COOLING TOTAL    1655              1577      78       MM
 SINCE 1/1       1655              1577      78       MM
.................................................................

WIND (MPH)
AVERAGE WIND SPEED              9.3
HIGHEST WIND SPEED/DIRECTION    46/010    DATE  02/20
HIGHEST GUST SPEED/DIRECTION    62/340    DATE  08/17


-  INDICATES NEGATIVE NUMBERS.
R  INDICATES RECORD WAS SET OR TIED.
MM INDICATES DATA IS MISSING.
T  INDICATES TRACE AMOUNT.

$$
