095
CXUS51 KPBZ 011531 CCA
CLAPIT

CLIMATE REPORT
NATIONAL WEATHER SERVICE PITTSBURGH PA
1010 AM EST SUN JAN 1 2017

...................................

...THE PITTSBURGH PA CLIMATE SUMMARY FOR THE YEAR OF 2016...

CLIMATE NORMAL PERIOD 1981 TO 2010
CLIMATE RECORD PERIOD 1871 TO 2017

WEATHER         OBSERVED          NORMAL  DEPART  LAST YEAR`S
                 VALUE   DATE(S)  VALUE   FROM    VALUE  DATE(S)
                                          NORMAL
................................................................
TEMPERATURE (F)
RECORD
 HIGH             103   07/16/1988
                        08/06/1918
                        07/10/1881
 LOW              -22   01/19/1994
HIGHEST            93   07/25        90       3       92  07/28
LOWEST             -2   02/14        -3       1      -10  02/20
AVG. MAXIMUM     63.9              60.7     3.2     62.0
AVG. MINIMUM     44.5              42.0     2.5     43.0
MEAN             54.2              51.4     2.8     52.5
DAYS MAX >= 90     11               6.9     4.1       10
DAYS MAX <= 32     27              32.0    -5.0       35
DAYS MIN <= 32    106             111.5    -5.5      104
DAYS MIN <= 0       1               2.3    -1.3       10

PRECIPITATION (INCHES)
RECORD
 MAXIMUM        57.41   2004
 MINIMUM        22.65   1930
TOTALS          35.01             38.19   -3.18    40.56
DAILY AVG.       0.10              0.10    0.00     0.11
DAYS >= .01       154             151.2     2.8      155
DAYS >= .10        86              83.1     2.9       88
DAYS >= .50        20              24.3    -4.3       26
DAYS >= 1.00        6               5.9     0.1        7
GREATEST
 24 HR. TOTAL    2.33

SNOWFALL (INCHES)
TOTALS           37.4              41.9    -4.5     43.5
SINCE 7/1         8.1              10.7    -2.6      0.3
SNOWDEPTH AVG.      0                                  1
DAYS >= TRACE      71              39.4    31.6       72
DAYS >= 1.0        13              12.8     0.2       15
GREATEST
 24 HR TOTAL      4.7   MM                           4.3

DEGREE_DAYS
HEATING TOTAL    5017              5710    -693     5377
 SINCE 7/1         MM              2175      MM       MM
COOLING TOTAL    1158               736     422      979
 SINCE 1/1       1158               736     422      979
.................................................................

WIND (MPH)
AVERAGE WIND SPEED              7.2
HIGHEST WIND SPEED/DIRECTION    39/160    DATE  08/15
HIGHEST GUST SPEED/DIRECTION    53/360    DATE  06/16

AVERAGE RH (PERCENT)     65

WEATHER CONDITIONS. NUMBER OF DAYS WITH
THUNDERSTORM             39     MIXED PRECIP               0
HEAVY RAIN               22     RAIN                      45
LIGHT RAIN              157     FREEZING RAIN              0
LT FREEZING RAIN          5     HAIL                       1
HEAVY SNOW                2     SNOW                      19
LIGHT SNOW               65     SLEET                      3
FOG                     177     FOG W/VIS <= 1/4 MILE      9
HAZE                     48

-  INDICATES NEGATIVE NUMBERS.
R  INDICATES RECORD WAS SET OR TIED.
MM INDICATES DATA IS MISSING.
T  INDICATES TRACE AMOUNT.

$$
