000
CXUS51 KALY 062009 CCA
CLAPOU

CLIMATE REPORT...CORRECTED
NATIONAL WEATHER SERVICE ALBANY NY
108 PM EST WED JAN 6 2016

...................................

...THE POUGHKEEPSIE NY CLIMATE SUMMARY FOR THE YEAR OF 2015...

CLIMATE NORMAL PERIOD 1981 TO 2010
CLIMATE RECORD PERIOD 1949 TO 2015

WEATHER         OBSERVED          NORMAL  DEPART  LAST YEAR`S
                 VALUE   DATE(S)  VALUE   FROM    VALUE  DATE(S)
                                          NORMAL
................................................................
TEMPERATURE (F)
HIGHEST            97   09/08                         93  07/02
LOWEST            -14R  02/16                         -9  02/12
                                                          01/04
AVG. MAXIMUM     62.7              61.1     1.6     60.5
AVG. MINIMUM     39.6              38.5     1.1     39.0
MEAN             51.1              49.8     1.3     49.7
DAYS MAX >= 90     21              14.1     6.9        8
DAYS MAX <= 32     38              24.5    13.5       40
DAYS MIN <= 32    125             141.5   -16.5      136
DAYS MIN <= 0      15               5.2     9.8        8

PRECIPITATION (INCHES)
RECORD
 MAXIMUM        62.01   2011
 MINIMUM        24.52   1964
TOTALS          29.82             46.53  -16.71    34.14
DAILY AVG.       0.08              0.13   -0.05     0.09
DAYS >= .01       113             125.3   -12.3      124
DAYS >= .10        70              81.2   -11.2       70
DAYS >= .50        21              30.5    -9.5       22
DAYS >= 1.00        4              10.9    -6.9        8
GREATEST
 24 HR. TOTAL    1.76   09/29 TO 09/30

DEGREE_DAYS
HEATING TOTAL    5862              6210    -348     6124
 SINCE 7/1        988              2329   -1341     2051
COOLING TOTAL     964               671     293      696
 SINCE 1/1        964               671     293      696

FREEZE DATES
RECORD
 EARLIEST     09/15/1963
 LATEST       05/25/1949
EARLIEST                        10/09
LATEST                          04/29
.................................................................

WIND (MPH)
AVERAGE WIND SPEED              4.8
HIGHEST WIND SPEED/DIRECTION    36/270    DATE  11/13
HIGHEST GUST SPEED/DIRECTION    53/250    DATE  11/13


WEATHER CONDITIONS. NUMBER OF DAYS WITH
THUNDERSTORM             31     MIXED PRECIP               0
HEAVY RAIN               30     RAIN                      44
LIGHT RAIN               96     FREEZING RAIN              5
LT FREEZING RAIN          6     HAIL                       0
HEAVY SNOW                2     SNOW                      13
LIGHT SNOW               33     SLEET                      1
FOG                     163     FOG W/VIS <= 1/4 MILE     28
HAZE                     89

-  INDICATES NEGATIVE NUMBERS.
R  INDICATES RECORD WAS SET OR TIED.
MM INDICATES DATA IS MISSING.
T  INDICATES TRACE AMOUNT.

RECORDS FOR KPOU DATE BACK TO 1949...
HOWEVER...DATA IS MISSING FROM JANUARY 1993 TO JULY 2000.

$$
