000
CXUS51 KALY 062011 CCA
CLAPSF

CLIMATE REPORT...CORRECTED
NATIONAL WEATHER SERVICE ALBANY NY
311 PM EST WED JAN 6 2016

...................................

...THE PITTSFIELD MA CLIMATE SUMMARY FOR THE YEAR OF 2015...

CLIMATE NORMAL PERIOD 1981 TO 2010
CLIMATE RECORD PERIOD 9999 TO 9999

WEATHER         OBSERVED          NORMAL  DEPART  LAST YEAR`S
                 VALUE   DATE(S)  VALUE   FROM    VALUE  DATE(S)
                                          NORMAL
................................................................
TEMPERATURE (F)
HIGHEST            88   09/08                         88  07/02
                        09/07
                        08/18
LOWEST            -14   02/21                         -9  01/22
                                                          01/04
AVG. MAXIMUM     56.1              55.3     0.8     54.0
AVG. MINIMUM     35.3              35.4    -0.1     35.0
MEAN             45.7              45.3     0.4     44.5
DAYS MAX >= 90      0               1.3    -1.3        0
DAYS MAX <= 32     61              56.2     4.8       69
DAYS MIN <= 32    142             157.3   -15.3      162
DAYS MIN <= 0      27               9.2    17.8       18

PRECIPITATION (INCHES)
TOTALS          40.63             45.38   -4.75    44.17
DAILY AVG.       0.11              0.12   -0.01     0.12
DAYS >= .01       130                                141
DAYS >= .10        83                                 77
DAYS >= .50        27                                 29
DAYS >= 1.00       10                                 11
GREATEST
 24 HR. TOTAL    2.48   09/29 TO 09/30

DEGREE_DAYS
HEATING TOTAL    7232              7461    -229     7580
 SINCE 7/1       1373              2838   -1465     2693
COOLING TOTAL     361               291      70      238
 SINCE 1/1        361               291      70      238

FREEZE DATES
EARLIEST                        10/04
LATEST                          05/07
.................................................................

WIND (MPH)
AVERAGE WIND SPEED              6.6
HIGHEST WIND SPEED/DIRECTION    38/290    DATE  03/17
HIGHEST GUST SPEED/DIRECTION    57/290    DATE  03/17


WEATHER CONDITIONS. NUMBER OF DAYS WITH
THUNDERSTORM             27     MIXED PRECIP               0
HEAVY RAIN               37     RAIN                      51
LIGHT RAIN              122     FREEZING RAIN              6
LT FREEZING RAIN          6     HAIL                       0
HEAVY SNOW                5     SNOW                      16
LIGHT SNOW               59     SLEET                      0
FOG                     216     FOG W/VIS <= 1/4 MILE     76
HAZE                     62

-  INDICATES NEGATIVE NUMBERS.
R  INDICATES RECORD WAS SET OR TIED.
MM INDICATES DATA IS MISSING.
T  INDICATES TRACE AMOUNT.

$$
