000
CXUS56 KSGX 020634
CLAPSP

CLIMATE REPORT
NATIONAL WEATHER SERVICE SAN DIEGO, CA
1005 PM PST WED JAN 1 2014

...................................

...THE PALM SPRINGS INTL AIRPORT CA CLIMATE SUMMARY FOR THE YEAR OF 2013...

CLIMATE NORMAL PERIOD 1981 TO 2010
CLIMATE RECORD PERIOD 1893 TO 2013

WEATHER         OBSERVED          NORMAL  DEPART  LAST YEAR`S
                 VALUE   DATE(S)  VALUE   FROM    VALUE  DATE(S)
                                          NORMAL
................................................................
TEMPERATURE (F)
RECORD
 HIGH             123   07/29/1995
                        07/28/1995
                        08/01/1993
 LOW                0   09/07/2013
HIGHEST           122   06/29        89      33      119  07/10
LOWEST             32   01/13        59     -27       33  12/20
AVG. MAXIMUM     88.2              87.3     0.9     89.5
AVG. MINIMUM     61.8              60.6     1.2     62.3
MEAN             75.0              73.9     1.1     75.9
DAYS MAX >= 90    182             165.8    16.2      188
DAYS MAX <= 32      0               0.0     0.0        0
DAYS MAX >= 100   109                                129
DAYS MAX >= 110    17                                 26
DAYS MIN <= 32      1               0.2     0.8        0
DAYS MIN <= 0       0               0.0     0.0        0

PRECIPITATION (INCHES)
RECORD
 MAXIMUM        18.48   1943
 MINIMUM         0.76   2002
                        1999
TOTALS           2.23              5.74   -3.51     2.01
DAILY AVG.       0.01              0.02   -0.01        T
DAYS >= .01        17                MM      MM       13
DAYS >= .10         5                MM      MM        7
DAYS >= .50         2                MM      MM        1
DAYS >= 1.00        0                MM      MM        0
DAYS >= 1.50        0                                  0
DAYS >= 2.00        0                                  0
GREATEST
 24 HR. TOTAL    0.83   MM                       12/31 TO 12/31
                                                          12/31 TO 12/31
                                                          12/31 TO 12/31
 STORM TOTAL       MM                                 MM
 (MM/DD(HH))            MM                    12/31(00) TO 12/31(00)
                                                 12/31(00) TO 12/31(00)1
                                                 12/31(00) TO 12/31(00)1

SNOWFALL (INCHES)
TOTALS            0.0                MM      MM
SINCE 7/1         0.0                MM      MM

DEGREE_DAYS
HEATING TOTAL     740               874    -134      645
 SINCE 7/1        281               386    -105      301
COOLING TOTAL    4510              4142     368     4726
 SINCE 1/1       4510              4141     369     4726

FREEZE DATES
RECORD
 EARLIEST     10/24/1951
 LATEST       03/13/1956
EARLIEST                        12/16
LATEST                          01/29
..................................................

WIND (MPH)
AVERAGE WIND SPEED              6.1
HIGHEST WIND SPEED/DIRECTION    38/340    DATE  09/09
HIGHEST GUST SPEED/DIRECTION    46/310    DATE  04/16

SKY COVER
POSSIBLE SUNSHINE (PERCENT)   MM
AVERAGE SKY COVER           0.10
NUMBER OF DAYS FAIR          333
NUMBER OF DAYS PC             26
NUMBER OF DAYS CLOUDY          5

AVERAGE RH (PERCENT)     32

WEATHER CONDITIONS. NUMBER OF DAYS WITH
THUNDERSTORM              0     MIXED PRECIP               0
HEAVY RAIN                2     RAIN                       8
LIGHT RAIN               22     FREEZING RAIN              0
LT FREEZING RAIN          0     HAIL                       0
HEAVY SNOW                0     SNOW                       0
LIGHT SNOW                0     SLEET                      0
FOG                       7     FOG W/VIS <= 1/4 MILE      0
HAZE                     29

-  INDICATES NEGATIVE NUMBERS.
R  INDICATES RECORD WAS SET OR TIED.
MM INDICATES DATA IS MISSING.
T  INDICATES TRACE AMOUNT.

$$
