000
CXUS55 KPUB 021245
CLAPUB

CLIMATE REPORT
NATIONAL WEATHER SERVICE PUEBLO
545 AM MST SAT JAN 2 2016

...................................

...THE PUEBLO CO CLIMATE SUMMARY FOR THE YEAR OF 2015...

CLIMATE NORMAL PERIOD 1981 TO 2010
CLIMATE RECORD PERIOD 1888 TO 2015

WEATHER         OBSERVED          NORMAL  DEPART
                 VALUE   DATE(S)  VALUE   FROM
                                          NORMAL
................................................
TEMPERATURE (F)
RECORD
 HIGH             109   07/13/2003
 LOW              -31   02/01/1951
HIGHEST           103   08/06
LOWEST             -8   01/01
AVG. MAXIMUM     70.4              68.7     1.7
AVG. MINIMUM     39.2              35.3     3.9
MEAN             54.8              52.0     2.8
DAYS MAX >= 90     83
DAYS MAX <= 32     21
DAYS MIN <= 32    139
DAYS MIN <= 0       4

PRECIPITATION (INCHES)
RECORD
 MAXIMUM        23.09   1957
 MINIMUM         3.94   2002
TOTALS          16.66             12.57    4.09
DAILY AVG.       0.05              0.03    0.02
DAYS >= .01        89
DAYS >= .10        41
DAYS >= .50         8
DAYS >= 1.00        3
GREATEST
 24 HR. TOTAL    1.70   05/18 TO 05/19

SNOWFALL (INCHES)
RECORDS
 MAXIMUM         69.6  1990
 MINIMUM          6.9  1977

 24 HR TOTAL     16.8   04/29/1990 TO 04/30/1990
                        04/01/1957 TO 04/02/1957
TOTALS           41.6              31.8     9.8
SINCE 7/1        11.9              11.5     0.4
SNOWDEPTH AVG.      0
DAYS >= TRACE      37              21.7    15.3
DAYS >= 1.0        11               9.7     1.3
GREATEST
 SNOW DEPTH        10   02/27
 24 HR TOTAL      9.3   02/26 TO 02/27

DEGREE_DAYS
HEATING TOTAL    4844              5639    -795
 SINCE 7/1       1821              2363    -542
COOLING TOTAL    1273               896     377
 SINCE 1/1       1273               897     376

FREEZE DATES
RECORD
 EARLIEST     09/09/2001
 LATEST       06/02/1919
EARLIEST                        10/28
LATEST                          04/14
.................................................

WIND (MPH)
AVERAGE WIND SPEED              7.8
RESULTANT WIND SPEED/DIRECTION   1/030
HIGHEST WIND SPEED/DIRECTION    56/010    DATE  04/02
HIGHEST GUST SPEED/DIRECTION    66/010    DATE  04/02

SKY COVER
POSSIBLE SUNSHINE (PERCENT)   MM
AVERAGE SKY COVER           0.20
NUMBER OF DAYS FAIR          276
NUMBER OF DAYS PC             54
NUMBER OF DAYS CLOUDY         35

AVERAGE RH (PERCENT)     54

WEATHER CONDITIONS. NUMBER OF DAYS WITH
THUNDERSTORM             59     MIXED PRECIP               4
HEAVY RAIN               20     RAIN                      30
LIGHT RAIN              117     FREEZING RAIN              0
LT FREEZING RAIN          6     HAIL                       2
HEAVY SNOW                2     SNOW                       8
LIGHT SNOW               38     SLEET                      0
FOG                      77     FOG W/VIS <= 1/4 MILE      7
HAZE                     30

-  INDICATES NEGATIVE NUMBERS.
R  INDICATES RECORD WAS SET OR TIED.
MM INDICATES DATA IS MISSING.
T  INDICATES TRACE AMOUNT.

$$
!--NOT SENT--!
