000
CXUS51 KGYX 062216
CLAPWM

PWMCLMPWM 000
TTAA00 KGYX 031607


CLIMATE REPORT
NATIONAL WEATHER SERVICE GRAY ME
516 PM EST TUE JAN 6 2015

...................................

...THE PORTLAND ME CLIMATE SUMMARY FOR THE YEAR OF 2014...

CLIMATE NORMAL PERIOD 1981 TO 2010
CLIMATE RECORD PERIOD 1940 TO 2014 /FOR TEMPERATURES/
CLIMATE RECORD PERIOD 1871 TO 2014 /FOR PRECIPITATION/
CLIMATE RECORD PERIOD 1882 TO 2014 /FOR SNOWFALL/

WEATHER         OBSERVED          NORMAL  DEPART  LAST YEAR`S
                 VALUE   DATE(S)  VALUE   FROM    VALUE  DATE(S)
                                          NORMAL
................................................................
TEMPERATURE (F)
RECORD
 HIGH             103   08/02/1975
 LOW              -39   02/16/1943
HIGHEST            88   08/27        93      -5
LOWEST            -14   01/04       -10      -4
AVG. MAXIMUM     55.3              55.8    -0.5
AVG. MINIMUM     37.4              37.2     0.2
MEAN             46.3              46.5    -0.2
DAYS MAX >= 90      0               4.6    -4.6
DAYS MAX <= 32     52              42.1     9.9
DAYS MIN <= 32    139             145.8    -6.8
DAYS MIN <= 0      10               7.7     2.3

PRECIPITATION (INCHES)
RECORD
 MAXIMUM        66.45   2005
 MINIMUM        25.27   1941
TOTALS          55.87             47.25    8.62
DAILY AVG.       0.15              0.13    0.02
DAYS >= .01       136             130.9     5.1
DAYS >= .10        87              79.4     7.6
DAYS >= .50        36              30.1     5.9
DAYS >= 1.00       13              11.5     1.5
GREATEST
 24 HR. TOTAL    6.44   08/13 TO 08/14

SNOWFALL (INCHES)
RECORDS
 TOTAL          150.1   1956
TOTALS           70.9              61.9     9.0
SINCE 7/1        13.9              15.1    -1.2
SNOWDEPTH AVG.      2
DAYS >= TRACE      47              27.6    19.4
DAYS >= 1.0        17              15.9     1.1
GREATEST
 SNOW DEPTH        18   02/20
                        02/19
 24 HR TOTAL     10.7   01/02 TO 01/03

DEGREE_DAYS
HEATING TOTAL    7008              7106     -98
 SINCE 7/1       2272              2612    -340
COOLING TOTAL     351               360      -9
 SINCE 1/1        351               359      -8
.................................................................

WIND (MPH)
AVERAGE WIND SPEED              7.6
HIGHEST WIND SPEED/DIRECTION    37/320    DATE  11/02
HIGHEST GUST SPEED/DIRECTION    50/340    DATE  03/26

SKY COVER
AVERAGE SKY COVER           0.50

AVERAGE RH (PERCENT)     69

WEATHER CONDITIONS. NUMBER OF DAYS WITH
THUNDERSTORM              0     HEAVY RAIN                24
RAIN                     60     LIGHT RAIN               124
FREEZING RAIN             4     LT FREEZING RAIN           9
HEAVY SNOW                3     SNOW                      13
LIGHT SNOW               43     FOG                      177
FOG W/VIS <= 1/4 MILE    34     HAZE                      30

-  INDICATES NEGATIVE NUMBERS.
R  INDICATES RECORD WAS SET OR TIED.
MM INDICATES DATA IS MISSING.
T  INDICATES TRACE AMOUNT.

&&

THE YEAR 2014 STARTED OUT WITH SOME OF THE COLDEST AIR IN YEARS AS
ARCTIC AIR SURGED INTO THE REGION ON JANUARY 1 AND PERSISTED FOR
MANY DAYS. PORTLAND SAW 4 STRAIGHT DAYS FALL TO ZERO OR BELOW. THE
COLDEST DAY WAS JANUARY 3 WHEN THE TEMPERATURE DID NOT RISE ABOVE 9
DEGREES. THE COLDEST TEMPERATURE IN 2014 WAS 14 BELOW ZERO ON
JANUARY 4. WHILE BELOW ZERO TEMPERATURES ARE NOT THAT UNCOMMON IN
THIS REGION, IT IS UNUSUAL TO SEE BITTER COLD AND HEAVY SNOW OCCUR
AT THE SAME TIME. NORMALLY WHEN TEMPERATURES GET TO ZERO DEGREES OR
COLDER IT IS DIFFICULT TO SEE HEAVY SNOW DUE TO THE LACK OF MOISTURE
IN THE AIR. HOWEVER, DURING THE EXTREME COLD ON JANUARY 2 AND 3 A
TOTAL OF 11.9 INCHES OF SNOW WAS MEASURED AT PORTLAND. WHILE NOT A
RECORD AMOUNT OF SNOW, IT WAS THE HEAVIEST SNOWFALL OF 2014 AND
OCCURRED DURING THE COLDEST TEMPERATURES OF THE YEAR AS WELL.

THE WINTER COLD CONTINUED THROUGH FEBRUARY AND MARCH. SEVERAL
SNOWSTORMS IMPACTED THE AREA MAKING FEBRUARY THE SNOWIEST MONTH OF
THE YEAR IN PORTLAND. WHILE MARCH WAS NOT AS SNOWY, IT MADE UP FOR
IT IN THE CONTINUED COLD TEMPERATURES. MARCH WAS THE COLDEST IN
ALMOST 50 YEARS AND THE 4TH COLDEST ON RECORD. A RECORD 10 DAYS DID
NOT SEE THE TEMPERATURE RISE ABOVE FREEZING IN PORTLAND IN MARCH
2014. THE RECORD LOW TEMPERATURE OF 11 DEGREES ON MARCH 24 WAS ALSO
THE FIRST TIME A RECORD LOW TEMPERATURE WAS BROKEN AT PORTLAND SINCE
MARCH 6 2007. THE EXTENDED WINTER COLD ALLOWED THE WINTER SNOW PACK
TO STAY ON THE GROUND THROUGH APRIL 7. THE LAST FREEZE OF THE SEASON
WAS ON APRIL 20 WHICH WAS ABOUT 2 WEEKS EARLIER THAN NORMAL.

WARMER WEATHER FINALLY ARRIVED IN MAY AFTER SIX STRAIGHT MONTHS OF
BELOW NORMAL TEMPERATURES. PORTLAND FIRST REACHED 70 DEGREES ON MAY
10 WHICH WAS ABOUT 3 WEEKS LATER THAN NORMAL. THE FIRST 80 DEGREE
ARRIVED SOON AFTER ON MAY 12 WHICH WAS RIGHT AROUND NORMAL. HEAVY
RAIN FELL ON JUNE 13 WITH MORE THAN 2 INCHES RECORDED. MORE HEAVY
RAIN FELL A FEW WEEKS LATER AS HURRICANE ARTHUR PASSED BY OFFSHORE
ON JULY 2 THROUGH 5. THE HEAVY RAINS FROM ARTHUR WASHED OUT MOST
INDEPENDENCE DAY ACTIVITIES.

AFTER A THREE MONTH STRETCH OF SLIGHTLY WARMER THAN NORMAL
TEMPERATURES, AUGUST WAS DOMINATED BY COOLER CONDITIONS. VERY HEAVY
RAIN FELL ON AUGUST 13 WHEN MORE THAN 6 INCHES OF RAIN WAS RECORDED
IN JUST A FEW HOURS THAT EVENING, LEADING TO FLASH FLOODING IN THE
CITY. THIS WAS NOT ONLY A RECORD DAILY RAINFALL BUT ALSO CONTRIBUTED
TO THE SECOND WETTEST AUGUST ON RECORD. WARMER WEATHER FINALLY
ARRIVED BY THE END OF AUGUST WHEN AUGUST 27 RECORDED THE WARMEST DAY
OF 2014 AT 88 DEGREES. THIS FINAL WARM SPELL OF THE SUMMER LASTED
THROUGH THE FIRST PART OF SEPTEMBER BEFORE TEMPERATURES TURNED
COOLER AGAIN.

PORTLAND DID NOT REACH 90 DEGREES IN 2014. ONLY 6 OTHER TIMES HAS
PORTLAND FAILED TO REACH 90 DEGREES, MOST RECENTLY IN 2008. ON
AVERAGE PORTLAND SEES 4.6 DAYS PER YEAR REACH 90 DEGREES. THE YEARLY
HIGH OF 88 DEGREES ON AUGUST 27 WAS THE THIRD COOLEST ON RECORD. THE
FOLLOWING IS A LIST OF THE COOLEST YEARLY MAXIMUM TEMPERATURES AT
PORTLAND.

COOLEST YEARLY MAXIMUM TEMPERATURE (RECORDS BEGAN 1941)
RANK    TEMP    YEAR
1       86      1996
2       87      1972
3       88      2014 <===
        88      2008
        88      1986
        88      1974
        88      1962
7       90      2000
        90      1992

THE COMBINATION OF HEAVY RAIN IN MID JUNE, HURRICANE ARTHUR IN JULY,
AND THE FLASH FLOODING IN AUGUST, SUMMER 2014 ENDED UP BEING THE 4TH
WETTEST ON RECORD IN PORTLAND. IN CONTRAST TO THE WET SUMMER,
SEPTEMBER ENDED UP BEING THE DRIEST IN 30 YEARS AND THE 12TH DRIEST
ON RECORD.

AS THE CALENDAR CHANGED TO OCTOBER, THE STORY BECAME THE RECORD
WARMTH. IT WAS THE 2ND WARMEST OCTOBER ON RECORD, BUT THE LOW
TEMPERATURES WERE THE WARMEST ON RECORD BY A LARGE MARGIN. SINCE
RECORDS BEGAN IN PORTLAND IN 1941 THERE HAVE ONLY BEEN 5 DAYS IN
OCTOBER WHICH DID NOT FALL BELOW 60 DEGREES. TWO OF THOSE DAYS
OCCURRED IN 2014. THE COLDEST TEMPERATURE OF THE MONTH WAS ONLY 34
DEGREES, ALSO THE WARMEST EVER. AS A RESULT OF THE UNUSUAL WARMTH,
PORTLAND SAW ITS LATEST FIRST FREEZE ON RECORD WHEN THE TEMPERATURE
FINALLY FELL TO FREEZING ON NOVEMBER 3. THIS ALSO MARKED THE LONGEST
GROWING SEASON ON RECORD. THE FIRST SNOW OF THE SEASON FELL ON
NOVEMBER 2, THE DAY BEFORE THE FIRST FREEZE OF THE SEASON. NEVER
BEFORE HAS THE FIRST SNOW FALLEN BEFORE THE FIRST FREEZE. THE TABLES
BELOW LIST THE LATEST DATES OF THE FIRST FALL FREEZE IN PORTLAND AND
THE LONGEST GROWING SEASONS.

LATEST DATE OF FIRST FALL FREEZE (RECORDS BEGAN 1941)
RANK  DATE
1     NOVEMBER 3, 2014 <===
2     OCTOBER 25, 2013
      OCTOBER 25, 1949
4     OCTOBER 21, 2005
      OCTOBER 21, 1990
      OCTOBER 21, 1985

LONGEST GROWING SEASONS (RECORDS BEGAN 1941)
RANK  DAYS  YEAR
1     196   2014 <===
2     184   1990
3     181   1970
4     179   1983
5     176   2013

NOVEMBER SAW A WILD STRETCH OF WEATHER JUST IN TIME FOR
THANKSGIVING. RECORD HIGHS WERE REACHED ON NOVEMBER 24 AND 25 WHEN
THE TEMPERATURE SOARED INTO THE 60S. BUT HEAVY SNOW BEGAN ON
NOVEMBER 26, JUST IN TIME FOR THE BUSIEST TRAVEL DAY OF THE YEAR.
THE THANKSGIVING SNOWSTORM DROPPED 8.5 INCHES OF SNOW IN PORTLAND
FROM NOVEMBER 26 THROUGH 28, HAMPERING HOLIDAY TRAVEL PLANS. COLD
WEATHER AND OCCASIONAL LIGHT SNOW CONTINUED THROUGH THE FIRST PART
OF DECEMBER WHEN TEMPERATURES SAW A WARMING TREND AGAIN. ALL THE
EARLY SEASON SNOW MELTED BEFORE CHRISTMAS, MAKING WAY FOR THE
WARMEST CHRISTMAS ON RECORD AT PORTLAND.

THE AVERAGE TEMPERATURE FOR THE YEAR WAS 46.3 DEGREES WHICH WAS 0.2
DEGREES BELOW NORMAL AND THE COLDEST YEAR SINCE 2009. THE WARMEST
YEARLY AVERAGE TEMPERATURE ON RECORD WAS 49.2 DEGREES SET IN 2012
AND 2010. THE COLDEST WAS 1962 AT 43.3 DEGREES. THE FOLLOWING TABLE
LISTS THE AVERAGE TEMPERATURES FOR EACH MONTH OF 2014 INCLUDING
DEPARTURES FROM NORMAL.

AVERAGE TEMPERATURE BY MONTH IN 2014
MONTH     MAXIMUM      MINIMUM      AVERAGE
JANUARY   30.2 (-1.0)  12.6 (-0.8)  21.4 (-0.9)
FEBRUARY  31.4 (-3.2)  12.7 (-3.7)  22.1 (-3.4)
MARCH     36.2 (-5.9)  17.7 (-7.2)  27.0 (-6.5)
APRIL     52.5 (-0.8)  34.1 (-0.6)  43.3 (-0.7)
MAY       64.0 (+0.5)  45.4 (+1.2)  54.7 (+0.8)
JUNE      74.2 (+1.0)  54.0 (+0.4)  64.1 (+0.7)
JULY      78.4 (-0.4)  61.3 (+1.9)  69.8 (+0.7)
AUGUST    76.4 (-1.3)  57.1 (-1.1)  66.7 (-1.3)
SEPTEMBER 70.4 (+0.4)  49.8 (-0.5)  60.1 (-0.0)
OCTOBER   62.6 (+3.9)  46.4 (+7.5)  54.5 (+5.7)
NOVEMBER  47.3 (-0.7)  30.4 (-0.5)  38.8 (-0.6)
DECEMBER  40.3 (+3.0)  27.0 (+6.6)  33.7 (+4.9)
ANNUAL    55.3 (-0.5)  37.4 (+0.2)  46.3 (-0.2)

A TOTAL OF 55.87 INCHES OF PRECIPITATION FELL IN 2014. THIS WAS 8.62
INCHES ABOVE NORMAL. IT WAS THE WETTEST YEAR SINCE 2009 AND THE 14TH
WETTEST YEAR IN THE 144 YEAR HISTORY OF PRECIPITATION RECORDS AT
PORTLAND. THE WETTEST YEAR WAS 2005 WITH 66.45 INCHES. THE DRIEST
WAS 1941 AT ONLY 25.27 INCHES. THE FOLLOWING TABLE LISTS THE
PRECIPITATION AND SNOWFALL AMOUNTS FOR EACH MONTH OF 2014 INCLUDING
DEPARTURES FROM NORMAL.

MONTHLY PRECIPITATION AND SNOWFALL TOTALS FOR 2014
MONTH     PRECIPITATION  SNOWFALL
JANUARY   4.05  (+0.67)  17.6 ( -1.6)
FEBRUARY  4.27  (+1.02)  34.2 (+22.1)
MARCH     4.31  (+0.07)  3.7  ( -9.0)
APRIL     2.72  (-1.60)  1.2  ( -1.6)
MAY       3.87  (-0.14)  0.0
JUNE      4.30  (+0.51)  0.0
JULY      6.12  (+2.51)  0.0
AUGUST    8.56  (+5.42)  0.0
SEPTEMBER 0.87  (-2.82)  0.0
OCTOBER   6.57  (+1.70)  0.0
NOVEMBER  3.96  (-0.97)  10.3 ( +8.4)
DECEMBER  6.27  (+2.25)  3.6  ( -9.6)
ANNUAL    55.87 (+8.62)  70.9 (+ 9.0)

THERE WERE 13 DAYS IN 2014 THAT RECORDED 1.00 OR MORE OF
PRECIPITATION. THIS WAS SLIGHTLY MORE THAN NORMAL. THE FOLLOWING
TABLE LISTS THE DAYS WHICH RECEIVED AT LEAST 1.00 INCH OF
PRECIPITATION.

DAYS WITH AT LEAST 1.00 INCHES OF PRECIPITATION IN 2014
DAY          PRECIPITATION
JANUARY 6    1.35
MARCH 30     1.68
MAY 17       1.11
JUNE 13      2.32
JULY 4       1.41
AUGUST 13    6.43
AUGUST 31    1.29
OCTOBER 16   1.56
OCTOBER 21   1.43
OCTOBER 22   1.05
OCTOBER 23   1.33
NOVEMBER 26  1.24
DECEMBER 9   1.95

SNOWFALL STATISTICS ARE NORMALLY LISTED BY SEASON RATHER THAN BY
CALENDAR YEAR. HOWEVER, THE YEAR 2014 SAW 70.9 INCHES OF SNOW WHICH
WAS 9.0 INCHES ABOVE NORMAL. SNOW DEPTH REACHED ITS PEAK IN FEBRUARY
WITH 18 INCHES ON FEBRUARY 19 AND 20. THE LAST OF THE WINTER SNOW
PACK MELTED BY THE MORNING OF APRIL 8. THE FOLLOWING TABLE LISTS THE
DAYS WHICH RECEIVED 6 INCHES OR MORE OF SNOWFALL IN 2014.

DAYS WITH AT LEAST 6 INCHES OF SNOWFALL IN 2014
DAY          SNOWFALL
JANUARY 2    8.7
FEBRUARY 5   9.0
FEBRUARY 13  9.2
FEBRUARY 18  7.6
NOVEMBER 26  7.4

THE FOLLOWING DAILY RECORDS WERE SET OR TIED IN 2014...
DATE        RECORD                              PREVIOUS
JANUARY 2    12   - COLDEST HIGH TEMPERATURE     13 IN 1968
JANUARY 4    38   - GREATEST TEMPERATURE RANGE   29 IN 1962
JANUARY 6    1.35 - GREATEST PRECIPITATION       1.31 IN 1944
JANUARY 12   51   - WARMEST HIGH TEMPERATURE     51 IN 1980 /TIED/
JANUARY 12   35   - WARMEST LOW TEMPERATURE      35 IN 1956 /TIED/
JANUARY 12   43   - WARMEST AVERAGE TEMPERATURE  42 IN 1975
FEBRUARY 28  22   - COLDEST HIGH TEMPERATURE     24 IN 2006
MARCH 8      31   - GREATEST TEMPERATURE RANGE   29 IN 1990 AND 1967
MARCH 24     11   - COLDEST LOW TEMPERATURE      13 IN 1997
MARCH 24     20   - COLDEST AVERAGE TEMPERATURE  21 IN 1956
APRIL 17     22   - COLDEST LOW TEMPERATURE      24 IN 2003
APRIL 17     31   - COLDEST AVERAGE TEMPERATURE  31 IN 2003 /TIED/
MAY 17       46   - COLDEST AVERAGE TEMPERATURE  47 IN 2009
JUNE 4       54   - COLDEST HIGH TEMPERATURE     54 IN 2012 AND 1975 /TIED/
JUNE 4       4    - SMALLEST TEMPERATURE RANGE   4 IN 1987 AND 1975 /TIED/
JUNE 8       60   - WARMEST LOW TEMPERATURE      60 IN 1952 AND 1941 /TIED/
JULY 4       1.41 - GREATEST PRECIPITATION       1.26 IN 1974
AUGUST 13    6.43 - GREATEST PRECIPITATION       2.38 IN 2004
SEPTEMBER 6  76   - WARMEST AVERAGE TEMPERATURE  76 IN 1983 /TIED/
SEPTEMBER 27 84   - WARMEST HIGH TEMPERATURE     80 IN 1948
SEPTEMBER 27 67   - WARMEST AVERAGE TEMPERATURE  67 IN 2007 AND OTHERS /TIED/
OCTOBER 1    3    - SMALLEST TEMPERATURE RANGE   5 IN 2008 AND 1966 /TIED/
OCTOBER 8    57   - WARMEST LOW TEMPERATURE      56 IN 1969
OCTOBER 15   76   - WARMEST HIGH TEMPERATURE     76 IN 1963 /TIED/
OCTOBER 15   62   - WARMEST LOW TEMPERATURE      58 IN 1970
OCTOBER 15   69   - WARMEST AVERAGE TEMPERATURE  63 IN 1990
OCTOBER 16   63   - WARMEST LOW TEMPERATURE      57 IN 1954
OCTOBER 16   67   - WARMEST AVERAGE TEMPERATURE  66 IN 1963
OCTOBER 17   59   - WARMEST LOW TEMPERATURE      54 IN 1999 AND 1958
OCTOBER 17   66   - WARMEST AVERAGE TEMPERATURE  64 IN 1968 AND 1947
OCTOBER 22   3    - SMALLEST TEMPERATURE RANGE   6 IN 2003, 1996, AND 1994
NOVEMBER 24  63   - WARMEST HIGH TEMPERATURE     60 IN 1999
NOVEMBER 25  65   - WARMEST HIGH TEMPERATURE     61 IN 1946 AND 1953
NOVEMBER 25  55   - WARMEST AVERAGE TEMPERATURE  54 IN 1953 AND 1979
NOVEMBER 26  7.4  - GREATEST SNOWFALL            7.0 IN 1885
DECEMBER 9   1.95 - GREATEST PRECIPITATION       1.38 IN 1973
DECEMBER 10  2    - SMALLEST TEMPERATURE RANGE   5 IN 1972 AND OTHERS
DECEMBER 17  5    - SMALLEST TEMPERATURE RANGE   6 IN 1998
DECEMBER 24  37   - WARMEST LOW TEMPERATURE      37 IN 1994 AND 1964 /TIED/
DECEMBER 25  53   - WARMEST HIGH TEMPERATURE     53 IN 1994 /TIED/
DECEMBER 25  38   - WARMEST LOW TEMPERATURE      38 IN 1979 AND 1964 /TIED/
DECEMBER 25  46   - WARMEST AVERAGE TEMPERATURE  43 IN 1994 AND 1964
DECEMBER 28  37   - WARMEST LOW TEMPERATURE      37 IN 2008

$$

KIMBLE
