000
CXUS53 KGRB 031231
CLARHI

ANNUAL CLIMATE REPORT
NATIONAL WEATHER SERVICE GREEN BAY
635 AM CST SAT JAN 3 2015

...RHINELANDER 2014 YEARLY STATISTICS...

...2ND COLDEST YEAR ON RECORD...
...2ND WETTEST YEAR ON RECORD...
...SNOWIEST YEAR ON RECORD...
...2ND MOST HEATING DEGREE DAYS ON RECORD...
...5TH LEAST COOLING DEGREE DAYS ON RECORD...


...THE RHINELANDER WI CLIMATE SUMMARY FOR THE YEAR OF 2014...

CLIMATE NORMAL PERIOD 1981 TO 2010
CLIMATE RECORD PERIOD 1908 TO 2015

WEATHER         OBSERVED          NORMAL  DEPART  LAST YEAR`S
                 VALUE   DATE(S)  VALUE   FROM    VALUE  DATE(S)
                                          NORMAL
................................................................
TEMPERATURE (F)
RECORD
 HIGH             108   07/13/1936
 LOW              -42   02/03/1996
HIGHEST            85   06/17                         92  08/25
LOWEST            -30   01/06                        -24  12/31
AVG. MAXIMUM     46.8              51.5    -4.7     48.9
AVG. MINIMUM     26.2              30.4    -4.2     28.4
MEAN             36.5              41.0    -4.5     38.7
DAYS MAX >= 90      0               2.2    -2.2        4
DAYS MAX <= 32    120              92.2    27.8      105
DAYS MIN <= 32    196             183.3    12.7      199
DAYS MIN <= 0      66              34.4    31.6       46

PRECIPITATION (INCHES)
RECORD
 MAXIMUM        42.42   1911
 MINIMUM        16.90   1989
TOTALS          41.62             31.40   10.22    36.87
DAILY AVG.       0.11
DAYS >= .01       167                MM      MM      176
DAYS >= .10        86                MM      MM       82
DAYS >= .50        28                MM      MM       23
DAYS >= 1.00        8                MM      MM        5

SNOWFALL (INCHES)
RECORDS
 TOTAL          108.2   1950
TOTALS          131.5R               MM      MM     99.0
SINCE 7/1        54.1                MM      MM     32.9
SNOWDEPTH AVG.      7
DAYS >= TRACE     123                MM      MM      139
DAYS >= 1.0        38                MM      MM       38
GREATEST
 SNOW DEPTH        28   03/04                         24  03/20
                        02/21                             03/19
 24 HR TOTAL      8.3   MM

DEGREE_DAYS
HEATING TOTAL   10379              9020    1359     9753
 SINCE 7/1       3979              3626     327     3998
COOLING TOTAL     148               262    -114      281
 SINCE 1/1        148               261    -113      281

FREEZE DATES
RECORD
 EARLIEST     08/27/1915
 LATEST       07/30/1928
EARLIEST                        09/23
LATEST                          05/20
.................................................................

WIND (MPH)
AVERAGE WIND SPEED              7.4
HIGHEST WIND SPEED/DIRECTION    33/100    DATE  04/28
HIGHEST GUST SPEED/DIRECTION    43/270    DATE  02/21

SKY COVER
POSSIBLE SUNSHINE (PERCENT)   MM
AVERAGE SKY COVER           0.60
NUMBER OF DAYS FAIR          118
NUMBER OF DAYS PC            121
NUMBER OF DAYS CLOUDY        126

AVERAGE RH (PERCENT)     75

WEATHER CONDITIONS. NUMBER OF DAYS WITH
THUNDERSTORM              M     MIXED PRECIP               0
HEAVY RAIN               27     RAIN                      41
LIGHT RAIN              110     FREEZING RAIN              2
LT FREEZING RAIN         10     HAIL                       0
HEAVY SNOW               12     SNOW                      30
LIGHT SNOW              114     SLEET                      2
FOG                     256     FOG W/VIS <= 1/4 MILE     67
HAZE                     76

-  INDICATES NEGATIVE NUMBERS.
R  INDICATES RECORD WAS SET OR TIED.
MM INDICATES DATA IS MISSING.
T  INDICATES TRACE AMOUNT.

$$
ECKBERG
