000
CXUS53 KGJT 012014
CLARIL


CLIMATE REPORT
NATIONAL WEATHER SERVICE GRAND JUNCTION CO
1233 PM MST THU JAN 1 2015

...................................

...THE RIFLE CO CLIMATE SUMMARY FOR THE YEAR OF 2014...

CLIMATE NORMAL PERIOD 1981 TO 2010
CLIMATE RECORD PERIOD 9999 TO 9999

WEATHER         OBSERVED          NORMAL  DEPART  LAST YEAR`S
                 VALUE   DATE(S)  VALUE   FROM    VALUE  DATE(S)
                                          NORMAL
................................................................
TEMPERATURE (F)
RECORD
 HIGH              MM   MM
 LOW               MM   MM
HIGHEST            99   07/23        MM      MM      100  07/10
                                                          06/28
LOWEST             -7   12/31        MM      MM      -19  12/05
                        02/02
AVG. MAXIMUM     63.0              63.2    -0.2     61.4
AVG. MINIMUM     34.6              33.4     1.2     33.1
MEAN             48.8              48.3     0.5     47.3
DAYS MAX >= 90     38              42.0    -4.0       59
DAYS MAX <= 32     27              23.3     3.7       36
DAYS MIN <= 32    166             171.0    -5.0      183
DAYS MIN <= 0       5               6.6    -1.6       21

PRECIPITATION (INCHES)
RECORD
 MAXIMUM           MM   MM
 MINIMUM           MM   MM
TOTALS          12.53             14.30   -1.77    11.22
DAILY AVG.       0.03              0.04   -0.01        T
DAYS >= .01        96                MM      MM       86
DAYS >= .10        33                MM      MM       36
DAYS >= .50         6                MM      MM        5
DAYS >= 1.00        1                MM      MM        0
GREATEST
 24 HR. TOTAL    1.10   MM                       12/31 TO 12/31

 STORM TOTAL       MM                                 MM
 (

SNOWFALL (INCHES)
RECORDS
 TOTAL             MM   MM
 24 HR TOTAL       MM
 SNOW DEPTH        MM   MM
TOTALS             MM                MM      MM       MM
 LIQUID EQUIV      MM                MM      MM       MM
SINCE 7/1          MM                MM      MM       MM
 LIQUID 7/1        MM                MM      MM       MM
SNOWDEPTH AVG.     MM                MM      MM       MM
DAYS >= TRACE      MM                MM      MM       MM
DAYS >= 1.0        MM                MM      MM       MM
GREATEST
 SNOW DEPTH        MM                                 MM  MM
 24 HR TOTAL       MM                                 MM
 STORM TOTAL       MM                                 MM

DEGREE_DAYS
HEATING TOTAL    6335              6624    -289     7153
 SINCE 7/1       2513              2764    -251     2974
COOLING TOTAL     555               541      14      798
 SINCE 1/1        555               541      14      798

FREEZE DATES
RECORD
 EARLIEST     MM
 LATEST       MM
EARLIEST                        MM
LATEST                          MM
..................................................

WIND (MPH)
AVERAGE WIND SPEED              5.3
RESULTANT WIND SPEED/DIRECTION   1/251
HIGHEST WIND SPEED/DIRECTION    48/250    DATE  03/30
HIGHEST GUST SPEED/DIRECTION    64/250    DATE  03/30

SKY COVER
POSSIBLE SUNSHINE (PERCENT)   MM
AVERAGE SKY COVER           0.30
NUMBER OF DAYS FAIR          243
NUMBER OF DAYS PC             78
NUMBER OF DAYS CLOUDY         43

AVERAGE RH (PERCENT)     54

WEATHER CONDITIONS. NUMBER OF DAYS WITH
THUNDERSTORM             52     MIXED PRECIP               0
HEAVY RAIN               15     RAIN                      34
LIGHT RAIN              122     FREEZING RAIN              0
LT FREEZING RAIN          0     HAIL                       0
HEAVY SNOW                3     SNOW                      11
LIGHT SNOW               47     SLEET                      0
FOG                      75     FOG W/VIS <= 1/4 MILE      6
HAZE                     14

-  INDICATES NEGATIVE NUMBERS.
R  INDICATES RECORD WAS SET OR TIED.
MM INDICATES DATA IS MISSING.
T  INDICATES TRACE AMOUNT.

$$
