000
CXUS55 KREV 010947 CCA
CLARNO

CLIMATE REPORT
NATIONAL WEATHER SERVICE RENO NV
147 AM PST WED JAN 1 2014

.........................................................
THE RENO-TAHOE AIRPORT CLIMATE SUMMARY FOR THE YEAR 2013

CLIMATE NORMAL PERIOD 1981 TO 2010
CLIMATE RECORD PERIOD 1888 TO 2012

WEATHEROBSERVED      NORMAL  DEPART
 VALUE   DATE(S)    VALUE   FROM
  NORMAL
TEMPERATURE (F)
RECORD
 HIGH  108 07/05/2007
 07/12/2002
                         07/11/2002
 LOW  -19 01/08/1890
HIGHEST  105 07/21
                         07/20
                         07/02
                         07/01
LOWEST   -2 12/09

AVG. MAXIMUM 68.4                  67.6        +0.8
AVG. MINIMUM 40.0                  40.0         0.0
MEAN             54.2                  53.8        +0.4
DAYS MAX >= 90   65               53.9       +11.1
DAYS MAX <= 32   17        4.5       +12.5
DAYS MIN <= 32  127      111.6       +15.4
DAYS MIN <=  0    2        0.5        +1.5

PRECIPITATION (INCHES)
RECORD
 MAXIMUM 13.73   1890
 MINIMUM  1.55   1947
TOTALS  4.02       7.40        -3.38
DAILY AVG.        0.01                 0.02        -0.01
DAYS >= 0.01   35       52.3       -17.3
DAYS >= 0.10   10                  20.3       -10.3
DAYS >= 0.50    2                   2.9        -0.9
DAYS >= 1.00    1        0.7        +0.3
GREATEST 24-HR.
RECORD            2.29   01/21/1943
TOTALS    1.04 08/08-09

SNOWFALL (INCHES)
TOTALS  6.1                  21.8       -15.7
SINCE 7/1         4.7
DAYS >= TRACE   22
DAYS >=  1.0    26.2        -4.2
GREATEST 24-HR.
RECORD           22.5    01/17/1916
TOTALS    2.6 12/03

GREATEST SNOW DEPTH (INCHES)
RECORD  30 01/17/1916
TOTALS   2 12/04

DEGREE_DAYS
HEATING TOTAL    5008       4926         +82
 SINCE 7/1       2234
COOLING TOTAL 1177        838        +339

FREEZE DATES
RECORD
 EARLIEST 08/10/1962
 LATEST         06/29/1963
EARLIEST 10/14
LATEST         04/18

...........................................................

WIND (MPH)
AVERAGE WIND SPEED                5.2
HIGHEST WIND SPEED/DIRECTION    47/180   DATE   07/01
HIGHEST GUST SPEED/DIRECTION    60/330   DATE   07/20


WEATHER CONDITIONS. NUMBER OF DAYS WITH
THUNDERSTORM 0MIXED PRECIP 0
HEAVY RAIN 3RAIN 6
LIGHT RAIN44FREEZING RAIN 0
LT FREEZING RAIN 2HAIL 1
HEAVY SNOW 0SNOW 5
LIGHT SNOW19SLEET 0
FOG44FOG W/VIS <= 1/4 MILE 8
HAZE57


- INDICATES NEGATIVE NUMBERS
T  INDICATES TRACE AMOUNT


$$

O`HARA
