000
CXUS55 KCYS 121745 CCA
CLARWL

CLIMATE REPORT
NATIONAL WEATHER SERVICE CHEYENNE WY
1029 AM MST THU JAN 12 2017

...................................

...THE RAWLINS WY AIRPORT CLIMATE SUMMARY FOR THE YEAR OF 2016...

CLIMATE NORMAL PERIOD 1981 TO 2010
CLIMATE RECORD PERIOD 1951 TO 2017

WEATHER         OBSERVED          NORMAL  DEPART  LAST YEAR`S
                 VALUE   DATE(S)  VALUE   FROM    VALUE
                                          NORMAL
.............................................................
TEMPERATURE (F)
RECORD
 HIGH              98   08/02/2000
                        07/12/1954
                        07/11/1954
 LOW              -36   02/02/2011
                        02/06/1989
                        01/19/1963
HIGHEST            96   06/21        MM      MM       93
LOWEST            -18   12/08        MM      MM      -21
                        01/01
AVG. MAXIMUM     57.6              55.5     2.1     58.3
AVG. MINIMUM     31.1              29.5     1.6     32.5
MEAN             44.3              42.5     1.8     45.4
DAYS MAX >= 90     16               7.4               10
DAYS MAX <= 32     50              55.9               44
DAYS MIN <= 32    193             197.2              166
DAYS MIN <= 0       9              16.0               15

PRECIPITATION (INCHES)
RECORD
 MAXIMUM        15.49   2009
 MINIMUM         3.24   2002
TOTALS          10.00              9.25    0.75    10.46
DAYS >= .01        86              84.5               94
DAYS >= .10        23              28.5               35
DAYS >= .50         1               2.8                1
DAYS >= 1.00        0               0.4                0
GREATEST
 24 HR. TOTAL    1.03   03/29 TO 03/30

DEGREE_DAYS
HEATING TOTAL    7692              8392    -700     7255
 SINCE 7/1       3088              3454    -366     3060
COOLING TOTAL     235               186      49      214
 SINCE 1/1        235               186      49      214
..............................................................

WIND (MPH)
AVERAGE WIND SPEED              12.4
HIGHEST WIND SPEED/DIRECTION    49/200    DATE  02/18
HIGHEST GUST SPEED/DIRECTION    64/200    DATE  02/18

SKY COVER
POSSIBLE SUNSHINE (PERCENT)   MM
AVERAGE SKY COVER           0.30
NUMBER OF DAYS FAIR          233
NUMBER OF DAYS PC            101
NUMBER OF DAYS CLOUDY         32

AVERAGE RH (PERCENT)     54

WEATHER CONDITIONS. NUMBER OF DAYS WITH
THUNDERSTORM              0     MIXED PRECIP               0
HEAVY RAIN                0     RAIN                      10
LIGHT RAIN               72     FREEZING RAIN              0
LT FREEZING RAIN          0     HAIL                       0
HEAVY SNOW                7     SNOW                      24
LIGHT SNOW               80     SLEET                      1
FOG                      79     FOG W/VIS <= 1/4 MILE     10
HAZE                     59

-  INDICATES NEGATIVE NUMBERS.
R  INDICATES RECORD WAS SET OR TIED.
MM INDICATES DATA IS MISSING.
T  INDICATES TRACE AMOUNT.

$$
