000
CXUS55 KCYS 091750
CLARWL


CLIMATE REPORT
NATIONAL WEATHER SERVICE CHEYENNE WY
1049 AM MST THU JAN 9 2014

...................................

...THE RAWLINS WY AIRPORT CLIMATE SUMMARY FOR THE YEAR OF 2013...

CLIMATE NORMAL PERIOD 1981 TO 2010
CLIMATE RECORD PERIOD 1951 TO 2014

WEATHER         OBSERVED          NORMAL  DEPART  LAST YEAR`S
                 VALUE   DATE(S)  VALUE   FROM    VALUE
                                          NORMAL
.............................................................
TEMPERATURE (F)
RECORD
 HIGH              98   08/02/2000
                        07/12/1954
                        07/11/1954
 LOW              -36   02/02/2011
                        02/06/1989
                        01/19/1963
HIGHEST            94   07/11        MM      MM       97
                        06/28
LOWEST            -24   12/04        MM      MM       -7
AVG. MAXIMUM     55.7              55.5     0.2     60.3
AVG. MINIMUM     29.4              29.5    -0.1     32.1
MEAN             42.5              42.5     0.0     46.2
DAYS MAX >= 90     19               7.4               26
DAYS MAX <= 32     60              55.9               49
DAYS MIN <= 32    206             197.2              175
DAYS MIN <= 0      27              16.0                7

PRECIPITATION (INCHES)
RECORD
 MAXIMUM        15.49   2009
 MINIMUM         3.24   2002
TOTALS           8.55              9.25   -0.70     4.99
DAYS >= .01        91              84.5               65
DAYS >= .10        30              28.5               19
DAYS >= .50         1               2.8                0
DAYS >= 1.00        0               0.4                0
GREATEST
 24 HR. TOTAL    0.71   09/14 TO 09/15

DEGREE_DAYS
HEATING TOTAL    8438              8392      46     7188
 SINCE 7/1       3389              3454     -65     2951
COOLING TOTAL     371               186     185      419
 SINCE 1/1        371               186     185      419
..............................................................

WIND (MPH)
AVERAGE WIND SPEED              12.1
HIGHEST WIND SPEED/DIRECTION    55/270    DATE  03/17
HIGHEST GUST SPEED/DIRECTION    71/250    DATE  03/17

SKY COVER
POSSIBLE SUNSHINE (PERCENT)   MM
AVERAGE SKY COVER           0.30
NUMBER OF DAYS FAIR          224
NUMBER OF DAYS PC            116
NUMBER OF DAYS CLOUDY         24

AVERAGE RH (PERCENT)     55

WEATHER CONDITIONS. NUMBER OF DAYS WITH
THUNDERSTORM              0     MIXED PRECIP               0
HEAVY RAIN                8     RAIN                      14
LIGHT RAIN               84     FREEZING RAIN              0
LT FREEZING RAIN          0     HAIL                       0
HEAVY SNOW                4     SNOW                      21
LIGHT SNOW               78     SLEET                      0
FOG                      86     FOG W/VIS <= 1/4 MILE     20
HAZE                     36

-  INDICATES NEGATIVE NUMBERS.
R  INDICATES RECORD WAS SET OR TIED.
MM INDICATES DATA IS MISSING.
T  INDICATES TRACE AMOUNT.

$$
