000
CXUS56 KSGX 020635
CLASAN

CLIMATE REPORT
NATIONAL WEATHER SERVICE SAN DIEGO, CA
1005 PM PST WED JAN 1 2014

...................................

...THE SAN DIEGO/LINDBERGH FIELD CA CLIMATE SUMMARY FOR THE YEAR OF 2013...

CLIMATE NORMAL PERIOD 1981 TO 2010
CLIMATE RECORD PERIOD 1850 TO 2013

WEATHER         OBSERVED          NORMAL  DEPART  LAST YEAR`S
                 VALUE   DATE(S)  VALUE   FROM    VALUE
                                          NORMAL
.............................................................
TEMPERATURE (F)
RECORD
 HIGH             111   09/26/1963
 LOW               25   01/07/1913
HIGHEST            89   08/30        71      18      101
LOWEST             39   01/14        58     -19       41
AVG. MAXIMUM     70.1              69.7     0.4     70.0
AVG. MINIMUM     57.9              57.5     0.4     58.3
MEAN             64.0              63.6     0.4     64.2
DAYS MAX >= 90      0               1.2    -1.2        3
DAYS MAX >= 100     0                                  1
DAYS MIN <= 32      0               0.0     0.0        0

PRECIPITATION (INCHES)
RECORD
 MAXIMUM        27.59   1884
 MINIMUM         3.02   1863
TOTALS           5.57             10.34   -4.77     6.63
DAILY AVG.       0.02              0.03   -0.01        T
DAYS >= .01        28              41.5   -13.5       39
DAYS >= .10        13              21.7    -8.7       20
DAYS >= .50         3               6.5    -3.5        1
DAYS >= 1.00        1               2.0    -1.0        1
DAYS >= 1.50        0                                  1
DAYS >= 2.00        0                                  0
GREATEST
 24 HR. TOTAL    1.38   MM
 STORM TOTAL       MM
 (MM/DD(HH))            MM

SNOWFALL (INCHES)
TOTALS            0.0               0.0     0.0
SINCE 7/1         0.0               0.0     0.0

DEGREE_DAYS
HEATING TOTAL    1023              1226    -203
 SINCE 7/1        240               407    -167
COOLING TOTAL     765               720      45
 SINCE 1/1        765               720      45
..............................................................

WIND (MPH)
AVERAGE WIND SPEED              5.3
HIGHEST WIND SPEED/DIRECTION    26/280    DATE  02/20
HIGHEST GUST SPEED/DIRECTION    38/230    DATE  02/20

SKY COVER
POSSIBLE SUNSHINE (PERCENT)   MM
AVERAGE SKY COVER           0.60
NUMBER OF DAYS FAIR           84
NUMBER OF DAYS PC            177
NUMBER OF DAYS CLOUDY        104

AVERAGE RH (PERCENT)     63

WEATHER CONDITIONS. NUMBER OF DAYS WITH
THUNDERSTORM              0     MIXED PRECIP               0
HEAVY RAIN                7     RAIN                      11
LIGHT RAIN               47     FREEZING RAIN              0
LT FREEZING RAIN          0     HAIL                       0
HEAVY SNOW                0     SNOW                       0
LIGHT SNOW                0     SLEET                      0
FOG                      90     FOG W/VIS <= 1/4 MILE     16
HAZE                    119

-  INDICATES NEGATIVE NUMBERS.
R  INDICATES RECORD WAS SET OR TIED.
MM INDICATES DATA IS MISSING.
T  INDICATES TRACE AMOUNT.

$$
