000
CXUS52 KCHS 030122
CLASAV

CLIMATE REPORT
NATIONAL WEATHER SERVICE CHARLESTON SC
813 PM EST MON JAN 2 2017

...................................

...THE SAVANNAH GA CLIMATE SUMMARY FOR THE YEAR OF 2016...

CLIMATE NORMAL PERIOD 1981 TO 2010
CLIMATE RECORD PERIOD 1871 TO 2016

WEATHER         OBSERVED          NORMAL  DEPART  LAST YEAR`S
                 VALUE   DATE(S)  VALUE   FROM    VALUE  DATE(S)
                                          NORMAL
................................................................
TEMPERATURE (F)
RECORD
 HIGH             105   07/20/1986
                        07/12/1879
 LOW                3   01/21/1985
HIGHEST           100   07/30                         99
                        07/29
LOWEST             25   01/19                         20
AVG. MAXIMUM     79.7              77.4     2.3     78.6
AVG. MINIMUM     58.3              56.1     2.2     58.8
MEAN             69.0              66.8     2.2     68.7
DAYS MAX >= 90    105              70.0    35.0       79
DAYS MAX <= 32      0               0.1    -0.1        0
DAYS MIN <= 32     16              22.3    -6.3       15
DAYS MIN <= 0       0               0.0     0.0        0

PRECIPITATION (INCHES)
RECORD
 MAXIMUM        73.94   1885
 MINIMUM        22.00   1931
TOTALS          55.45             47.96    7.49    47.60
DAILY AVG.       0.15              0.13    0.02     0.13
DAYS >= .01        88             108.2   -20.2      126
DAYS >= .10        60              70.3   -10.3       76
DAYS >= .50        26              31.3    -5.3       35
DAYS >= 1.00       17              14.0     3.0       13
GREATEST
 24 HR. TOTAL   11.50   10/07 TO 10/08

SNOWFALL (INCHES)
TOTALS              T               0.3    -0.3      0.0
SINCE 7/1         0.0               0.2    -0.2      0.0
SNOWDEPTH AVG.      0                                  0
DAYS >= TRACE       1               0.3     0.7        0
DAYS >= 1.0         0               0.0     0.0        0

DEGREE_DAYS
HEATING TOTAL    1373              1811    -438     1366
 SINCE 7/1        452               690    -238      249
COOLING TOTAL    3021              2458     563     2851
 SINCE 1/1       3021              2458     563     2851

..................................................

WIND (MPH)
AVERAGE WIND SPEED              7.3
HIGHEST WIND SPEED/DIRECTION    51/330    DATE  10/08
HIGHEST GUST SPEED/DIRECTION    71/340    DATE  10/08


WEATHER CONDITIONS. NUMBER OF DAYS WITH
THUNDERSTORM             57     MIXED PRECIP               0
HEAVY RAIN               48     RAIN                      52
LIGHT RAIN              114     FREEZING RAIN              0
LT FREEZING RAIN          0     HAIL                       1
HEAVY SNOW                0     SNOW                       1
LIGHT SNOW                1     SLEET                      0
FOG                     145     FOG W/VIS <= 1/4 MILE     19
HAZE                     23

-  INDICATES NEGATIVE NUMBERS.
R  INDICATES RECORD WAS SET OR TIED.
MM INDICATES DATA IS MISSING.
T  INDICATES TRACE AMOUNT.

&&

2016 BECAME THE 3RD WARMEST YEAR ON RECORD AT THE SAVANNAH
INTERNATIONAL AIRPORT.

$$
