000
CXUS53 KEAX 010817
CLASTJ

STLCLMWA2 000
TTAA00 KEAX 010800


CLIMATE REPORT
NATIONAL WEATHER SERVICE KANSAS CITY/PLEASANT HILL MO
159 AM CST WED JAN 1 2014

...................................

...THE ST. JOSEPH MO CLIMATE SUMMARY FOR THE YEAR OF 2013...

CLIMATE NORMAL PERIOD 1981 TO 2010
CLIMATE RECORD PERIOD 1892 TO 2013

WEATHER         OBSERVED          NORMAL  DEPART
                 VALUE   DATE(S)  VALUE   FROM
                                          NORMAL
................................................
TEMPERATURE (F)
RECORD
 HIGH             110   08/13/1936
                        08/10/1934
 LOW              -25   01/12/1974
HIGHEST           100   07/09        98       2
LOWEST            -11   12/23        -3      -8
AVG. MAXIMUM     63.4              64.3    -0.9
AVG. MINIMUM     40.4              42.4    -2.0
MEAN             51.9              53.4    -1.5
DAYS MAX >= 90     38              38.9    -0.9
DAYS MAX <= 32     35              30.3     4.7
DAYS MIN <= 32    151             124.5    26.5
DAYS MIN <= 0       7               8.7    -1.7

PRECIPITATION (INCHES)
RECORD
 MAXIMUM        55.60   1973
 MINIMUM        18.26   2002
TOTALS          31.19             35.60   -4.41
DAILY AVG.       0.08              0.10   -0.02
DAYS >= .01        81              91.6   -10.6
DAYS >= .10        49              54.5    -5.5
DAYS >= .50        21              23.0    -2.0
DAYS >= 1.00        6               9.2    -3.2
GREATEST
 24 HR. TOTAL    3.26   MM

DEGREE_DAYS
HEATING TOTAL    5946              5458     488
COOLING TOTAL    1285              1221      64
.................................................

WIND (MPH)
AVERAGE WIND SPEED              8.4
HIGHEST WIND SPEED/DIRECTION    48/260    DATE  05/18
HIGHEST GUST SPEED/DIRECTION    63/150    DATE  09/04

SKY COVER
POSSIBLE SUNSHINE (PERCENT)   MM
AVERAGE SKY COVER           0.30
NUMBER OF DAYS FAIR          225
NUMBER OF DAYS PC             81
NUMBER OF DAYS CLOUDY         59

AVERAGE RH (PERCENT)     67

WEATHER CONDITIONS. NUMBER OF DAYS WITH
THUNDERSTORM              0     MIXED PRECIP               1
HEAVY RAIN               27     RAIN                      38
LIGHT RAIN               93     FREEZING RAIN              0
LT FREEZING RAIN          3     HAIL                       0
HEAVY SNOW                2     SNOW                       8
LIGHT SNOW               29     SLEET                      1
FOG                     165     FOG W/VIS <= 1/4 MILE     42
HAZE                     72

-  INDICATES NEGATIVE NUMBERS.
R  INDICATES RECORD WAS SET OR TIED.
MM INDICATES DATA IS MISSING.
T  INDICATES TRACE AMOUNT.

$$
