000
CXUS53 KEAX 011606 CCA
CLASTJ

CLIMATE REPORT......CORRECTED PRODUCT IDENTIFIER
NATIONAL WEATHER SERVICE KANSAS CITY/PLEASANT HILL MO
137 AM CST THU JAN 1 2015

...................................

...THE ST. JOSEPH MO CLIMATE SUMMARY FOR THE YEAR OF 2014...

CLIMATE NORMAL PERIOD 1981 TO 2010
CLIMATE RECORD PERIOD 1892 TO 2014

WEATHER         OBSERVED          NORMAL  DEPART
                 VALUE   DATE(S)  VALUE   FROM
                                          NORMAL
................................................
TEMPERATURE (F)
RECORD
 HIGH             110   08/13/1936
                        08/10/1934
 LOW              -25   01/12/1974
HIGHEST            95   08/24        98      -3
                        07/25
                        07/22
LOWEST            -15   02/06        -3     -12
AVG. MAXIMUM     62.5              64.3    -1.8
AVG. MINIMUM     39.9              42.4    -2.5
MEAN             51.2              53.4    -2.2
DAYS MAX >= 90     21              38.9   -17.9
DAYS MAX <= 32     46              30.3    15.7
DAYS MIN <= 32    138             124.5    13.5
DAYS MIN <= 0      16               8.7     7.3

PRECIPITATION (INCHES)
RECORD
 MAXIMUM        55.60   1973
 MINIMUM        18.26   2002
TOTALS          31.91             35.60   -3.69
DAILY AVG.       0.09              0.10   -0.01
DAYS >= .01        88              91.6    -3.6
DAYS >= .10        48              54.5    -6.5
DAYS >= .50        19              23.0    -4.0
DAYS >= 1.00       10               9.2     0.8
GREATEST
 24 HR. TOTAL    2.67   MM

DEGREE_DAYS
HEATING TOTAL    6054              5458     596
COOLING TOTAL    1182              1221     -39
.................................................

WIND (MPH)
AVERAGE WIND SPEED              9.3
HIGHEST WIND SPEED/DIRECTION    47/340    DATE  01/26
HIGHEST GUST SPEED/DIRECTION    60/330    DATE  01/26

SKY COVER
POSSIBLE SUNSHINE (PERCENT)    0
AVERAGE SKY COVER           0.40
NUMBER OF DAYS FAIR          217
NUMBER OF DAYS PC             90
NUMBER OF DAYS CLOUDY         58

AVERAGE RH (PERCENT)     68

WEATHER CONDITIONS. NUMBER OF DAYS WITH
THUNDERSTORM              0     MIXED PRECIP               0
HEAVY RAIN               33     RAIN                      41
LIGHT RAIN              102     FREEZING RAIN              0
LT FREEZING RAIN          1     HAIL                       0
HEAVY SNOW                2     SNOW                       8
LIGHT SNOW               29     SLEET                      0
FOG                     174     FOG W/VIS <= 1/4 MILE     37
HAZE                     56

-  INDICATES NEGATIVE NUMBERS.
R  INDICATES RECORD WAS SET OR TIED.
MM INDICATES DATA IS MISSING.
T  INDICATES TRACE AMOUNT.

$$
