000
CXUS53 KLSX 031254 CCA
CLAUIN

STLCLMUIN 000
TTAA00 KLSX 022036


CLIMATE REPORT
NATIONAL WEATHER SERVICE ST LOUIS MO
220 PM CST FRI JAN 2 2015

...................................

...THE QUINCY IL CLIMATE SUMMARY FOR THE YEAR OF 2014...

CLIMATE NORMAL PERIOD 1981 TO 2010
CLIMATE RECORD PERIOD 1901 TO 2015

WEATHER         OBSERVED          NORMAL  DEPART
                 VALUE   DATE(S)  VALUE   FROM
                                          NORMAL
................................................
TEMPERATURE (F)
RECORD
 HIGH             114   07/15/1936
 LOW              -29   02/13/1905
HIGHEST            93   08/25
                        08/24
LOWEST            -13   01/06
AVG. MAXIMUM     59.7              62.1    -2.4
AVG. MINIMUM     40.7              43.3    -2.6
MEAN             50.2              52.7    -2.5
DAYS MAX >= 90      8
DAYS MAX <= 32     51
DAYS MIN <= 32    128
DAYS MIN <= 0      19

PRECIPITATION (INCHES)
RECORD
 MAXIMUM        66.60   1973
 MINIMUM        20.00   1953
TOTALS          40.12             37.33    2.79
DAYS >= .01       114
DAYS >= .10        57
DAYS >= .50        25
DAYS >= 1.00       13
GREATEST
 24 HR. TOTAL    4.29   09/09 TO 09/10

DEGREE_DAYS
HEATING TOTAL    6179              5582     597
 SINCE 7/1       2240              2191      49
COOLING TOTAL    1021              1095     -74
 SINCE 1/1       1021              1094     -73
.................................................

WIND (MPH)
HIGHEST WIND SPEED/DIRECTION    53/320    DATE  06/03
HIGHEST GUST SPEED/DIRECTION    70/210    DATE  06/21


WEATHER CONDITIONS. NUMBER OF DAYS WITH
THUNDERSTORM             58     FOG W/VIS <= 1/4 MILE     23

-  INDICATES NEGATIVE NUMBERS.
R  INDICATES RECORD WAS SET OR TIED.
MM INDICATES DATA IS MISSING.
T  INDICATES TRACE AMOUNT.

$$
