000
CXUS55 KLKN 030021
CLAWMC


CLIMATE REPORT
NATIONAL WEATHER SERVICE ELKO NV
349 PM PST MON JAN 2 2017

...................................

...THE WINNEMUCCA AIRPORT NV CLIMATE SUMMARY FOR THE YEAR OF 2016...

CLIMATE NORMAL PERIOD 1981 TO 2010
CLIMATE RECORD PERIOD 1877 TO 2017

WEATHER         OBSERVED          NORMAL  DEPART  LAST YEAR`S
                 VALUE   DATE(S)  VALUE   FROM    VALUE
                                          NORMAL
.............................................................
TEMPERATURE (F)
RECORD
 HIGH             109   07/11/2002
 LOW              -37   12/22/1990
HIGHEST           104   07/29       104       0      104
LOWEST            -13   01/01        -9      -4       -6
AVG. MAXIMUM     67.0              65.7     1.3     68.1
AVG. MINIMUM     33.8              32.7     1.1     34.5
MEAN             50.4              49.2     1.2     51.3
DAYS MAX >= 90     66              58.0     8.0       68
DAYS MAX <= 32     14              10.9     3.1        9
DAYS MIN <= 32    183             178.7     4.3      165
DAYS MIN <= 0       5               4.8     0.2        4

PRECIPITATION (INCHES)
RECORD
 MAXIMUM        16.10   1998
 MINIMUM         3.13   1954
TOTALS           9.36              8.28    1.08    10.90
DAILY AVG.          T              0.02   -0.02     0.03
DAYS >= .01        71              70.8     0.2       74
DAYS >= .10        30              26.8     3.2       34
DAYS >= .50         3               2.1     0.9        4
DAYS >= 1.00        1               0.1     0.9        0
GREATEST
 24 HR. TOTAL    1.19   10/27 TO 10/28

SNOWFALL (INCHES)
RECORDS
 TOTAL           56.2   1937
 24 HR TOTAL     10.9   01/12/1890 TO 01/12/1890
 SNOW DEPTH        17   01/31/1937
TOTALS           18.6              20.9    -2.3     12.3
SNOWDEPTH AVG.      0                MM      MM        0
DAYS >= TRACE      39              21.0    18.0       28
DAYS >= 1.0         5               7.5    -2.5        6
DAYS >= 5.0         0                                  0
GREATEST
 SNOW DEPTH         3   12/25                          3
                        12/24
                        01/30
 24 HR TOTAL      3.4   01/30 TO 01/30

DEGREE_DAYS
HEATING TOTAL    5816              6306    -490     5503
COOLING TOTAL     577               542      35      617
..............................................................

WIND (MPH)
AVERAGE WIND SPEED              7.5
HIGHEST WIND SPEED/DIRECTION    39/270    DATE  10/30
HIGHEST GUST SPEED/DIRECTION    59/260    DATE  10/30

AVERAGE RH (PERCENT)     51

WEATHER CONDITIONS. NUMBER OF DAYS WITH
THUNDERSTORM              0     MIXED PRECIP               0
HEAVY RAIN                4     RAIN                      17
LIGHT RAIN               72     FREEZING RAIN              0
LT FREEZING RAIN          1     HAIL                       0
HEAVY SNOW                1     SNOW                       2
LIGHT SNOW               38     SLEET                      0
FOG                      55     FOG W/VIS <= 1/4 MILE      5
HAZE                     21

-  INDICATES NEGATIVE NUMBERS.
R  INDICATES RECORD WAS SET OR TIED.
MM INDICATES DATA IS MISSING.
T  INDICATES TRACE AMOUNT.

&&

=====================================================================

...SUMMER 2016 (JUN-AUG) 2016 WAS THE SECOND DRIEST SUMMER ON RECORD
WITH A TOTAL PRECIPITATION OF 0.01 INCHES...

...JUNE 2016 WAS THE DRIEST JUNE ON RECORD WITH A TOTAL
PRECIPITATION OF 0.01 INCHES...

$$

DS
