000
CXUS56 KPDT 041648
CLAYKM

CLIMATE REPORT
NATIONAL WEATHER SERVICE PENDLETON OREGON
900 AM PST TUE JAN 4 2011

....................................

...THE YAKIMA CLIMATE SUMMARY FOR THE YEAR OF 2010...

CLIMATE NORMAL PERIOD 1971 TO 2000
CLIMATE RECORD PERIOD 1909 TO 2010

WEATHER         OBSERVED          NORMAL  DEPART
                 VALUE   DATE(S)  VALUE   FROM
                                          NORMAL
................................................
TEMPERATURE (F)
RECORD
 HIGH             110  08/10/1971
 LOW              -25  02/01/1950
HIGHEST           101  07/09
LOWEST            -10  11/24

AVG. MAXIMUM     63.3
AVG. MINUMUM     38.1
MEAN             50.7
DAYS MAX >= 90     33
DAYS MAX <= 32     11
DAYS MIN <= 32    133
DAYS MIN <= 0       2

PRECIPITATION (INCHES)
TOTALS           11.14
DAILY AVG.        0.04
DAYS >=  0.01      109
DAYS >=  0.10       41
DAYS >=  0.50        1
DAYS >=  1.00        0
GREATEST
 24 HR. TOTAL     0.65   12/11

SNOWFALL (INCHES)
TOTALS            23.1
SINCE 7/1         20.8
SNOWDEPTH AVG.       0
DAYS >=  TRACE      15
DAYS >=  1.0         9
GREATEST
 SNOW DEPTH          6     12/11
 24 HR TOTAL       5.9

DEGREE_DAYS
HEATING_TOTAL      5589
 SINCE 7/1         2469
COOLING TOTAL       472
................................................

WIND (MPH)
AVERAGE WIND SPEED                     5.3
RESULTANT WIND SPEED/DIRECTION         3/263
HIGHEST WIND SPEED/DIRECTION          39/280      DATE          05/03
HIGHEST GUST SPEED/DIRECTION          82/210      DATE          11/06


WEATHER CONDITIONS. NUMBER OF DAYS WITH
THUNDERSTORM               5    MIXED PRECIP                           0
HEAVY RAIN                 2    RAIN                                  16
LIGHT RAIN               143    FREEZING RAIN                          1
LT FREEZING RAIN           4    HAIL                                   2
HEAVY SNOW                 0    SNOW                                   8
LIGHT SNOW                20    SLEET                                  0
FOG                      123    FOG W/VIS <=1/4 MILE                  25
HAZE                      35

-  INDICATES NEGATIVE NUMBERS.
R  INDICATES RECORD WAS SET OR TIED.
MM INDICATES DATA IS MISSING.
T  INDICATES TRACE AMOUNT.

$$
