273
CXUS56 KPDT 031613 CCA
CLAYKM

CLIMATE REPORT
NATIONAL WEATHER SERVICE PENDLETON OREGON
811 AM PST TUE JAN 03 2017

....................................

...THE YAKIMA CLIMATE SUMMARY FOR THE YEAR OF 2016...

CLIMATE NORMAL PERIOD 1981 TO 2010
CLIMATE RECORD PERIOD 1946 TO 2016

WEATHER         OBSERVED          NORMAL  DEPART
                 VALUE   DATE(S)  VALUE   FROM
                                          NORMAL
................................................
TEMPERATURE (F)
RECORD
 HIGH             110  08/10/1971
 LOW              -25  02/01/1950
HIGHEST           104  07/29
LOWEST             -4  12/18

AVG. MAXIMUM     67.1
AVG. MINUMUM     40.8
MEAN             53.9
DAYS MAX >= 90     44
DAYS MAX <= 32     19
DAYS MIN <= 32     90
DAYS MIN <= 0       3

PRECIPITATION (INCHES)
TOTALS            9.98
DAILY AVG.        0.03
DAYS >=  0.01       88
DAYS >=  0.10       33
DAYS >=  0.50        4
DAYS >=  1.00        0
GREATEST
 24 HR. TOTAL     0.57   10/09

SNOWFALL (INCHES)
TOTALS            19.9
SINCE 7/1          7.4
SNOWDEPTH AVG.       1
DAYS >=  TRACE      15
DAYS >=  1.0         8
GREATEST
 SNOW DEPTH         11     01/05
 24 HR TOTAL       4.5

DEGREE_DAYS
HEATING_TOTAL      4727
 SINCE 7/1         2220
COOLING TOTAL       774
................................................

WIND (MPH)
AVERAGE WIND SPEED                     5.7
RESULTANT WIND SPEED/DIRECTION         4/265
HIGHEST WIND SPEED/DIRECTION          35/280      DATE          03/24
HIGHEST GUST SPEED/DIRECTION          45/250      DATE          02/28


WEATHER CONDITIONS. NUMBER OF DAYS WITH
THUNDERSTORM               3    MIXED PRECIP                           0
HEAVY RAIN                 3    RAIN                                  18
LIGHT RAIN               109    FREEZING RAIN                          1
LT FREEZING RAIN           2    HAIL                                   0
HEAVY SNOW                 1    SNOW                                   3
LIGHT SNOW                28    SLEET                                  0
FOG                       83    FOG W/VIS <=1/4 MILE                  27
HAZE                      64

-  INDICATES NEGATIVE NUMBERS.
R  INDICATES RECORD WAS SET OR TIED.
MM INDICATES DATA IS MISSING.
T  INDICATES TRACE AMOUNT.

$$
