000
CDUS41 KBTV 210546
CLI1V4


CLIMATE REPORT
NATIONAL WEATHER SERVICE BURLINGTON VT
144 AM EDT MON AUG 21 2017


...................................

...THE ST. JOHNSBURY VT CLIMATE SUMMARY FOR AUGUST 20 2017...

CLIMATE NORMAL PERIOD 1981 TO 2010
CLIMATE RECORD PERIOD 1894 TO 2017


WEATHER ITEM   OBSERVED TIME   RECORD YEAR NORMAL DEPARTURE LAST
                VALUE   (LST)  VALUE       VALUE  FROM      YEAR
                                                  NORMAL
..................................................................
TEMPERATURE (F)
 YESTERDAY
  MAXIMUM         77        MM  95    1916  78     -1       83
  MINIMUM         58        MM  39    1923  57      1       52
  AVERAGE         68                        68      0       68

PRECIPITATION (IN)
  YESTERDAY        0.00          2.32 2006   0.13  -0.13     0.00
  MONTH TO DATE    2.09                      3.02  -0.93     3.53
  SINCE JUN 1     12.20                     11.15   1.05    13.35
  SINCE JAN 1     29.10                     24.56   4.54    25.93

DEGREE DAYS
 HEATING
  YESTERDAY        0                         1     -1        0
  MONTH TO DATE   12                        19     -7        3
  SINCE JUN 1    142                       106     36      110
  SINCE JUL 1     37                        34      3       19

 COOLING
  YESTERDAY        3                         4     -1        3
  MONTH TO DATE   56                        88    -32      108
  SINCE JUN 1    238                       347   -109      327
  SINCE JAN 1    251                       365   -114      370
..................................................................


WIND (MPH)
  HIGHEST WIND SPEED    MM   HIGHEST WIND DIRECTION    MM
  HIGHEST GUST SPEED    MM   HIGHEST GUST DIRECTION    MM
  AVERAGE WIND SPEED    MM


SKY COVER
  AVERAGE SKY COVER 0.0


WEATHER CONDITIONS
 THE FOLLOWING WEATHER WAS RECORDED YESTERDAY.
  NO SIGNIFICANT WEATHER WAS OBSERVED.


RELATIVE HUMIDITY (PERCENT)
 HIGHEST   100          1200 AM
 LOWEST     50           100 PM
 AVERAGE    75

..........................................................


THE ST. JOHNSBURY VT CLIMATE NORMALS FOR TODAY
                         NORMAL    RECORD    YEAR
 MAXIMUM TEMPERATURE (F)   78        96      1916
 MINIMUM TEMPERATURE (F)   56        37      1934


SUNRISE AND SUNSET
AUGUST 21 2017........SUNRISE   558 AM EDT   SUNSET   743 PM EDT
AUGUST 22 2017........SUNRISE   559 AM EDT   SUNSET   741 PM EDT


-  INDICATES NEGATIVE NUMBERS.
R  INDICATES RECORD WAS SET OR TIED.
MM INDICATES DATA IS MISSING.
T  INDICATES TRACE AMOUNT.




$$
