000
CDUS41 KBTV 170523
CLI1V4


CLIMATE REPORT
NATIONAL WEATHER SERVICE BURLINGTON VT
123 AM EDT WED SEP 17 2014


...................................

...THE ST. JOHNSBURY VT CLIMATE SUMMARY FOR SEPTEMBER 16 2014...

CLIMATE NORMAL PERIOD 1981 TO 2010
CLIMATE RECORD PERIOD 1894 TO 2014


WEATHER ITEM   OBSERVED TIME   RECORD YEAR NORMAL DEPARTURE LAST
                VALUE   (LST)  VALUE       VALUE  FROM      YEAR
                                                  NORMAL
..................................................................
TEMPERATURE (F)
 YESTERDAY
  MAXIMUM         62    416 PM  95    1939  71     -9       55
  MINIMUM         46   1159 PM  28    1913  50     -4       36
  AVERAGE         54                        60     -6       46

PRECIPITATION (IN)
  YESTERDAY        0.09          1.28 1912   0.11  -0.02     0.01
  MONTH TO DATE    1.08                      1.65  -0.57     3.05
  SINCE SEP 1      1.08                      1.65  -0.57     3.05
  SINCE JAN 1     28.52                     27.41   1.11    28.02

DEGREE DAYS
 HEATING
  YESTERDAY       11                         6      5       19
  MONTH TO DATE  112                        63     49      114
  SINCE SEP 1    112                        63     49      114
  SINCE JUL 1    169                       113     56      174

 COOLING
  YESTERDAY        0                         1     -1        0
  MONTH TO DATE   26                        27     -1       40
  SINCE SEP 1     26                        27     -1       40
  SINCE JAN 1    245                       425   -180      407
..................................................................


WIND (MPH)
  HIGHEST WIND SPEED    MM   HIGHEST WIND DIRECTION    MM
  HIGHEST GUST SPEED    MM   HIGHEST GUST DIRECTION    MM
  AVERAGE WIND SPEED    MM


SKY COVER
  AVERAGE SKY COVER 0.0


WEATHER CONDITIONS
 THE FOLLOWING WEATHER WAS RECORDED YESTERDAY.
  NO SIGNIFICANT WEATHER WAS OBSERVED.


RELATIVE HUMIDITY (PERCENT)
 HIGHEST   100           100 AM
 LOWEST     69           400 PM
 AVERAGE    85

..........................................................


THE ST. JOHNSBURY VT CLIMATE NORMALS FOR TODAY
                         NORMAL    RECORD    YEAR
 MAXIMUM TEMPERATURE (F)   70        89      1939
 MINIMUM TEMPERATURE (F)   49        29      1959


SUNRISE AND SUNSET
SEPTEMBER 17 2014.....SUNRISE   629 AM EDT   SUNSET   655 PM EDT
SEPTEMBER 18 2014.....SUNRISE   630 AM EDT   SUNSET   653 PM EDT


-  INDICATES NEGATIVE NUMBERS.
R  INDICATES RECORD WAS SET OR TIED.
MM INDICATES DATA IS MISSING.
T  INDICATES TRACE AMOUNT.




$$
