000
CDUS41 KBTV 280546
CLI1V4


CLIMATE REPORT
NATIONAL WEATHER SERVICE BURLINGTON VT
144 AM EDT MON JUL 28 2014


...................................

...THE ST. JOHNSBURY VT CLIMATE SUMMARY FOR JULY 27 2014...

CLIMATE NORMAL PERIOD 1981 TO 2010
CLIMATE RECORD PERIOD 1894 TO 2014


WEATHER ITEM   OBSERVED TIME   RECORD YEAR NORMAL DEPARTURE LAST
                VALUE   (LST)  VALUE       VALUE  FROM      YEAR
                                                  NORMAL
..................................................................
TEMPERATURE (F)
 YESTERDAY
  MAXIMUM         75        MM  95    1949  81     -6       80
  MINIMUM         56        MM  42    2001  59     -3       55
                                      1923
  AVERAGE         66                        70     -4       68

PRECIPITATION (IN)
  YESTERDAY        1.29          1.45 1930   0.14   1.15     0.00
  MONTH TO DATE    5.72                      3.53   2.19     5.33
  SINCE JUN 1      8.99                      7.54   1.45     9.80
  SINCE JAN 1     24.69                     20.95   3.74    22.18

DEGREE DAYS
 HEATING
  YESTERDAY        0                         0      0        0
  MONTH TO DATE    8                        10     -2        9
  SINCE JUN 1     77                        82     -5      122
  SINCE JUL 1      8                        10     -2        9

 COOLING
  YESTERDAY        1                         5     -4        3
  MONTH TO DATE  111                       150    -39      181
  SINCE JUN 1    158                       240    -82      261
  SINCE JAN 1    162                       258    -96      277
..................................................................


WIND (MPH)
  HIGHEST WIND SPEED    MM   HIGHEST WIND DIRECTION    MM
  HIGHEST GUST SPEED    MM   HIGHEST GUST DIRECTION    MM
  AVERAGE WIND SPEED    MM


SKY COVER
  AVERAGE SKY COVER 0.0


WEATHER CONDITIONS
 THE FOLLOWING WEATHER WAS RECORDED YESTERDAY.
  NO SIGNIFICANT WEATHER WAS OBSERVED.


RELATIVE HUMIDITY (PERCENT)
 HIGHEST   100           500 AM
 LOWEST     68           300 PM
 AVERAGE    84

..........................................................


THE ST. JOHNSBURY VT CLIMATE NORMALS FOR TODAY
                         NORMAL    RECORD    YEAR
 MAXIMUM TEMPERATURE (F)   81        99      1909
 MINIMUM TEMPERATURE (F)   59        40      1903


SUNRISE AND SUNSET
JULY 28 2014..........SUNRISE   531 AM EDT   SUNSET   818 PM EDT
JULY 29 2014..........SUNRISE   532 AM EDT   SUNSET   817 PM EDT


-  INDICATES NEGATIVE NUMBERS.
R  INDICATES RECORD WAS SET OR TIED.
MM INDICATES DATA IS MISSING.
T  INDICATES TRACE AMOUNT.




$$
