000
CDUS41 KBTV 150617
CLI1V4


CLIMATE REPORT
NATIONAL WEATHER SERVICE BURLINGTON VT
116 AM EST FRI DEC 15 2017


...................................

...THE ST. JOHNSBURY VT CLIMATE SUMMARY FOR DECEMBER 14 2017...

CLIMATE NORMAL PERIOD 1981 TO 2010
CLIMATE RECORD PERIOD 1894 TO 2017


WEATHER ITEM   OBSERVED TIME   RECORD YEAR NORMAL DEPARTURE LAST
                VALUE   (LST)  VALUE       VALUE  FROM      YEAR
                                                  NORMAL
..................................................................
TEMPERATURE (F)
 YESTERDAY
  MAXIMUM         14        MM  57    1901  32    -18       32
  MINIMUM         -5        MM -25    1898  15    -20       17
  AVERAGE          5                        24    -19       25

PRECIPITATION (IN)
  YESTERDAY        0.00          1.10 1973   0.10  -0.10     0.02
  MONTH TO DATE    1.18                      1.49  -0.31     1.49
  SINCE DEC 1      1.18                      1.49  -0.31     1.49
  SINCE JAN 1     40.91                     37.91   3.00    37.59

DEGREE DAYS
 HEATING
  YESTERDAY       60                        41     19       40
  MONTH TO DATE  522                       541    -19      512
  SINCE DEC 1    522                       541    -19      512
  SINCE JUL 1   1995                      2197   -202     1972

 COOLING
  YESTERDAY        0                         0      0        0
  MONTH TO DATE    0                         0      0        0
  SINCE DEC 1      0                         0      0        0
  SINCE JAN 1    331                       433   -102      457
..................................................................


WIND (MPH)
  HIGHEST WIND SPEED    MM   HIGHEST WIND DIRECTION    MM
  HIGHEST GUST SPEED    MM   HIGHEST GUST DIRECTION    MM
  AVERAGE WIND SPEED    MM


SKY COVER
  AVERAGE SKY COVER 0.0


WEATHER CONDITIONS
 THE FOLLOWING WEATHER WAS RECORDED YESTERDAY.
  NO SIGNIFICANT WEATHER WAS OBSERVED.


RELATIVE HUMIDITY (PERCENT)
 HIGHEST   100           300 AM
 LOWEST     51          1200 PM
 AVERAGE    76

..........................................................


THE ST. JOHNSBURY VT CLIMATE NORMALS FOR TODAY
                         NORMAL    RECORD    YEAR
 MAXIMUM TEMPERATURE (F)   32        61      1901
 MINIMUM TEMPERATURE (F)   15       -19      1905


SUNRISE AND SUNSET
DECEMBER 15 2017......SUNRISE   717 AM EST   SUNSET   409 PM EST
DECEMBER 16 2017......SUNRISE   718 AM EST   SUNSET   409 PM EST


-  INDICATES NEGATIVE NUMBERS.
R  INDICATES RECORD WAS SET OR TIED.
MM INDICATES DATA IS MISSING.
T  INDICATES TRACE AMOUNT.




$$
