430
CDUS41 KBTV 300523
CLI1V4


CLIMATE REPORT
NATIONAL WEATHER SERVICE BURLINGTON VT
121 AM EDT SUN APR 30 2017


...................................

...THE ST. JOHNSBURY VT CLIMATE SUMMARY FOR APRIL 29 2017...

CLIMATE NORMAL PERIOD 1981 TO 2010
CLIMATE RECORD PERIOD 1894 TO 2017


WEATHER ITEM   OBSERVED TIME   RECORD YEAR NORMAL DEPARTURE LAST
                VALUE   (LST)  VALUE       VALUE  FROM      YEAR
                                                  NORMAL
..................................................................
TEMPERATURE (F)
 YESTERDAY
  MAXIMUM         74        MM  90    1990  63     11       60
  MINIMUM         41        MM  20    1909  38      3       24
  AVERAGE         58                        50      8       42

PRECIPITATION (IN)
  YESTERDAY        0.00          1.23 1988   0.11  -0.11     0.00
  MONTH TO DATE    2.85                      2.76   0.09     2.32
  SINCE MAR 1      6.30                      5.27   1.03     4.80
  SINCE JAN 1     12.04                      9.95   2.09     9.54

DEGREE DAYS
 HEATING
  YESTERDAY        7                        15     -8       23
  MONTH TO DATE  523                       604    -81      719
  SINCE MAR 1   1769                      1680     89     1646
  SINCE JUL 1   6782                      7404   -622     6531

 COOLING
  YESTERDAY        0                         0      0        0
  MONTH TO DATE    1                         0      1        0
  SINCE MAR 1      1                         0      1        0
  SINCE JAN 1      1                         0      1        0
..................................................................


WIND (MPH)
  HIGHEST WIND SPEED    MM   HIGHEST WIND DIRECTION    MM
  HIGHEST GUST SPEED    MM   HIGHEST GUST DIRECTION    MM
  AVERAGE WIND SPEED    MM


SKY COVER
  AVERAGE SKY COVER 0.0


WEATHER CONDITIONS
 THE FOLLOWING WEATHER WAS RECORDED YESTERDAY.
  NO SIGNIFICANT WEATHER WAS OBSERVED.


RELATIVE HUMIDITY (PERCENT)
 HIGHEST    71          1200 AM
 LOWEST     31          1100 AM
 AVERAGE    51

..........................................................


THE ST. JOHNSBURY VT CLIMATE NORMALS FOR TODAY
                         NORMAL    RECORD    YEAR
 MAXIMUM TEMPERATURE (F)   63        86      1903
 MINIMUM TEMPERATURE (F)   38        24      1978


SUNRISE AND SUNSET
APRIL 30 2017.........SUNRISE   540 AM EDT   SUNSET   751 PM EDT
MAY  1 2017...........SUNRISE   538 AM EDT   SUNSET   753 PM EDT


-  INDICATES NEGATIVE NUMBERS.
R  INDICATES RECORD WAS SET OR TIED.
MM INDICATES DATA IS MISSING.
T  INDICATES TRACE AMOUNT.




$$
