000
CDUS41 KBTV 050642
CLI1V4


CLIMATE REPORT
NATIONAL WEATHER SERVICE BURLINGTON VT
241 AM EDT WED AUG 5 2015


...................................

...THE ST. JOHNSBURY VT CLIMATE SUMMARY FOR AUGUST 4 2015...

CLIMATE NORMAL PERIOD 1981 TO 2010
CLIMATE RECORD PERIOD 1894 TO 2015


WEATHER ITEM   OBSERVED TIME   RECORD YEAR NORMAL DEPARTURE LAST
                VALUE   (LST)  VALUE       VALUE  FROM      YEAR
                                                  NORMAL
..................................................................
TEMPERATURE (F)
 YESTERDAY
  MAXIMUM         79    354 PM  96    1944  80     -1       80
  MINIMUM         60    254 PM  38    1918  58      2       60
  AVERAGE         70                        69      1       70

PRECIPITATION (IN)
  YESTERDAY        0.39          1.36 1898   0.16   0.23     0.01
  MONTH TO DATE    0.39                      0.66  -0.27     0.01
  SINCE JUN 1     13.77                      8.79   4.98     9.97
  SINCE JAN 1     25.14                     22.20   2.94    25.67

DEGREE DAYS
 HEATING
  YESTERDAY        0                         1     -1        0
  MONTH TO DATE    0                         3     -3        0
  SINCE JUN 1    138                        90     48       87
  SINCE JUL 1     29                        18     11       18

 COOLING
  YESTERDAY        5                         5      0        5
  MONTH TO DATE   12                        20     -8       14
  SINCE JUN 1    186                       279    -93      172
  SINCE JAN 1    224                       297    -73      176
..................................................................


WIND (MPH)
  HIGHEST WIND SPEED    MM   HIGHEST WIND DIRECTION    MM
  HIGHEST GUST SPEED    MM   HIGHEST GUST DIRECTION    MM
  AVERAGE WIND SPEED    MM


SKY COVER
  AVERAGE SKY COVER 0.0


WEATHER CONDITIONS
 THE FOLLOWING WEATHER WAS RECORDED YESTERDAY.
  NO SIGNIFICANT WEATHER WAS OBSERVED.


RELATIVE HUMIDITY (PERCENT)
 HIGHEST    93          1200 AM
 LOWEST     50          1200 PM
 AVERAGE    72

..........................................................


THE ST. JOHNSBURY VT CLIMATE NORMALS FOR TODAY
                         NORMAL    RECORD    YEAR
 MAXIMUM TEMPERATURE (F)   80        95      1955
 MINIMUM TEMPERATURE (F)   58        41      1972


SUNRISE AND SUNSET
AUGUST  5 2015........SUNRISE   539 AM EDT   SUNSET   808 PM EDT
AUGUST  6 2015........SUNRISE   540 AM EDT   SUNSET   807 PM EDT


-  INDICATES NEGATIVE NUMBERS.
R  INDICATES RECORD WAS SET OR TIED.
MM INDICATES DATA IS MISSING.
T  INDICATES TRACE AMOUNT.




$$
