452
CDUS41 KBTV 260643
CLI1V4

CLIMATE REPORT
NATIONAL WEATHER SERVICE BURLINGTON VT
238 AM EDT THU MAY 26 2016

...................................

...THE ST. JOHNSBURY VT CLIMATE SUMMARY FOR MAY 25 2016...

CLIMATE NORMAL PERIOD 1981 TO 2010
CLIMATE RECORD PERIOD 1894 TO 2016


WEATHER ITEM   OBSERVED TIME   RECORD YEAR NORMAL DEPARTURE LAST
                VALUE   (LST)  VALUE       VALUE  FROM      YEAR
                                                  NORMAL
..................................................................
TEMPERATURE (F)
 YESTERDAY
  MAXIMUM         83        MM  90    2010  71     12       74
                                      2007
  MINIMUM         55        MM  24    1956  47      8       49
  AVERAGE         69                        59     10       62

PRECIPITATION (IN)
  YESTERDAY        0.00          1.35 2013   0.12  -0.12     0.14
  MONTH TO DATE    3.01                      2.67   0.34     1.70
  SINCE MAR 1      7.81                      8.04  -0.23     5.49
  SINCE JAN 1     12.55                     12.72  -0.17    10.05

DEGREE DAYS
 HEATING
  YESTERDAY        0                         7     -7        3
  MONTH TO DATE  288                       251     37      178
  SINCE MAR 1   1952                      1946      6     2155
  SINCE JUL 1   6837                      7670   -833     8220

 COOLING
  YESTERDAY        4                         1      3        0
  MONTH TO DATE    4                         8     -4       12
  SINCE MAR 1      4                         9     -5       12
  SINCE JAN 1      4                         9     -5       12
..................................................................


WIND (MPH)
  HIGHEST WIND SPEED    MM   HIGHEST WIND DIRECTION    MM
  HIGHEST GUST SPEED    MM   HIGHEST GUST DIRECTION    MM
  AVERAGE WIND SPEED    MM


SKY COVER
  AVERAGE SKY COVER 0.0


WEATHER CONDITIONS
 THE FOLLOWING WEATHER WAS RECORDED YESTERDAY.
  NO SIGNIFICANT WEATHER WAS OBSERVED.


RELATIVE HUMIDITY (PERCENT)
 HIGHEST    93          1200 AM
 LOWEST     33           200 PM
 AVERAGE    63

..........................................................


THE ST. JOHNSBURY VT CLIMATE NORMALS FOR TODAY
                         NORMAL    RECORD    YEAR
 MAXIMUM TEMPERATURE (F)   72        89      2010
 MINIMUM TEMPERATURE (F)   48        28      1956


SUNRISE AND SUNSET
MAY 26 2016...........SUNRISE   510 AM EDT   SUNSET   821 PM EDT
MAY 27 2016...........SUNRISE   510 AM EDT   SUNSET   822 PM EDT


-  INDICATES NEGATIVE NUMBERS.
R  INDICATES RECORD WAS SET OR TIED.
MM INDICATES DATA IS MISSING.
T  INDICATES TRACE AMOUNT.

$$
