000
CDUS41 KBTV 300613
CLI1V4


CLIMATE REPORT
NATIONAL WEATHER SERVICE BURLINGTON VT
211 AM EDT SAT AUG 30 2014


...................................

...THE ST. JOHNSBURY VT CLIMATE SUMMARY FOR AUGUST 29 2014...

CLIMATE NORMAL PERIOD 1981 TO 2010
CLIMATE RECORD PERIOD 1894 TO 2014


WEATHER ITEM   OBSERVED TIME   RECORD YEAR NORMAL DEPARTURE LAST
                VALUE   (LST)  VALUE       VALUE  FROM      YEAR
                                                  NORMAL
..................................................................
TEMPERATURE (F)
 YESTERDAY
  MAXIMUM         75    355 PM  95    1952  77     -2       77
  MINIMUM         52    444 AM  34    1982  55     -3       62
  AVERAGE         64                        66     -2       70

PRECIPITATION (IN)
  YESTERDAY        0.00          1.92 1911   0.10  -0.10     0.00
  MONTH TO DATE    1.70                      4.02  -2.32     2.45
  SINCE JUN 1     11.66                     12.15  -0.49    12.51
  SINCE JAN 1     27.36                     25.56   1.80    24.89

DEGREE DAYS
 HEATING
  YESTERDAY        1                         2     -1        0
  MONTH TO DATE   38                        33      5       51
  SINCE JUN 1    125                       120      5      173
  SINCE JUL 1     56                        48      8       60

 COOLING
  YESTERDAY        0                         3     -3        5
  MONTH TO DATE   55                       116    -61       63
  SINCE JUN 1    213                       375   -162      335
  SINCE JAN 1    217                       393   -176      351
..................................................................


WIND (MPH)
  HIGHEST WIND SPEED    MM   HIGHEST WIND DIRECTION    MM
  HIGHEST GUST SPEED    MM   HIGHEST GUST DIRECTION    MM
  AVERAGE WIND SPEED    MM


SKY COVER
  AVERAGE SKY COVER 0.0


WEATHER CONDITIONS
 THE FOLLOWING WEATHER WAS RECORDED YESTERDAY.
  NO SIGNIFICANT WEATHER WAS OBSERVED.


RELATIVE HUMIDITY (PERCENT)
 HIGHEST    96           200 AM
 LOWEST     38           400 PM
 AVERAGE    67

..........................................................


THE ST. JOHNSBURY VT CLIMATE NORMALS FOR TODAY
                         NORMAL    RECORD    YEAR
 MAXIMUM TEMPERATURE (F)   76        95      1953
 MINIMUM TEMPERATURE (F)   55        36      1986


SUNRISE AND SUNSET
AUGUST 30 2014........SUNRISE   608 AM EDT   SUNSET   728 PM EDT
AUGUST 31 2014........SUNRISE   610 AM EDT   SUNSET   726 PM EDT


-  INDICATES NEGATIVE NUMBERS.
R  INDICATES RECORD WAS SET OR TIED.
MM INDICATES DATA IS MISSING.
T  INDICATES TRACE AMOUNT.




$$
