400
CDUS43 KUNR 120843
CLI2WX


CLIMATE REPORT
NATIONAL WEATHER SERVICE RAPID CITY SD
143 AM MST TUE DEC 12 2017


...................................

...THE BUFFALO SD CLIMATE SUMMARY FOR DECEMBER 11 2017...

CLIMATE NORMAL PERIOD 1981 TO 2010
CLIMATE RECORD PERIOD 9999 TO 9999


WEATHER ITEM   OBSERVED TIME   NORMAL DEPARTURE LAST
                VALUE   (LST)  VALUE  FROM      YEAR
                                      NORMAL
......................................................
TEMPERATURE (F)
 YESTERDAY
  MAXIMUM         45   1259 AM  32     13       15
  MINIMUM         21   1159 PM  11     10        4
  AVERAGE         33            21     12       10

PRECIPITATION (IN)
  YESTERDAY        0.00          0.01  -0.01     0.00
  MONTH TO DATE    0.05          0.07  -0.02     0.07
  SINCE DEC 1      0.05          0.07  -0.02     0.07
  SINCE JAN 1     14.56         14.30   0.26    10.05

DEGREE DAYS
 HEATING
  YESTERDAY       32            44    -12       55
  MONTH TO DATE  350           467   -117      558
  SINCE DEC 1    350           467   -117      558
  SINCE JUL 1   2018          2365   -347     1848

 COOLING
  YESTERDAY        0             0      0        0
  MONTH TO DATE    0             0      0        0
  SINCE DEC 1      0             0      0        0
  SINCE JAN 1    743           513    230      734
......................................................


WIND (MPH)
  HIGHEST WIND SPEED    46   HIGHEST WIND DIRECTION    NW (320)
  HIGHEST GUST SPEED    56   HIGHEST GUST DIRECTION    NW (320)
  AVERAGE WIND SPEED    25.5




RELATIVE HUMIDITY (PERCENT)
 HIGHEST    88           800 PM
 LOWEST     33          1200 AM
 AVERAGE    61

..........................................................




SUNRISE AND SUNSET
DECEMBER 12 2017......SUNRISE   726 AM MST   SUNSET   410 PM MST
DECEMBER 13 2017......SUNRISE   726 AM MST   SUNSET   411 PM MST


-  INDICATES NEGATIVE NUMBERS.
R  INDICATES RECORD WAS SET OR TIED.
MM INDICATES DATA IS MISSING.
T  INDICATES TRACE AMOUNT.




$$
