000
CDUS43 KUNR 070839
CLI2WX


CLIMATE REPORT
NATIONAL WEATHER SERVICE RAPID CITY SD
138 AM MST SUN FEB 7 2016


...................................

...THE BUFFALO SD CLIMATE SUMMARY FOR FEBRUARY 6 2016...

CLIMATE NORMAL PERIOD 1981 TO 2010
CLIMATE RECORD PERIOD 9999 TO 9999


WEATHER ITEM   OBSERVED TIME   NORMAL DEPARTURE LAST
                VALUE   (LST)  VALUE  FROM      YEAR
                                      NORMAL
......................................................
TEMPERATURE (F)
 YESTERDAY
  MAXIMUM         57    145 PM  32     25       66
  MINIMUM         29    226 AM  12     17       33
  AVERAGE         43            22     21       50

PRECIPITATION (IN)
  YESTERDAY        0.00          0.01  -0.01     0.00
  MONTH TO DATE    0.08          0.06   0.02     0.08
  SINCE DEC 1      0.71          0.64   0.07     0.58
  SINCE JAN 1      0.25          0.35  -0.10     0.42

DEGREE DAYS
 HEATING
  YESTERDAY       22            43    -21       15
  MONTH TO DATE  217           261    -44      261
  SINCE DEC 1   2665          3002   -337     2659
  SINCE JUL 1   4127          4900   -773     4580

 COOLING
  YESTERDAY        0             0      0        0
  MONTH TO DATE    0             0      0        0
  SINCE DEC 1      0             0      0        0
  SINCE JAN 1      0             0      0        0
......................................................


WIND (MPH)
  HIGHEST WIND SPEED    61   HIGHEST WIND DIRECTION    NW (310)
  HIGHEST GUST SPEED    69   HIGHEST GUST DIRECTION    NW (310)
  AVERAGE WIND SPEED    23.5




RELATIVE HUMIDITY (PERCENT)
 HIGHEST    69           200 AM
 LOWEST     26           100 PM
 AVERAGE    48

..........................................................




SUNRISE AND SUNSET
FEBRUARY  7 2016......SUNRISE   708 AM MST   SUNSET   509 PM MST
FEBRUARY  8 2016......SUNRISE   707 AM MST   SUNSET   510 PM MST


-  INDICATES NEGATIVE NUMBERS.
R  INDICATES RECORD WAS SET OR TIED.
MM INDICATES DATA IS MISSING.
T  INDICATES TRACE AMOUNT.




$$
