000
CDUS43 KUNR 250831
CLI2WX


CLIMATE REPORT
NATIONAL WEATHER SERVICE RAPID CITY SD
131 AM MST SUN FEB 25 2018


...................................

...THE BUFFALO SD CLIMATE SUMMARY FOR FEBRUARY 24 2018...

CLIMATE NORMAL PERIOD 1981 TO 2010
CLIMATE RECORD PERIOD 9999 TO 9999


WEATHER ITEM   OBSERVED TIME   NORMAL DEPARTURE LAST
                VALUE   (LST)  VALUE  FROM      YEAR
                                      NORMAL
......................................................
TEMPERATURE (F)
 YESTERDAY
  MAXIMUM         22    248 PM  36    -14       30
  MINIMUM          2    113 AM  15    -13       13
  AVERAGE         12            26    -14       22

PRECIPITATION (IN)
  YESTERDAY        0.11          0.01   0.10     0.00
  MONTH TO DATE    1.24          0.24   1.00     0.06
  SINCE DEC 1      2.02          0.82   1.20     1.26
  SINCE JAN 1      1.48          0.53   0.95     0.09

DEGREE DAYS
 HEATING
  YESTERDAY       53            39     14       43
  MONTH TO DATE 1382          1005    377      832
  SINCE DEC 1   4090          3746    344     3906
  SINCE JUL 1   5758          5644    114     5196

 COOLING
  YESTERDAY        0             0      0        0
  MONTH TO DATE    0             0      0        0
  SINCE DEC 1      0             0      0        0
  SINCE JAN 1      0             0      0        0
......................................................


WIND (MPH)
  HIGHEST WIND SPEED    26   HIGHEST WIND DIRECTION     W (280)
  HIGHEST GUST SPEED    31   HIGHEST GUST DIRECTION     W (280)
  AVERAGE WIND SPEED    11.5




RELATIVE HUMIDITY (PERCENT)
 HIGHEST    86           200 AM
 LOWEST     62          1200 PM
 AVERAGE    74

..........................................................




SUNRISE AND SUNSET
FEBRUARY 25 2018......SUNRISE   640 AM MST   SUNSET   536 PM MST
FEBRUARY 26 2018......SUNRISE   638 AM MST   SUNSET   537 PM MST


-  INDICATES NEGATIVE NUMBERS.
R  INDICATES RECORD WAS SET OR TIED.
MM INDICATES DATA IS MISSING.
T  INDICATES TRACE AMOUNT.




$$
