000
CDUS43 KUNR 220836
CLI2WX


CLIMATE REPORT
NATIONAL WEATHER SERVICE RAPID CITY SD
234 AM MDT WED MAR 22 2017


...................................

...THE BUFFALO SD CLIMATE SUMMARY FOR MARCH 21 2017...

CLIMATE NORMAL PERIOD 1981 TO 2010
CLIMATE RECORD PERIOD 9999 TO 9999


WEATHER ITEM   OBSERVED TIME   NORMAL DEPARTURE LAST
                VALUE   (LST)  VALUE  FROM      YEAR
                                      NORMAL
......................................................
TEMPERATURE (F)
 YESTERDAY
  MAXIMUM         36   1211 AM  45     -9       75
  MINIMUM         27    851 AM  24      3       29
  AVERAGE         32            34     -2       52

PRECIPITATION (IN)
  YESTERDAY        0.05          0.03   0.02     0.00
  MONTH TO DATE    0.43          0.51  -0.08     0.00
  SINCE MAR 1      0.43          0.51  -0.08     0.00
  SINCE JAN 1      0.73          1.08  -0.35     0.66

DEGREE DAYS
 HEATING
  YESTERDAY       33            31      2       13
  MONTH TO DATE  668           719    -51      480
  SINCE MAR 1    668           719    -51      480
  SINCE JUL 1   6019          6516   -497     5258

 COOLING
  YESTERDAY        0             0      0        0
  MONTH TO DATE    0             0      0        0
  SINCE MAR 1      0             0      0        0
  SINCE JAN 1      0             0      0        0
......................................................


WIND (MPH)
  HIGHEST WIND SPEED    35   HIGHEST WIND DIRECTION    SE (130)
  HIGHEST GUST SPEED    40   HIGHEST GUST DIRECTION    SE (140)
  AVERAGE WIND SPEED    18.4




RELATIVE HUMIDITY (PERCENT)
 HIGHEST    92           200 AM
 LOWEST     69          1000 AM
 AVERAGE    81

..........................................................




SUNRISE AND SUNSET
MARCH 22 2017.........SUNRISE   653 AM MDT   SUNSET   710 PM MDT
MARCH 23 2017.........SUNRISE   651 AM MDT   SUNSET   711 PM MDT


-  INDICATES NEGATIVE NUMBERS.
R  INDICATES RECORD WAS SET OR TIED.
MM INDICATES DATA IS MISSING.
T  INDICATES TRACE AMOUNT.




$$
