000
CDUS43 KUNR 170836
CLI2WX


CLIMATE REPORT
NATIONAL WEATHER SERVICE RAPID CITY SD
235 AM MDT TUE OCT 17 2017


...................................

...THE BUFFALO SD CLIMATE SUMMARY FOR OCTOBER 16 2017...

CLIMATE NORMAL PERIOD 1981 TO 2010
CLIMATE RECORD PERIOD 9999 TO 9999


WEATHER ITEM   OBSERVED TIME   NORMAL DEPARTURE LAST
                VALUE   (LST)  VALUE  FROM      YEAR
                                      NORMAL
......................................................
TEMPERATURE (F)
 YESTERDAY
  MAXIMUM         71    132 PM  57     14       73
  MINIMUM         40    428 AM  33      7       44
  AVERAGE         56            45     11       59

PRECIPITATION (IN)
  YESTERDAY        0.00          0.03  -0.03     0.00
  MONTH TO DATE    0.09          0.17  -0.08     0.35
  SINCE SEP 1      2.79          1.25   1.54     1.37
  SINCE JAN 1     14.31         13.39   0.92     9.05

DEGREE DAYS
 HEATING
  YESTERDAY        9            20    -11        6
  MONTH TO DATE  281           272      9      229
  SINCE SEP 1    486           511    -25      365
  SINCE JUL 1    497           563    -66      395

 COOLING
  YESTERDAY        0             0      0        0
  MONTH TO DATE    0             0      0        3
  SINCE SEP 1     91            41     50       42
  SINCE JAN 1    741           512    229      734
......................................................


WIND (MPH)
  HIGHEST WIND SPEED    26   HIGHEST WIND DIRECTION    NW (300)
  HIGHEST GUST SPEED    32   HIGHEST GUST DIRECTION    NW (310)
  AVERAGE WIND SPEED    11.8




RELATIVE HUMIDITY (PERCENT)
 HIGHEST    64           100 AM
 LOWEST     20           300 PM
 AVERAGE    42

..........................................................




SUNRISE AND SUNSET
OCTOBER 17 2017.......SUNRISE   714 AM MDT   SUNSET   605 PM MDT
OCTOBER 18 2017.......SUNRISE   715 AM MDT   SUNSET   603 PM MDT


-  INDICATES NEGATIVE NUMBERS.
R  INDICATES RECORD WAS SET OR TIED.
MM INDICATES DATA IS MISSING.
T  INDICATES TRACE AMOUNT.




$$
