000
CDUS43 KUNR 160831
CLI2WX


CLIMATE REPORT
NATIONAL WEATHER SERVICE RAPID CITY SD
230 AM MDT WED AUG 16 2017


...................................

...THE BUFFALO SD CLIMATE SUMMARY FOR AUGUST 15 2017...

CLIMATE NORMAL PERIOD 1981 TO 2010
CLIMATE RECORD PERIOD 9999 TO 9999


WEATHER ITEM   OBSERVED TIME   NORMAL DEPARTURE LAST
                VALUE   (LST)  VALUE  FROM      YEAR
                                      NORMAL
......................................................
TEMPERATURE (F)
 YESTERDAY
  MAXIMUM         71   1240 PM  86    -15       90
  MINIMUM         58   1159 PM  57      1       58
  AVERAGE         65            71     -6       74

PRECIPITATION (IN)
  YESTERDAY        0.09          0.04   0.05     0.00
  MONTH TO DATE    0.38          0.80  -0.42     0.21
  SINCE JUN 1      4.81          5.49  -0.68     3.06
  SINCE JAN 1     11.48         11.53  -0.05     6.82

DEGREE DAYS
 HEATING
  YESTERDAY        0             1     -1        0
  MONTH TO DATE   11            10      1        0
  SINCE JUN 1     44           144   -100        9
  SINCE JUL 1     11            30    -19        0

 COOLING
  YESTERDAY        0             7     -7        9
  MONTH TO DATE   30           114    -84      125
  SINCE JUN 1    532           383    149      607
  SINCE JAN 1    545           389    156      609
......................................................


WIND (MPH)
  HIGHEST WIND SPEED    16   HIGHEST WIND DIRECTION     N (340)
  HIGHEST GUST SPEED    19   HIGHEST GUST DIRECTION     E (80)
  AVERAGE WIND SPEED     6.9




RELATIVE HUMIDITY (PERCENT)
 HIGHEST   100           300 AM
 LOWEST     73           100 PM
 AVERAGE    87

..........................................................




SUNRISE AND SUNSET
AUGUST 16 2017........SUNRISE   556 AM MDT   SUNSET   800 PM MDT
AUGUST 17 2017........SUNRISE   557 AM MDT   SUNSET   758 PM MDT


-  INDICATES NEGATIVE NUMBERS.
R  INDICATES RECORD WAS SET OR TIED.
MM INDICATES DATA IS MISSING.
T  INDICATES TRACE AMOUNT.




$$
