000
CDUS43 KUNR 280838
CLI2WX


CLIMATE REPORT
NATIONAL WEATHER SERVICE RAPID CITY SD
237 AM MDT FRI AUG 28 2015


...................................

...THE BUFFALO SD CLIMATE SUMMARY FOR AUGUST 27 2015...

CLIMATE NORMAL PERIOD 1981 TO 2010
CLIMATE RECORD PERIOD 9999 TO 9999


WEATHER ITEM   OBSERVED TIME   NORMAL DEPARTURE LAST
                VALUE   (LST)  VALUE  FROM      YEAR
                                      NORMAL
......................................................
TEMPERATURE (F)
 YESTERDAY
  MAXIMUM         89    211 PM  82      7       79
  MINIMUM         62   1159 PM  53      9       49
  AVERAGE         76            68      8       64

PRECIPITATION (IN)
  YESTERDAY        0.14          0.05   0.09     0.00
  MONTH TO DATE    3.22          1.21   2.01     3.13
  SINCE JUN 1      6.16          5.90   0.26     9.58
  SINCE JAN 1     10.72         11.94  -1.22    13.92

DEGREE DAYS
 HEATING
  YESTERDAY        0             2     -2        1
  MONTH TO DATE   41            24     17       30
  SINCE JUN 1     90           158    -68      181
  SINCE JUL 1     47            44      3       46

 COOLING
  YESTERDAY       11             5      6        0
  MONTH TO DATE  177           182     -5      152
  SINCE JUN 1    502           451     51      327
  SINCE JAN 1    502           457     45      357
......................................................


WIND (MPH)
  HIGHEST WIND SPEED    16   HIGHEST WIND DIRECTION     E (70)
  HIGHEST GUST SPEED    21   HIGHEST GUST DIRECTION    NW (310)
  AVERAGE WIND SPEED     7.2




RELATIVE HUMIDITY (PERCENT)
 HIGHEST    93           100 AM
 LOWEST     45           200 PM
 AVERAGE    69

..........................................................




SUNRISE AND SUNSET
AUGUST 28 2015........SUNRISE   610 AM MDT   SUNSET   740 PM MDT
AUGUST 29 2015........SUNRISE   611 AM MDT   SUNSET   738 PM MDT


-  INDICATES NEGATIVE NUMBERS.
R  INDICATES RECORD WAS SET OR TIED.
MM INDICATES DATA IS MISSING.
T  INDICATES TRACE AMOUNT.




$$
