000
CDUS43 KUNR 260835
CLI2WX


CLIMATE REPORT
NATIONAL WEATHER SERVICE RAPID CITY SD
234 AM MDT WED APR 26 2017


...................................

...THE BUFFALO SD CLIMATE SUMMARY FOR APRIL 25 2017...

CLIMATE NORMAL PERIOD 1981 TO 2010
CLIMATE RECORD PERIOD 9999 TO 9999


WEATHER ITEM   OBSERVED TIME   NORMAL DEPARTURE LAST
                VALUE   (LST)  VALUE  FROM      YEAR
                                      NORMAL
......................................................
TEMPERATURE (F)
 YESTERDAY
  MAXIMUM         33   1205 AM  59    -26       46
  MINIMUM         28    331 PM  34     -6       37
  AVERAGE         31            47    -16       42

PRECIPITATION (IN)
  YESTERDAY        0.01          0.06  -0.05     0.00
  MONTH TO DATE    3.20          1.15   2.05     1.23
  SINCE MAR 1      4.71          1.92   2.79     1.48
  SINCE JAN 1      5.01          2.49   2.52     2.14

DEGREE DAYS
 HEATING
  YESTERDAY       34            18     16       23
  MONTH TO DATE  463           564   -101      435
  SINCE MAR 1   1303          1570   -267     1176
  SINCE JUL 1   6654          7367   -713     5954

 COOLING
  YESTERDAY        0             0      0        0
  MONTH TO DATE    0             0      0        0
  SINCE MAR 1      0             0      0        0
  SINCE JAN 1      0             0      0        0
......................................................


WIND (MPH)
  HIGHEST WIND SPEED    23   HIGHEST WIND DIRECTION     N (20)
  HIGHEST GUST SPEED    28   HIGHEST GUST DIRECTION    NE (30)
  AVERAGE WIND SPEED    15.0




RELATIVE HUMIDITY (PERCENT)
 HIGHEST   100           600 AM
 LOWEST     78           700 PM
 AVERAGE    89

..........................................................




SUNRISE AND SUNSET
APRIL 26 2017.........SUNRISE   549 AM MDT   SUNSET   755 PM MDT
APRIL 27 2017.........SUNRISE   548 AM MDT   SUNSET   757 PM MDT


-  INDICATES NEGATIVE NUMBERS.
R  INDICATES RECORD WAS SET OR TIED.
MM INDICATES DATA IS MISSING.
T  INDICATES TRACE AMOUNT.




$$
