000
CDUS43 KUNR 240833
CLI2WX


CLIMATE REPORT
NATIONAL WEATHER SERVICE RAPID CITY SD
232 AM MDT THU APR 24 2014


...................................

...THE BUFFALO SD CLIMATE SUMMARY FOR APRIL 23 2014...

CLIMATE NORMAL PERIOD 1981 TO 2010
CLIMATE RECORD PERIOD 9999 TO 9999


WEATHER ITEM   OBSERVED TIME   RECORD YEAR NORMAL DEPARTURE LAST
                VALUE   (LST)  VALUE       VALUE  FROM      YEAR
                                                  NORMAL
..................................................................
TEMPERATURE (F)
 YESTERDAY
  MAXIMUM         59    725 AM              58      1       45
  MINIMUM         36   1159 PM              34      2       16
  AVERAGE         48                        46      2       31

PRECIPITATION (IN)
  YESTERDAY        0.00         MM      MM   0.06  -0.06     0.00
  MONTH TO DATE    0.27                      1.04  -0.77     1.13
  SINCE MAR 1      1.15                      1.81  -0.66     1.46
  SINCE JAN 1      1.73                      2.38  -0.65     1.61

DEGREE DAYS
 HEATING
  YESTERDAY       17                        19     -2       34
  MONTH TO DATE  550                       527     23      721
  SINCE MAR 1   1659                      1533    126     1780
  SINCE JUL 1   7716                      7330    386     7117

 COOLING
  YESTERDAY        0                         0      0        0
  MONTH TO DATE    0                         0      0        0
  SINCE MAR 1      0                         0      0        0
  SINCE JAN 1      0                         0      0        0
..................................................................


WIND (MPH)
  HIGHEST WIND SPEED    39   HIGHEST WIND DIRECTION    NW (300)
  HIGHEST GUST SPEED    46   HIGHEST GUST DIRECTION    NW (300)
  AVERAGE WIND SPEED    19.9




RELATIVE HUMIDITY (PERCENT)
 HIGHEST    71           800 AM
 LOWEST     41           500 PM
 AVERAGE    56

..........................................................




SUNRISE AND SUNSET
APRIL 24 2014.........SUNRISE   553 AM MDT   SUNSET   752 PM MDT
APRIL 25 2014.........SUNRISE   552 AM MDT   SUNSET   754 PM MDT


-  INDICATES NEGATIVE NUMBERS.
R  INDICATES RECORD WAS SET OR TIED.
MM INDICATES DATA IS MISSING.
T  INDICATES TRACE AMOUNT.




$$
