000
CDUS43 KABR 271054
CLI8D3


CLIMATE REPORT
NATIONAL WEATHER SERVICE ABERDEEN SD
453 AM CST SAT DEC 27 2014


...................................

...THE SISSETON SD CLIMATE SUMMARY FOR DECEMBER 26 2014...

CLIMATE NORMAL PERIOD 1981 TO 2010
CLIMATE RECORD PERIOD 1900 TO 2014


WEATHER ITEM   OBSERVED TIME   RECORD YEAR NORMAL DEPARTURE LAST
                VALUE   (LST)  VALUE       VALUE  FROM      YEAR
                                                  NORMAL
..................................................................
TEMPERATURE (F)
 YESTERDAY
  MAXIMUM         26    127 AM  52    2011  23      3       32
                                      1994
  MINIMUM         10   1159 PM -27    1950   5      5       18
  AVERAGE         18                        14      4       25

PRECIPITATION (IN)
  YESTERDAY        0.00          0.33 1988   0.01  -0.01     0.00
  MONTH TO DATE    0.60                      0.32   0.28     1.06
  SINCE DEC 1      0.60                      0.32   0.28     1.06
  SINCE JAN 1     23.70                     22.26   1.44    28.49

SNOWFALL (IN)
  YESTERDAY        0.0
  MONTH TO DATE    4.2
  SINCE OCT 1     12.6
  SINCE JUL 1     12.6
  SNOW DEPTH       2

DEGREE DAYS
 HEATING
  YESTERDAY       47                        51     -4       40
  MONTH TO DATE 1037                      1234   -197     1454
  SINCE DEC 1   1037                      1234   -197     1454
  SINCE JUL 1   3017                      3085    -68     3286

 COOLING
  YESTERDAY        0                         0      0        0
  MONTH TO DATE    0                         0      0        0
  SINCE DEC 1      0                         0      0        0
  SINCE JAN 1    442                       527    -85      625
..................................................................


WIND (MPH)
  HIGHEST WIND SPEED    22   HIGHEST WIND DIRECTION     N (20)
  HIGHEST GUST SPEED    26   HIGHEST GUST DIRECTION     N (10)
  AVERAGE WIND SPEED    16.6


SKY COVER
  POSSIBLE SUNSHINE  MM
  AVERAGE SKY COVER 0.0


WEATHER CONDITIONS
 THE FOLLOWING WEATHER WAS RECORDED YESTERDAY.
  NO SIGNIFICANT WEATHER WAS OBSERVED.


RELATIVE HUMIDITY (PERCENT)
 HIGHEST   100           200 AM
 LOWEST     81          1000 AM
 AVERAGE    91

..........................................................


THE SISSETON SD CLIMATE NORMALS FOR TODAY
                         NORMAL    RECORD    YEAR
 MAXIMUM TEMPERATURE (F)   23        48      1986
 MINIMUM TEMPERATURE (F)    5       -24      1993


SUNRISE AND SUNSET
DECEMBER 27 2014......SUNRISE   808 AM CST   SUNSET   450 PM CST
DECEMBER 28 2014......SUNRISE   808 AM CST   SUNSET   451 PM CST


-  INDICATES NEGATIVE NUMBERS.
R  INDICATES RECORD WAS SET OR TIED.
MM INDICATES DATA IS MISSING.
T  INDICATES TRACE AMOUNT.




$$
