000
CDUS43 KABR 190911
CLI8D3


CLIMATE REPORT
NATIONAL WEATHER SERVICE ABERDEEN SD
410 AM CDT TUE SEP 19 2017


...................................

...THE SISSETON SD CLIMATE SUMMARY FOR SEPTEMBER 18 2017...

CLIMATE NORMAL PERIOD 1981 TO 2010
CLIMATE RECORD PERIOD 1900 TO 2017


WEATHER ITEM   OBSERVED TIME   RECORD YEAR NORMAL DEPARTURE LAST
                VALUE   (LST)  VALUE       VALUE  FROM      YEAR
                                                  NORMAL
..................................................................
TEMPERATURE (F)
 YESTERDAY
  MAXIMUM         73    353 PM  94    1998  72      1       78
  MINIMUM         48    602 AM  30    1902  46      2       54
  AVERAGE         61                        59      2       66

PRECIPITATION (IN)
  YESTERDAY        0.01          0.33 2007   0.09  -0.08     0.00
  MONTH TO DATE    0.73                      1.46  -0.73     1.85
  SINCE SEP 1      0.73                      1.46  -0.73     1.85
  SINCE JAN 1     13.45                     18.20  -4.75    17.29

DEGREE DAYS
 HEATING
  YESTERDAY        4                         7     -3        0
  MONTH TO DATE   58                        87    -29       45
  SINCE SEP 1     58                        87    -29       45
  SINCE JUL 1     72                       130    -58       72

 COOLING
  YESTERDAY        0                         1     -1        1
  MONTH TO DATE   67                        37     30       37
  SINCE SEP 1     67                        37     30       37
  SINCE JAN 1    535                       516     19      618
..................................................................


WIND (MPH)
  HIGHEST WIND SPEED    21   HIGHEST WIND DIRECTION    SE (120)
  HIGHEST GUST SPEED    25   HIGHEST GUST DIRECTION     E (110)
  AVERAGE WIND SPEED     9.4


SKY COVER
  POSSIBLE SUNSHINE  MM
  AVERAGE SKY COVER 0.0


WEATHER CONDITIONS
 THE FOLLOWING WEATHER WAS RECORDED YESTERDAY.
  NO SIGNIFICANT WEATHER WAS OBSERVED.


RELATIVE HUMIDITY (PERCENT)
 HIGHEST   100           500 AM
 LOWEST     61          1200 PM
 AVERAGE    81

..........................................................


THE SISSETON SD CLIMATE NORMALS FOR TODAY
                         NORMAL    RECORD    YEAR
 MAXIMUM TEMPERATURE (F)   71        97      1984
 MINIMUM TEMPERATURE (F)   46        30      1937


SUNRISE AND SUNSET
SEPTEMBER 19 2017.....SUNRISE   712 AM CDT   SUNSET   731 PM CDT
SEPTEMBER 20 2017.....SUNRISE   713 AM CDT   SUNSET   729 PM CDT


-  INDICATES NEGATIVE NUMBERS.
R  INDICATES RECORD WAS SET OR TIED.
MM INDICATES DATA IS MISSING.
T  INDICATES TRACE AMOUNT.




$$
