000
CDUS43 KABR 260907
CLI8D3


CLIMATE REPORT
NATIONAL WEATHER SERVICE ABERDEEN SD
406 AM CDT THU MAY 26 2016


...................................

...THE SISSETON SD CLIMATE SUMMARY FOR MAY 25 2016...

CLIMATE NORMAL PERIOD 1981 TO 2010
CLIMATE RECORD PERIOD 1900 TO 2016


WEATHER ITEM   OBSERVED TIME   RECORD YEAR NORMAL DEPARTURE LAST
                VALUE   (LST)  VALUE       VALUE  FROM      YEAR
                                                  NORMAL
..................................................................
TEMPERATURE (F)
 YESTERDAY
  MAXIMUM         78    450 PM  92    1959  72      6       65
  MINIMUM         58    510 AM  32    1905  48     10       50
  AVERAGE         68                        60      8       58

PRECIPITATION (IN)
  YESTERDAY        0.14          0.75 2005   0.08   0.06     0.45
  MONTH TO DATE    0.49                      2.18  -1.69     4.26
  SINCE MAR 1      3.49                      5.58  -2.09     5.84
  SINCE JAN 1      4.66                      6.44  -1.78     6.72

DEGREE DAYS
 HEATING
  YESTERDAY        0                         6     -6        7
  MONTH TO DATE  198                       231    -33      278
  SINCE MAR 1   1608                      1931   -323     1714
  SINCE JUL 1   6909                      8190  -1281     7983

 COOLING
  YESTERDAY        3                         1      2        0
  MONTH TO DATE   27                        16     11        2
  SINCE MAR 1     27                        17     10        2
  SINCE JAN 1     27                        17     10        2
..................................................................


WIND (MPH)
  HIGHEST WIND SPEED    28   HIGHEST WIND DIRECTION    SW (240)
  HIGHEST GUST SPEED    33   HIGHEST GUST DIRECTION    SW (210)
  AVERAGE WIND SPEED     9.0


SKY COVER
  POSSIBLE SUNSHINE  MM
  AVERAGE SKY COVER 0.0


WEATHER CONDITIONS
 THE FOLLOWING WEATHER WAS RECORDED YESTERDAY.
  NO SIGNIFICANT WEATHER WAS OBSERVED.


RELATIVE HUMIDITY (PERCENT)
 HIGHEST    93           800 AM
 LOWEST     50           400 PM
 AVERAGE    72

..........................................................


THE SISSETON SD CLIMATE NORMALS FOR TODAY
                         NORMAL    RECORD    YEAR
 MAXIMUM TEMPERATURE (F)   72        94      1934
 MINIMUM TEMPERATURE (F)   49        32      1932


SUNRISE AND SUNSET
MAY 26 2016...........SUNRISE   546 AM CDT   SUNSET   905 PM CDT
MAY 27 2016...........SUNRISE   545 AM CDT   SUNSET   906 PM CDT


-  INDICATES NEGATIVE NUMBERS.
R  INDICATES RECORD WAS SET OR TIED.
MM INDICATES DATA IS MISSING.
T  INDICATES TRACE AMOUNT.




$$
