000
CDUS43 KABR 241027
CLI8D3


CLIMATE REPORT
NATIONAL WEATHER SERVICE ABERDEEN SD
527 AM CDT THU JUL 24 2014


...................................

...THE SISSETON SD CLIMATE SUMMARY FOR JULY 23 2014...

CLIMATE NORMAL PERIOD 1981 TO 2010
CLIMATE RECORD PERIOD 1900 TO 2014


WEATHER ITEM   OBSERVED TIME   RECORD YEAR NORMAL DEPARTURE LAST
                VALUE   (LST)  VALUE       VALUE  FROM      YEAR
                                                  NORMAL
..................................................................
TEMPERATURE (F)
 YESTERDAY
  MAXIMUM         80    211 PM 101    1934  84     -4       75
  MINIMUM         55    453 AM  43    1992  60     -5       52
  AVERAGE         68                        72     -4       64

PRECIPITATION (IN)
  YESTERDAY        0.00          2.70 1912   0.11  -0.11     0.00
  MONTH TO DATE    0.98                      2.76  -1.78     2.51
  SINCE JUN 1      9.65                      6.50   3.15     8.09
  SINCE JAN 1     18.02                     13.48   4.54    17.43

DEGREE DAYS
 HEATING
  YESTERDAY        0                         0      0        1
  MONTH TO DATE   15                         3     12        1
  SINCE JUN 1     50                        65    -15       70
  SINCE JUL 1     15                         3     12        1

 COOLING
  YESTERDAY        3                         7     -4        0
  MONTH TO DATE  115                       150    -35      195
  SINCE JUN 1    203                       244    -41      312
  SINCE JAN 1    264                       267     -3      337
..................................................................


WIND (MPH)
  HIGHEST WIND SPEED     8   HIGHEST WIND DIRECTION    SE (130)
  HIGHEST GUST SPEED    11   HIGHEST GUST DIRECTION    SE (150)
  AVERAGE WIND SPEED     2.2


SKY COVER
  POSSIBLE SUNSHINE  MM
  AVERAGE SKY COVER 0.0


WEATHER CONDITIONS
 THE FOLLOWING WEATHER WAS RECORDED YESTERDAY.
  NO SIGNIFICANT WEATHER WAS OBSERVED.


RELATIVE HUMIDITY (PERCENT)
 HIGHEST   100           400 AM
 LOWEST     45           400 PM
 AVERAGE    73

..........................................................


THE SISSETON SD CLIMATE NORMALS FOR TODAY
                         NORMAL    RECORD    YEAR
 MAXIMUM TEMPERATURE (F)   84       105      1940
 MINIMUM TEMPERATURE (F)   60        47      1955


SUNRISE AND SUNSET
JULY 24 2014..........SUNRISE   602 AM CDT   SUNSET   906 PM CDT
JULY 25 2014..........SUNRISE   603 AM CDT   SUNSET   905 PM CDT


-  INDICATES NEGATIVE NUMBERS.
R  INDICATES RECORD WAS SET OR TIED.
MM INDICATES DATA IS MISSING.
T  INDICATES TRACE AMOUNT.




$$
