000
CDUS43 KABR 250910
CLI8D3


CLIMATE REPORT
NATIONAL WEATHER SERVICE ABERDEEN SD
409 AM CDT MON JUL 25 2016


...................................

...THE SISSETON SD CLIMATE SUMMARY FOR JULY 24 2016...

CLIMATE NORMAL PERIOD 1981 TO 2010
CLIMATE RECORD PERIOD 1900 TO 2016


WEATHER ITEM   OBSERVED TIME   RECORD YEAR NORMAL DEPARTURE LAST
                VALUE   (LST)  VALUE       VALUE  FROM      YEAR
                                                  NORMAL
..................................................................
TEMPERATURE (F)
 YESTERDAY
  MAXIMUM         84    231 PM 105    1940  84      0       84
  MINIMUM         65   1159 PM  47    1955  60      5       62
  AVERAGE         75                        72      3       73

PRECIPITATION (IN)
  YESTERDAY        0.00          3.18 1993   0.10  -0.10     0.00
  MONTH TO DATE    4.74                      2.86   1.88     1.95
  SINCE JUN 1      5.86                      6.60  -0.74     3.33
  SINCE JAN 1     10.90                     13.58  -2.68    10.98

DEGREE DAYS
 HEATING
  YESTERDAY        0                         0      0        0
  MONTH TO DATE   13                         3     10       13
  SINCE JUN 1     40                        65    -25       27
  SINCE JUL 1     13                         3     10       13

 COOLING
  YESTERDAY       10                         7      3        8
  MONTH TO DATE  159                       157      2      159
  SINCE JUN 1    326                       251     75      283
  SINCE JAN 1    363                       274     89      300
..................................................................


WIND (MPH)
  HIGHEST WIND SPEED    21   HIGHEST WIND DIRECTION    NW (320)
  HIGHEST GUST SPEED    27   HIGHEST GUST DIRECTION    NW (320)
  AVERAGE WIND SPEED    11.1


SKY COVER
  POSSIBLE SUNSHINE  MM
  AVERAGE SKY COVER 0.0


WEATHER CONDITIONS
 THE FOLLOWING WEATHER WAS RECORDED YESTERDAY.
  NO SIGNIFICANT WEATHER WAS OBSERVED.


RELATIVE HUMIDITY (PERCENT)
 HIGHEST    90          1200 AM
 LOWEST     40           500 PM
 AVERAGE    65

..........................................................


THE SISSETON SD CLIMATE NORMALS FOR TODAY
                         NORMAL    RECORD    YEAR
 MAXIMUM TEMPERATURE (F)   83       105      1976
 MINIMUM TEMPERATURE (F)   60        49      2004


SUNRISE AND SUNSET
JULY 25 2016..........SUNRISE   604 AM CDT   SUNSET   904 PM CDT
JULY 26 2016..........SUNRISE   605 AM CDT   SUNSET   903 PM CDT


-  INDICATES NEGATIVE NUMBERS.
R  INDICATES RECORD WAS SET OR TIED.
MM INDICATES DATA IS MISSING.
T  INDICATES TRACE AMOUNT.




$$
