000
CDUS43 KABR 071004
CLI8D3


CLIMATE REPORT
NATIONAL WEATHER SERVICE ABERDEEN SD
403 AM CST SUN FEB 7 2016


...................................

...THE SISSETON SD CLIMATE SUMMARY FOR FEBRUARY 6 2016...

CLIMATE NORMAL PERIOD 1981 TO 2010
CLIMATE RECORD PERIOD 1900 TO 2016


WEATHER ITEM   OBSERVED TIME   RECORD YEAR NORMAL DEPARTURE LAST
                VALUE   (LST)  VALUE       VALUE  FROM      YEAR
                                                  NORMAL
..................................................................
TEMPERATURE (F)
 YESTERDAY
  MAXIMUM         41   1140 PM  57    1987  25     16       30
  MINIMUM         17   1224 AM -30    1936   5     12       16
  AVERAGE         29                        15     14       23

PRECIPITATION (IN)
  YESTERDAY        0.00          0.52 1946   0.01  -0.01     0.00
  MONTH TO DATE    0.08                      0.06   0.02     0.13
  SINCE DEC 1      1.43                      0.88   0.55     1.20
  SINCE JAN 1      0.36                      0.49  -0.13     0.60

SNOWFALL (IN)
  YESTERDAY        0.0
  MONTH TO DATE    0.5
  SINCE OCT 1     19.4
  SINCE JUL 1     19.4
  SNOW DEPTH       T

DEGREE DAYS
 HEATING
  YESTERDAY       36                        50    -14       42
  MONTH TO DATE  247                       302    -55      340
  SINCE DEC 1   2984                      3397   -413     3098
  SINCE JUL 1   4380                      5248   -868     5078

 COOLING
  YESTERDAY        0                         0      0        0
  MONTH TO DATE    0                         0      0        0
  SINCE DEC 1      0                         0      0        0
  SINCE JAN 1      0                         0      0        0
..................................................................


WIND (MPH)
  HIGHEST WIND SPEED    29   HIGHEST WIND DIRECTION    NW (310)
  HIGHEST GUST SPEED    36   HIGHEST GUST DIRECTION     W (260)
  AVERAGE WIND SPEED    16.5


SKY COVER
  POSSIBLE SUNSHINE  MM
  AVERAGE SKY COVER 0.0


WEATHER CONDITIONS
 THE FOLLOWING WEATHER WAS RECORDED YESTERDAY.
  NO SIGNIFICANT WEATHER WAS OBSERVED.


RELATIVE HUMIDITY (PERCENT)
 HIGHEST    92          1200 AM
 LOWEST     59          1100 AM
 AVERAGE    76

..........................................................


THE SISSETON SD CLIMATE NORMALS FOR TODAY
                         NORMAL    RECORD    YEAR
 MAXIMUM TEMPERATURE (F)   25        61      1987
 MINIMUM TEMPERATURE (F)    6       -30      1933


SUNRISE AND SUNSET
FEBRUARY  7 2016......SUNRISE   742 AM CST   SUNSET   542 PM CST
FEBRUARY  8 2016......SUNRISE   741 AM CST   SUNSET   544 PM CST


-  INDICATES NEGATIVE NUMBERS.
R  INDICATES RECORD WAS SET OR TIED.
MM INDICATES DATA IS MISSING.
T  INDICATES TRACE AMOUNT.




$$
