000
CDUS43 KABR 191032
CLI8D3


CLIMATE REPORT
NATIONAL WEATHER SERVICE ABERDEEN SD
431 AM CST THU JAN 19 2017


...................................

...THE SISSETON SD CLIMATE SUMMARY FOR JANUARY 18 2017...

CLIMATE NORMAL PERIOD 1981 TO 2010
CLIMATE RECORD PERIOD 1900 TO 2017


WEATHER ITEM   OBSERVED TIME   RECORD YEAR NORMAL DEPARTURE LAST
                VALUE   (LST)  VALUE       VALUE  FROM      YEAR
                                                  NORMAL
..................................................................
TEMPERATURE (F)
 YESTERDAY
  MAXIMUM         47    134 PM  48    1944  23     24        4
  MINIMUM         26   1117 PM -28    1994   3     23       -4
  AVERAGE         37                        13     24        0

PRECIPITATION (IN)
  YESTERDAY        0.00          0.14 1996   0.02  -0.02     0.00
  MONTH TO DATE    0.77                      0.28   0.49     0.11
  SINCE DEC 1      2.19                      0.67   1.52     1.18
  SINCE JAN 1      0.77                      0.28   0.49     0.11

SNOWFALL (IN)
  YESTERDAY        0.0
  MONTH TO DATE   10.5
  SINCE OCT 1     23.3
  SINCE JUL 1     23.3
  SNOW DEPTH       3

DEGREE DAYS
 HEATING
  YESTERDAY       28                        52    -24       65
  MONTH TO DATE 1032                       936     96      970
  SINCE DEC 1   2504                      2424     80     2214
  SINCE JUL 1   3785                      4275   -490     3610

 COOLING
  YESTERDAY        0                         0      0        0
  MONTH TO DATE    0                         0      0        0
  SINCE DEC 1      0                         0      0        0
  SINCE JAN 1      0                         0      0        0
..................................................................


WIND (MPH)
  HIGHEST WIND SPEED    25   HIGHEST WIND DIRECTION     W (260)
  HIGHEST GUST SPEED    31   HIGHEST GUST DIRECTION     W (260)
  AVERAGE WIND SPEED     7.2


SKY COVER
  POSSIBLE SUNSHINE  MM
  AVERAGE SKY COVER 0.0


WEATHER CONDITIONS
 THE FOLLOWING WEATHER WAS RECORDED YESTERDAY.
  NO SIGNIFICANT WEATHER WAS OBSERVED.


RELATIVE HUMIDITY (PERCENT)
 HIGHEST    92          1000 PM
 LOWEST     48           500 AM
 AVERAGE    70

..........................................................


THE SISSETON SD CLIMATE NORMALS FOR TODAY
                         NORMAL    RECORD    YEAR
 MAXIMUM TEMPERATURE (F)   23        48      1942
 MINIMUM TEMPERATURE (F)    3       -29      1985


SUNRISE AND SUNSET
JANUARY 19 2017.......SUNRISE   802 AM CST   SUNSET   516 PM CST
JANUARY 20 2017.......SUNRISE   801 AM CST   SUNSET   518 PM CST


-  INDICATES NEGATIVE NUMBERS.
R  INDICATES RECORD WAS SET OR TIED.
MM INDICATES DATA IS MISSING.
T  INDICATES TRACE AMOUNT.




$$
