000
CDUS43 KABR 051034
CLI8D3


CLIMATE REPORT
NATIONAL WEATHER SERVICE ABERDEEN SD
434 AM CST MON DEC 5 2016


...................................

...THE SISSETON SD CLIMATE SUMMARY FOR DECEMBER 4 2016...

CLIMATE NORMAL PERIOD 1981 TO 2010
CLIMATE RECORD PERIOD 1900 TO 2016


WEATHER ITEM   OBSERVED TIME   RECORD YEAR NORMAL DEPARTURE LAST
                VALUE   (LST)  VALUE       VALUE  FROM      YEAR
                                                  NORMAL
..................................................................
TEMPERATURE (F)
 YESTERDAY
  MAXIMUM         39    332 PM  55    1939  30      9       44
  MINIMUM         32   1036 PM -14    1991  12     20       11
  AVERAGE         36                        21     15       28

PRECIPITATION (IN)
  YESTERDAY        0.00          0.79 1955   0.02  -0.02     0.00
  MONTH TO DATE    0.02                      0.07  -0.05     0.38
  SINCE DEC 1      0.02                      0.07  -0.05     0.38
  SINCE JAN 1     22.15                     22.01   0.14    17.24

SNOWFALL (IN)
  YESTERDAY        0.0
  MONTH TO DATE    T
  SINCE OCT 1      2.5
  SINCE JUL 1      2.5
  SNOW DEPTH       T

DEGREE DAYS
 HEATING
  YESTERDAY       29                        44    -15       37
  MONTH TO DATE  136                       174    -38      159
  SINCE DEC 1    136                       174    -38      159
  SINCE JUL 1   1417                      2025   -608     1555

 COOLING
  YESTERDAY        0                         0      0        0
  MONTH TO DATE    0                         0      0        0
  SINCE DEC 1      0                         0      0        0
  SINCE JAN 1    625                       527     98      635
..................................................................


WIND (MPH)
  HIGHEST WIND SPEED    21   HIGHEST WIND DIRECTION     W (290)
  HIGHEST GUST SPEED    26   HIGHEST GUST DIRECTION     W (290)
  AVERAGE WIND SPEED    10.5


SKY COVER
  POSSIBLE SUNSHINE  MM
  AVERAGE SKY COVER 0.0


WEATHER CONDITIONS
 THE FOLLOWING WEATHER WAS RECORDED YESTERDAY.
  NO SIGNIFICANT WEATHER WAS OBSERVED.


RELATIVE HUMIDITY (PERCENT)
 HIGHEST    96           300 AM
 LOWEST     75          1100 AM
 AVERAGE    86

..........................................................


THE SISSETON SD CLIMATE NORMALS FOR TODAY
                         NORMAL    RECORD    YEAR
 MAXIMUM TEMPERATURE (F)   30        62      1939
 MINIMUM TEMPERATURE (F)   11       -13      2005


SUNRISE AND SUNSET
DECEMBER  5 2016......SUNRISE   753 AM CST   SUNSET   444 PM CST
DECEMBER  6 2016......SUNRISE   754 AM CST   SUNSET   444 PM CST


-  INDICATES NEGATIVE NUMBERS.
R  INDICATES RECORD WAS SET OR TIED.
MM INDICATES DATA IS MISSING.
T  INDICATES TRACE AMOUNT.




$$
