408
CDUS43 KABR 271037
CLI8D3


CLIMATE REPORT
NATIONAL WEATHER SERVICE ABERDEEN SD
437 AM CST MON FEB 27 2017


...................................

...THE SISSETON SD CLIMATE SUMMARY FOR FEBRUARY 26 2017...

CLIMATE NORMAL PERIOD 1981 TO 2010
CLIMATE RECORD PERIOD 1900 TO 2017


WEATHER ITEM   OBSERVED TIME   RECORD YEAR NORMAL DEPARTURE LAST
                VALUE   (LST)  VALUE       VALUE  FROM      YEAR
                                                  NORMAL
..................................................................
TEMPERATURE (F)
 YESTERDAY
  MAXIMUM         29    518 AM  61    1958  31     -2       47
  MINIMUM         17    859 AM -21    1934  13      4       23
  AVERAGE         23                        22      1       35

PRECIPITATION (IN)
  YESTERDAY        0.00          0.76 2009   0.02  -0.02     0.00
  MONTH TO DATE    0.18                      0.38  -0.20     0.89
  SINCE DEC 1      2.39                      1.20   1.19     2.24
  SINCE JAN 1      0.97                      0.81   0.16     1.17

SNOWFALL (IN)
  YESTERDAY        0.0
  MONTH TO DATE    0.5
  SINCE OCT 1     23.8
  SINCE JUL 1     23.8
  SNOW DEPTH       T

DEGREE DAYS
 HEATING
  YESTERDAY       42                        43     -1       30
  MONTH TO DATE  945                      1229   -284     1083
  SINCE DEC 1   3908                      4324   -416     3820
  SINCE JUL 1   5189                      6175   -986     5216

 COOLING
  YESTERDAY        0                         0      0        0
  MONTH TO DATE    0                         0      0        0
  SINCE DEC 1      0                         0      0        0
  SINCE JAN 1      0                         0      0        0
..................................................................


WIND (MPH)
  HIGHEST WIND SPEED    24   HIGHEST WIND DIRECTION    NW (330)
  HIGHEST GUST SPEED    29   HIGHEST GUST DIRECTION     W (290)
  AVERAGE WIND SPEED     8.6


SKY COVER
  POSSIBLE SUNSHINE  MM
  AVERAGE SKY COVER 0.0


WEATHER CONDITIONS
 THE FOLLOWING WEATHER WAS RECORDED YESTERDAY.
  NO SIGNIFICANT WEATHER WAS OBSERVED.


RELATIVE HUMIDITY (PERCENT)
 HIGHEST   100          1200 AM
 LOWEST     62           100 PM
 AVERAGE    81

..........................................................


THE SISSETON SD CLIMATE NORMALS FOR TODAY
                         NORMAL    RECORD    YEAR
 MAXIMUM TEMPERATURE (F)   31        63      2016
 MINIMUM TEMPERATURE (F)   14       -17      1962


SUNRISE AND SUNSET
FEBRUARY 27 2017......SUNRISE   709 AM CST   SUNSET   612 PM CST
FEBRUARY 28 2017......SUNRISE   708 AM CST   SUNSET   614 PM CST


-  INDICATES NEGATIVE NUMBERS.
R  INDICATES RECORD WAS SET OR TIED.
MM INDICATES DATA IS MISSING.
T  INDICATES TRACE AMOUNT.




$$
