000
CDUS46 KMFR 280036
CLIAAT


CLIMATE REPORT
NATIONAL WEATHER SERVICE MEDFORD, OR
536 PM PDT SAT MAY 27 2017


...................................

...THE ALTURAS CA CLIMATE SUMMARY FOR MAY 27 2017...
VALID TODAY AS OF 0500 PM LOCAL TIME.

CLIMATE NORMAL PERIOD 1981 TO 2010
CLIMATE RECORD PERIOD 1905 TO 2017


WEATHER ITEM   OBSERVED TIME   RECORD YEAR NORMAL DEPARTURE LAST
                VALUE   (LST)  VALUE       VALUE  FROM      YEAR
                                                  NORMAL
..................................................................
TEMPERATURE (F)
 TODAY
  MAXIMUM         78    359 PM  91    1919  71      7       67
  MINIMUM         34    502 AM  25    1961  38     -4       37
  AVERAGE         56                        54      2       52

PRECIPITATION (IN)
  TODAY            0.00          0.66 1964   0.04  -0.04     0.00
  MONTH TO DATE    0.19                      1.19  -1.00     1.17
  SINCE OCT 1     13.12                     11.88   1.24    12.81
  SINCE JAN 1      9.37                      7.37   2.00     6.83

SNOWFALL (IN)
  TODAY           MM                        MM     MM       MM
  MONTH TO DATE   MM                        MM     MM       MM
  SINCE JUL 1     MM                        MM     MM       MM
  SNOW DEPTH      MM

DEGREE DAYS
 HEATING
  TODAY            9                        11     -2       13
  MONTH TO DATE  272                       372   -100      314
  SINCE MAR 1   1568                      1849   -281     1458
  SINCE JUL 1   6230                      6716   -486     5845

 COOLING
  TODAY            0                         0      0        0
  MONTH TO DATE    0                         0      0        0
  SINCE MAR 1      0                         0      0        0
  SINCE JAN 1      0                         0      0        0
..................................................................


WIND (MPH)
  HIGHEST WIND SPEED    13   HIGHEST WIND DIRECTION     S (180)
  HIGHEST GUST SPEED    15   HIGHEST GUST DIRECTION     S (190)
  AVERAGE WIND SPEED     2.7


SKY COVER
  POSSIBLE SUNSHINE  MM
  AVERAGE SKY COVER 0.0


WEATHER CONDITIONS
 THE FOLLOWING WEATHER WAS RECORDED TODAY.
  NO SIGNIFICANT WEATHER WAS OBSERVED.


RELATIVE HUMIDITY (PERCENT)
 HIGHEST    89           400 AM
 LOWEST     16           400 PM
 AVERAGE    53

..........................................................


THE ALTURAS CA CLIMATE NORMALS FOR TOMORROW
                         NORMAL    RECORD    YEAR
 MAXIMUM TEMPERATURE (F)   72        93      1983
 MINIMUM TEMPERATURE (F)   38        28      2007
                                             1977


SUNRISE AND SUNSET
MAY 27 2017...........SUNRISE   533 AM PDT   SUNSET   826 PM PDT
MAY 28 2017...........SUNRISE   533 AM PDT   SUNSET   827 PM PDT


-  INDICATES NEGATIVE NUMBERS.
R  INDICATES RECORD WAS SET OR TIED.
MM INDICATES DATA IS MISSING.
T  INDICATES TRACE AMOUNT.




$$
