000
CDUS46 KMFR 130838
CLIAAT


CLIMATE REPORT
NATIONAL WEATHER SERVICE MEDFORD, OR
1238 AM PST SAT FEB 13 2016


...................................

...THE ALTURAS CA CLIMATE SUMMARY FOR FEBRUARY 12 2016...

CLIMATE NORMAL PERIOD 1981 TO 2010
CLIMATE RECORD PERIOD 1905 TO 2016


WEATHER ITEM   OBSERVED TIME   RECORD YEAR NORMAL DEPARTURE LAST
                VALUE   (LST)  VALUE       VALUE  FROM      YEAR
                                                  NORMAL
..................................................................
TEMPERATURE (F)
 YESTERDAY
  MAXIMUM         62    311 PM  75    1934  46     16       64
  MINIMUM         32    747 AM -10    1959  21     11       29
  AVERAGE         47                        33     14       47

PRECIPITATION (IN)
  YESTERDAY        0.00          0.75 1949   0.05  -0.05     0.00
  MONTH TO DATE    0.09                      0.58  -0.49     0.86
  SINCE OCT 1      8.07                      6.74   1.33     5.48
  SINCE JAN 1      2.09                      2.23  -0.14     0.97

SNOWFALL (IN)
  YESTERDAY       MM                        MM     MM       MM
  MONTH TO DATE   MM                        MM     MM       MM
  SINCE JUL 1     MM                        MM     MM       MM
  SNOW DEPTH      MM

DEGREE DAYS
 HEATING
  YESTERDAY       18                        32    -14       18
  MONTH TO DATE  355                       390    -35      246
  SINCE DEC 1   2471                      2578   -107     1937
  SINCE JUL 1   3998                      4388   -390     3228

 COOLING
  YESTERDAY        0                         0      0        0
  MONTH TO DATE    0                         0      0        0
  SINCE DEC 1      0                         0      0        0
  SINCE JAN 1      0                         0      0        0
..................................................................


WIND (MPH)
  HIGHEST WIND SPEED    15   HIGHEST WIND DIRECTION    SW (240)
  HIGHEST GUST SPEED    20   HIGHEST GUST DIRECTION    SW (240)
  AVERAGE WIND SPEED     3.5


SKY COVER
  POSSIBLE SUNSHINE  MM
  AVERAGE SKY COVER 0.1


WEATHER CONDITIONS
 THE FOLLOWING WEATHER WAS RECORDED YESTERDAY.
  FOG
  HAZE


RELATIVE HUMIDITY (PERCENT)
 HIGHEST    92           400 AM
 LOWEST     36           100 PM
 AVERAGE    64

..........................................................


THE ALTURAS CA CLIMATE NORMALS FOR TODAY
                         NORMAL    RECORD    YEAR
 MAXIMUM TEMPERATURE (F)   46        75      1934
 MINIMUM TEMPERATURE (F)   22       -21      1949


SUNRISE AND SUNSET
FEBRUARY 13 2016......SUNRISE   700 AM PST   SUNSET   533 PM PST
FEBRUARY 14 2016......SUNRISE   659 AM PST   SUNSET   534 PM PST


-  INDICATES NEGATIVE NUMBERS.
R  INDICATES RECORD WAS SET OR TIED.
MM INDICATES DATA IS MISSING.
T  INDICATES TRACE AMOUNT.




$$
