000
CDUS46 KMFR 310840
CLIAAT


CLIMATE REPORT
NATIONAL WEATHER SERVICE MEDFORD, OR
139 AM PDT MON AUG 31 2015


...................................

...THE ALTURAS CA CLIMATE SUMMARY FOR AUGUST 30 2015...

CLIMATE NORMAL PERIOD 1981 TO 2010
CLIMATE RECORD PERIOD 1905 TO 2015


WEATHER ITEM   OBSERVED TIME   RECORD YEAR NORMAL DEPARTURE LAST
                VALUE   (LST)  VALUE       VALUE  FROM      YEAR
                                                  NORMAL
..................................................................
TEMPERATURE (F)
 YESTERDAY
  MAXIMUM         77    352 PM  98    1950  83     -6       80
  MINIMUM         37    557 AM  25    1908  40     -3       44
  AVERAGE         57                        61     -4       62

PRECIPITATION (IN)
  YESTERDAY        0.00          0.40 1953   0.02  -0.02     0.00
  MONTH TO DATE    0.27                      0.35  -0.08     0.46
  SINCE OCT 1     11.35                     13.64  -2.29     6.91
  SINCE JAN 1      6.84                      9.13  -2.29     6.28

SNOWFALL (IN)
  YESTERDAY       MM                        MM     MM       MM
  MONTH TO DATE   MM                        MM     MM       MM
  SINCE JUL 1     MM                        MM     MM       MM
  SNOW DEPTH      MM

DEGREE DAYS
 HEATING
  YESTERDAY        8                         4      4        3
  MONTH TO DATE   14                        65    -51       14
  SINCE JUN 1     67                       286   -219      109
  SINCE JUL 1     37                       106    -69       20

 COOLING
  YESTERDAY        0                         1     -1        0
  MONTH TO DATE   80                        55     25       95
  SINCE JUN 1    314                       150    164      368
  SINCE JAN 1    314                       150    164      368
..................................................................


WIND (MPH)
  HIGHEST WIND SPEED    16   HIGHEST WIND DIRECTION     W (290)
  HIGHEST GUST SPEED    23   HIGHEST GUST DIRECTION     W (250)
  AVERAGE WIND SPEED     5.0


SKY COVER
  POSSIBLE SUNSHINE  MM
  AVERAGE SKY COVER 0.0


WEATHER CONDITIONS
 THE FOLLOWING WEATHER WAS RECORDED YESTERDAY.
  NO SIGNIFICANT WEATHER WAS OBSERVED.


RELATIVE HUMIDITY (PERCENT)
 HIGHEST    82           600 AM
 LOWEST     16           300 PM
 AVERAGE    49

..........................................................


THE ALTURAS CA CLIMATE NORMALS FOR TODAY
                         NORMAL    RECORD    YEAR
 MAXIMUM TEMPERATURE (F)   82        98      1998
 MINIMUM TEMPERATURE (F)   39        24      1908


SUNRISE AND SUNSET
AUGUST 31 2015........SUNRISE   627 AM PDT   SUNSET   737 PM PDT
SEPTEMBER  1 2015.....SUNRISE   628 AM PDT   SUNSET   735 PM PDT


-  INDICATES NEGATIVE NUMBERS.
R  INDICATES RECORD WAS SET OR TIED.
MM INDICATES DATA IS MISSING.
T  INDICATES TRACE AMOUNT.




$$
