014
CDUS46 KMFR 180844
CLIAAT


CLIMATE REPORT
NATIONAL WEATHER SERVICE MEDFORD, OR
1243 AM PST SUN FEB 18 2018


...................................

...THE ALTURAS CA CLIMATE SUMMARY FOR FEBRUARY 17 2018...

CLIMATE NORMAL PERIOD 1981 TO 2010
CLIMATE RECORD PERIOD 1905 TO 2018


WEATHER ITEM   OBSERVED TIME   RECORD YEAR NORMAL DEPARTURE LAST
                VALUE   (LST)  VALUE       VALUE  FROM      YEAR
                                                  NORMAL
..................................................................
TEMPERATURE (F)
 YESTERDAY
  MAXIMUM         59    240 PM  68    1916  47     12       42
  MINIMUM         17    637 AM -17    1938  22     -5       33
  AVERAGE         38                        34      4       38

PRECIPITATION (IN)
  YESTERDAY        0.00          1.11 1986   0.05  -0.05     0.08
  MONTH TO DATE    0.03                      0.84  -0.81     1.74
  SINCE OCT 1      4.36                      7.00  -2.64     8.75
  SINCE JAN 1      1.36                      2.49  -1.13     5.00

SNOWFALL (IN)
  YESTERDAY       MM                        MM     MM       MM
  MONTH TO DATE   MM                        MM     MM       MM
  SINCE JUL 1     MM                        MM     MM       MM
  SNOW DEPTH      MM

DEGREE DAYS
 HEATING
  YESTERDAY       27                        31     -4       27
  MONTH TO DATE  480                       545    -65      415
  SINCE DEC 1   2382                      2733   -351     2768
  SINCE JUL 1   3936                      4543   -607     4276

 COOLING
  YESTERDAY        0                         0      0        0
  MONTH TO DATE    0                         0      0        0
  SINCE DEC 1      0                         0      0        0
  SINCE JAN 1      0                         0      0        0
..................................................................


WIND (MPH)
  HIGHEST WIND SPEED    24   HIGHEST WIND DIRECTION     W (260)
  HIGHEST GUST SPEED    30   HIGHEST GUST DIRECTION     W (250)
  AVERAGE WIND SPEED     6.7


SKY COVER
  POSSIBLE SUNSHINE  MM
  AVERAGE SKY COVER 0.1


WEATHER CONDITIONS
 THE FOLLOWING WEATHER WAS RECORDED YESTERDAY.
  FOG


RELATIVE HUMIDITY (PERCENT)
 HIGHEST    92          1200 AM
 LOWEST     36           200 PM
 AVERAGE    64

..........................................................


THE ALTURAS CA CLIMATE NORMALS FOR TODAY
                         NORMAL    RECORD    YEAR
 MAXIMUM TEMPERATURE (F)   47        67      2015
 MINIMUM TEMPERATURE (F)   23        -8      1932


SUNRISE AND SUNSET
FEBRUARY 18 2018......SUNRISE   653 AM PST   SUNSET   540 PM PST
FEBRUARY 19 2018......SUNRISE   652 AM PST   SUNSET   541 PM PST


-  INDICATES NEGATIVE NUMBERS.
R  INDICATES RECORD WAS SET OR TIED.
MM INDICATES DATA IS MISSING.
T  INDICATES TRACE AMOUNT.




$$
