000
CDUS46 KMFR 280847
CLIAAT


CLIMATE REPORT
NATIONAL WEATHER SERVICE MEDFORD, OR
147 AM PDT TUE MAR 28 2017


...................................

...THE ALTURAS CA CLIMATE SUMMARY FOR MARCH 27 2017...

CLIMATE NORMAL PERIOD 1981 TO 2010
CLIMATE RECORD PERIOD 1905 TO 2017


WEATHER ITEM   OBSERVED TIME   RECORD YEAR NORMAL DEPARTURE LAST
                VALUE   (LST)  VALUE       VALUE  FROM      YEAR
                                                  NORMAL
..................................................................
TEMPERATURE (F)
 YESTERDAY
  MAXIMUM         48    434 PM  78    1966  54     -6       51
  MINIMUM         30   1140 PM   6    2008  25      5       34
  AVERAGE         39                        40     -1       43

PRECIPITATION (IN)
  YESTERDAY        0.01          0.39 1971   0.06  -0.05     0.00
  MONTH TO DATE    0.90                      1.30  -0.40     1.78
  SINCE OCT 1     11.14                      8.91   2.23    10.26
  SINCE JAN 1      7.39                      4.40   2.99     4.28

SNOWFALL (IN)
  YESTERDAY       MM                        MM     MM       MM
  MONTH TO DATE   MM                        MM     MM       MM
  SINCE JUL 1     MM                        MM     MM       MM
  SNOW DEPTH      MM

DEGREE DAYS
 HEATING
  YESTERDAY       26                        25      1       22
  MONTH TO DATE  603                       724   -121      616
  SINCE MAR 1    603                       724   -121      616
  SINCE JUL 1   5265                      5591   -326     5003

 COOLING
  YESTERDAY        0                         0      0        0
  MONTH TO DATE    0                         0      0        0
  SINCE MAR 1      0                         0      0        0
  SINCE JAN 1      0                         0      0        0
..................................................................


WIND (MPH)
  HIGHEST WIND SPEED    22   HIGHEST WIND DIRECTION    NW (310)
  HIGHEST GUST SPEED    27   HIGHEST GUST DIRECTION    NW (320)
  AVERAGE WIND SPEED     7.1


SKY COVER
  POSSIBLE SUNSHINE  MM
  AVERAGE SKY COVER 0.5


WEATHER CONDITIONS
 THE FOLLOWING WEATHER WAS RECORDED YESTERDAY.
  LIGHT RAIN
  LIGHT SNOW
  HAZE


RELATIVE HUMIDITY (PERCENT)
 HIGHEST   100           100 AM
 LOWEST     34           300 PM
 AVERAGE    67

..........................................................


THE ALTURAS CA CLIMATE NORMALS FOR TODAY
                         NORMAL    RECORD    YEAR
 MAXIMUM TEMPERATURE (F)   54        77      1966
 MINIMUM TEMPERATURE (F)   26         9      1908


SUNRISE AND SUNSET
MARCH 28 2017.........SUNRISE   651 AM PDT   SUNSET   724 PM PDT
MARCH 29 2017.........SUNRISE   650 AM PDT   SUNSET   725 PM PDT


-  INDICATES NEGATIVE NUMBERS.
R  INDICATES RECORD WAS SET OR TIED.
MM INDICATES DATA IS MISSING.
T  INDICATES TRACE AMOUNT.




$$
