000
CDUS46 KMFR 260836
CLIAAT


CLIMATE REPORT
NATIONAL WEATHER SERVICE MEDFORD, OR
136 AM PDT SAT JUL 26 2014


...................................

...THE ALTURAS CA CLIMATE SUMMARY FOR JULY 25 2014...

CLIMATE NORMAL PERIOD 1981 TO 2010
CLIMATE RECORD PERIOD 1905 TO 2014


WEATHER ITEM   OBSERVED TIME   RECORD YEAR NORMAL DEPARTURE LAST
                VALUE   (LST)  VALUE       VALUE  FROM      YEAR
                                                  NORMAL
..................................................................
TEMPERATURE (F)
 YESTERDAY
  MAXIMUM         90    446 PM 100    2013  90      0      100
  MINIMUM         42    441 AM  35    1987  45     -3       49
  AVERAGE         66                        68     -2       75

PRECIPITATION (IN)
  YESTERDAY        0.00          0.16 1944   0.01  -0.01      T
  MONTH TO DATE    0.41                      0.24   0.17      T
  SINCE SEP 1      6.96                     13.71  -6.75     8.77
  SINCE JAN 1      5.82                      8.68  -2.86     4.43

SNOWFALL (IN)
  YESTERDAY       MM                        MM     MM       MM
  MONTH TO DATE   MM                        MM     MM       MM
  SINCE JUL 1     MM                        MM     MM       MM
  SNOW DEPTH      MM

DEGREE DAYS
 HEATING
  YESTERDAY        0                         1     -1        0
  MONTH TO DATE    6                        35    -29        4
  SINCE JUN 1     95                       215   -120      160
  SINCE JUL 1      6                        35    -29        4

 COOLING
  YESTERDAY        1                         3     -2       10
  MONTH TO DATE  204                        61    143      152
  SINCE JUN 1    224                        72    152      195
  SINCE JAN 1    224                        72    152      195
..................................................................


WIND (MPH)
  HIGHEST WIND SPEED    16   HIGHEST WIND DIRECTION    NW (300)
  HIGHEST GUST SPEED    19   HIGHEST GUST DIRECTION    NW (330)
  AVERAGE WIND SPEED     4.6


SKY COVER
  POSSIBLE SUNSHINE  MM
  AVERAGE SKY COVER 0.0


WEATHER CONDITIONS
 THE FOLLOWING WEATHER WAS RECORDED YESTERDAY.
  HAZE


RELATIVE HUMIDITY (PERCENT)
 HIGHEST    53           500 AM
 LOWEST      7           500 PM
 AVERAGE    30

..........................................................


THE ALTURAS CA CLIMATE NORMALS FOR TODAY
                         NORMAL    RECORD    YEAR
 MAXIMUM TEMPERATURE (F)   90       100      1964
 MINIMUM TEMPERATURE (F)   45        36      1972


SUNRISE AND SUNSET
JULY 26 2014..........SUNRISE   551 AM PDT   SUNSET   826 PM PDT
JULY 27 2014..........SUNRISE   552 AM PDT   SUNSET   825 PM PDT


-  INDICATES NEGATIVE NUMBERS.
R  INDICATES RECORD WAS SET OR TIED.
MM INDICATES DATA IS MISSING.
T  INDICATES TRACE AMOUNT.




$$
