000
CDUS46 KMFR 220837
CLIAAT


CLIMATE REPORT
NATIONAL WEATHER SERVICE MEDFORD, OR
1236 AM PST WED NOV 22 2017


...................................

...THE ALTURAS CA CLIMATE SUMMARY FOR NOVEMBER 21 2017...

CLIMATE NORMAL PERIOD 1981 TO 2010
CLIMATE RECORD PERIOD 1905 TO 2017


WEATHER ITEM   OBSERVED TIME   RECORD YEAR NORMAL DEPARTURE LAST
                VALUE   (LST)  VALUE       VALUE  FROM      YEAR
                                                  NORMAL
..................................................................
TEMPERATURE (F)
 YESTERDAY
  MAXIMUM         65    243 PM  72    1936  46     19       44
  MINIMUM         42    731 AM   3    1985  22     20       23
  AVERAGE         54                        34     20       34

PRECIPITATION (IN)
  YESTERDAY        0.00          0.64 2001   0.06  -0.06     0.07
  MONTH TO DATE    1.46                      1.28   0.18     0.29
  SINCE OCT 1      2.38                      2.29   0.09     1.76
  SINCE JAN 1     14.57                     11.95   2.62     9.23

SNOWFALL (IN)
  YESTERDAY       MM                        MM     MM       MM
  MONTH TO DATE   MM                        MM     MM       MM
  SINCE JUL 1     MM                        MM     MM       MM
  SNOW DEPTH      MM

DEGREE DAYS
 HEATING
  YESTERDAY       11                        31    -20       31
  MONTH TO DATE  527                       576    -49      441
  SINCE SEP 1   1349                      1408    -59     1162
  SINCE JUL 1   1350                      1519   -169     1219

 COOLING
  YESTERDAY        0                         0      0        0
  MONTH TO DATE    0                         0      0        0
  SINCE SEP 1     75                         5     70        0
  SINCE JAN 1    516                       156    360      254
..................................................................


WIND (MPH)
  HIGHEST WIND SPEED    18   HIGHEST WIND DIRECTION     S (180)
  HIGHEST GUST SPEED    24   HIGHEST GUST DIRECTION     S (200)
  AVERAGE WIND SPEED     5.0


SKY COVER
  POSSIBLE SUNSHINE  MM
  AVERAGE SKY COVER 0.7


WEATHER CONDITIONS
 THE FOLLOWING WEATHER WAS RECORDED YESTERDAY.
  FOG
  HAZE


RELATIVE HUMIDITY (PERCENT)
 HIGHEST   100          1200 AM
 LOWEST     44           300 PM
 AVERAGE    72

..........................................................


THE ALTURAS CA CLIMATE NORMALS FOR TODAY
                         NORMAL    RECORD    YEAR
 MAXIMUM TEMPERATURE (F)   46        71      1954
 MINIMUM TEMPERATURE (F)   22         1      1985


SUNRISE AND SUNSET
NOVEMBER 22 2017......SUNRISE   700 AM PST   SUNSET   437 PM PST
NOVEMBER 23 2017......SUNRISE   701 AM PST   SUNSET   436 PM PST


-  INDICATES NEGATIVE NUMBERS.
R  INDICATES RECORD WAS SET OR TIED.
MM INDICATES DATA IS MISSING.
T  INDICATES TRACE AMOUNT.




$$
