000
CDUS46 KMFR 040836
CLIAAT


CLIMATE REPORT
NATIONAL WEATHER SERVICE MEDFORD, OR
1235 AM PST WED MAR 4 2015


...................................

...THE ALTURAS CA CLIMATE SUMMARY FOR MARCH 3 2015...

CLIMATE NORMAL PERIOD 1981 TO 2010
CLIMATE RECORD PERIOD 1905 TO 2015


WEATHER ITEM   OBSERVED TIME   RECORD YEAR NORMAL DEPARTURE LAST
                VALUE   (LST)  VALUE       VALUE  FROM      YEAR
                                                  NORMAL
..................................................................
TEMPERATURE (F)
 YESTERDAY
  MAXIMUM         48    405 PM  68    1986  50     -2       50
  MINIMUM         19   1159 PM -14    1917  24     -5       35
  AVERAGE         34                        37     -3       43

PRECIPITATION (IN)
  YESTERDAY        0.00          0.57 1991   0.05  -0.05     0.34
  MONTH TO DATE    0.00                      0.15  -0.15     0.43
  SINCE OCT 1      5.64                      7.76  -2.12     2.66
  SINCE JAN 1      1.13                      3.25  -2.12     2.03

SNOWFALL (IN)
  YESTERDAY       MM                        MM     MM       MM
  MONTH TO DATE   MM                        MM     MM       MM
  SINCE JUL 1     MM                        MM     MM        0.0
  SNOW DEPTH      MM

DEGREE DAYS
 HEATING
  YESTERDAY       31                        28      3       22
  MONTH TO DATE   90                        84      6       65
  SINCE MAR 1     90                        84      6       65
  SINCE JUL 1   3717                      4951  -1234     4830

 COOLING
  YESTERDAY        0                         0      0        0
  MONTH TO DATE    0                         0      0        0
  SINCE MAR 1      0                         0      0        0
  SINCE JAN 1      0                         0      0        0
..................................................................


WIND (MPH)
  HIGHEST WIND SPEED    16   HIGHEST WIND DIRECTION     N (360)
  HIGHEST GUST SPEED    21   HIGHEST GUST DIRECTION     N (10)
  AVERAGE WIND SPEED     5.4


SKY COVER
  POSSIBLE SUNSHINE  MM
  AVERAGE SKY COVER 0.2


WEATHER CONDITIONS
 THE FOLLOWING WEATHER WAS RECORDED YESTERDAY.
  NO SIGNIFICANT WEATHER WAS OBSERVED.


RELATIVE HUMIDITY (PERCENT)
 HIGHEST    68           700 AM
 LOWEST     31           100 PM
 AVERAGE    50

..........................................................


THE ALTURAS CA CLIMATE NORMALS FOR TODAY
                         NORMAL    RECORD    YEAR
 MAXIMUM TEMPERATURE (F)   50        71      1934
 MINIMUM TEMPERATURE (F)   24         1      1976


SUNRISE AND SUNSET
MARCH  4 2015.........SUNRISE   632 AM PST   SUNSET   556 PM PST
MARCH  5 2015.........SUNRISE   631 AM PST   SUNSET   557 PM PST


-  INDICATES NEGATIVE NUMBERS.
R  INDICATES RECORD WAS SET OR TIED.
MM INDICATES DATA IS MISSING.
T  INDICATES TRACE AMOUNT.




$$
