369
CDUS46 KMFR 241821
CLIAAT


CLIMATE REPORT
NATIONAL WEATHER SERVICE MEDFORD, OR
1021 AM PST FRI FEB 24 2017


...................................

...THE ALTURAS CA CLIMATE SUMMARY FOR FEBRUARY 23 2017...

CLIMATE NORMAL PERIOD 1981 TO 2010
CLIMATE RECORD PERIOD 1905 TO 2017


WEATHER ITEM   OBSERVED TIME   RECORD YEAR NORMAL DEPARTURE LAST
                VALUE   (LST)  VALUE       VALUE  FROM      YEAR
                                                  NORMAL
..................................................................
TEMPERATURE (F)
 YESTERDAY
  MAXIMUM         32    243 PM  68    1995  48    -16       55
  MINIMUM         13   1101 PM   0    1919  23    -10       19
  AVERAGE         23                        36    -13       37

PRECIPITATION (IN)
  YESTERDAY        0.01          0.51 1972   0.05  -0.04     0.00
  MONTH TO DATE    3.05                      1.17   1.88     0.45
  SINCE OCT 1     10.06                      7.33   2.73     8.43
  SINCE JAN 1      6.31                      2.82   3.49     2.45

SNOWFALL (IN)
  YESTERDAY       MM                        MM     MM       MM
  MONTH TO DATE   MM                        MM     MM       MM
  SINCE JUL 1     MM                        MM     MM       MM
  SNOW DEPTH      MM

DEGREE DAYS
 HEATING
  YESTERDAY       42                        29     13       28
  MONTH TO DATE  600                       724   -124      615
  SINCE DEC 1   2953                      2912     41     2731
  SINCE JUL 1   4461                      4722   -261     4258

 COOLING
  YESTERDAY        0                         0      0        0
  MONTH TO DATE    0                         0      0        0
  SINCE DEC 1      0                         0      0        0
  SINCE JAN 1      0                         0      0        0
..................................................................


WIND (MPH)
  HIGHEST WIND SPEED    15   HIGHEST WIND DIRECTION    NW (320)
  HIGHEST GUST SPEED    18   HIGHEST GUST DIRECTION    NW (320)
  AVERAGE WIND SPEED     4.7


SKY COVER
  POSSIBLE SUNSHINE  MM
  AVERAGE SKY COVER 0.7


WEATHER CONDITIONS
 THE FOLLOWING WEATHER WAS RECORDED YESTERDAY.
  SNOW
  LIGHT SNOW
  FOG
  HAZE


RELATIVE HUMIDITY (PERCENT)
 HIGHEST   100          1100 PM
 LOWEST     47           400 PM
 AVERAGE    74

..........................................................


THE ALTURAS CA CLIMATE NORMALS FOR TODAY
                         NORMAL    RECORD    YEAR
 MAXIMUM TEMPERATURE (F)   48        67      1995
 MINIMUM TEMPERATURE (F)   23        -4      1933


SUNRISE AND SUNSET
FEBRUARY 24 2017......SUNRISE   644 AM PST   SUNSET   547 PM PST
FEBRUARY 25 2017......SUNRISE   642 AM PST   SUNSET   549 PM PST


-  INDICATES NEGATIVE NUMBERS.
R  INDICATES RECORD WAS SET OR TIED.
MM INDICATES DATA IS MISSING.
T  INDICATES TRACE AMOUNT.




$$
