000
CDUS46 KMFR 030041
CLIAAT


CLIMATE REPORT
NATIONAL WEATHER SERVICE MEDFORD, OR
541 PM PDT THU JUL 2 2015


...................................

...THE ALTURAS CA CLIMATE SUMMARY FOR JULY 2 2015...
VALID TODAY AS OF 0500 PM LOCAL TIME.

CLIMATE NORMAL PERIOD 1981 TO 2010
CLIMATE RECORD PERIOD 1905 TO 2015


WEATHER ITEM   OBSERVED TIME   RECORD YEAR NORMAL DEPARTURE LAST
                VALUE   (LST)  VALUE       VALUE  FROM      YEAR
                                                  NORMAL
..................................................................
TEMPERATURE (F)
 TODAY
  MAXIMUM        100    313 PM 104    2013  84     16       94
  MINIMUM         56    513 AM  30    1976  44     12       50
  AVERAGE         78                        64     14       72

PRECIPITATION (IN)
  TODAY            0.00          0.43 1958   0.01  -0.01     0.00
  MONTH TO DATE    0.00                      0.02  -0.02     0.00
  SINCE OCT 1      9.91                     12.97  -3.06     6.04
  SINCE JAN 1      5.40                      8.46  -3.06     5.41

SNOWFALL (IN)
  TODAY           MM                        MM     MM       MM
  MONTH TO DATE   MM                        MM     MM       MM
  SINCE JUL 1     MM                        MM     MM       MM
  SNOW DEPTH      MM

DEGREE DAYS
 HEATING
  TODAY            0                         2     -2        0
  MONTH TO DATE    0                         5     -5        0
  SINCE JUN 1     30                       185   -155       89
  SINCE JUL 1      0                         5     -5        0

 COOLING
  TODAY           13                         1     12        7
  MONTH TO DATE   26                         2     24       16
  SINCE JUN 1    129                        13    116       36
  SINCE JAN 1    129                        13    116       36
..................................................................


WIND (MPH)
  HIGHEST WIND SPEED    17   HIGHEST WIND DIRECTION     S (200)
  HIGHEST GUST SPEED    32   HIGHEST GUST DIRECTION    SW (210)
  AVERAGE WIND SPEED     2.8


SKY COVER
  POSSIBLE SUNSHINE  MM
  AVERAGE SKY COVER 0.0


WEATHER CONDITIONS
 THE FOLLOWING WEATHER WAS RECORDED TODAY.
  NO SIGNIFICANT WEATHER WAS OBSERVED.


RELATIVE HUMIDITY (PERCENT)
 HIGHEST    72           500 AM
 LOWEST     13           400 PM
 AVERAGE    43

..........................................................


THE ALTURAS CA CLIMATE NORMALS FOR TOMORROW
                         NORMAL    RECORD    YEAR
 MAXIMUM TEMPERATURE (F)   85       101      1967
 MINIMUM TEMPERATURE (F)   44        31      1990


SUNRISE AND SUNSET
JULY  2 2015..........SUNRISE   533 AM PDT   SUNSET   840 PM PDT
JULY  3 2015..........SUNRISE   533 AM PDT   SUNSET   840 PM PDT


-  INDICATES NEGATIVE NUMBERS.
R  INDICATES RECORD WAS SET OR TIED.
MM INDICATES DATA IS MISSING.
T  INDICATES TRACE AMOUNT.




$$
