000
CDUS41 KPHI 280635
CLIABE


CLIMATE REPORT
NATIONAL WEATHER SERVICE MOUNT HOLLY NJ
229 AM EDT SAT MAR 28 2015


...................................

...THE ALLENTOWN PA CLIMATE SUMMARY FOR MARCH 27 2015...

CLIMATE NORMAL PERIOD 1981 TO 2010
CLIMATE RECORD PERIOD 1922 TO 2015


WEATHER ITEM   OBSERVED TIME   RECORD YEAR NORMAL DEPARTURE LAST
                VALUE   (LST)  VALUE       VALUE  FROM      YEAR
                                                  NORMAL
..................................................................
TEMPERATURE (F)
 YESTERDAY
  MAXIMUM         47    405 PM  83    1998  54     -7       45
  MINIMUM         35   1159 PM  15    2001  32      3       17
  AVERAGE         41                        43     -2       31

PRECIPITATION (IN)
  YESTERDAY        0.08          1.28 1983   0.13  -0.05     0.00
  MONTH TO DATE    4.29                      2.92   1.37     0.93
  SINCE MAR 1      4.29                      2.92   1.37     0.93
  SINCE JAN 1      8.84                      8.65   0.19     9.92

SNOWFALL (IN)
  YESTERDAY        0.0           1.8  1959   0.1   -0.1      0.0
  MONTH TO DATE   17.4                       4.6   12.8      1.1
  SINCE MAR 1     17.4                       4.6   12.8      1.1
  SINCE JUL 1     49.7                      31.6   18.1     67.8
  SNOW DEPTH       0

DEGREE DAYS
 HEATING
  YESTERDAY       24                        22      2       34
  MONTH TO DATE  843                       719    124      880
  SINCE MAR 1    843                       719    124      880
  SINCE JUL 1   5324                      5028    296     5478

 COOLING
  YESTERDAY        0                         0      0        0
  MONTH TO DATE    0                         0      0        0
  SINCE MAR 1      0                         0      0        0
  SINCE JAN 1      0                         0      0        0
..................................................................


WIND (MPH)
  HIGHEST WIND SPEED    18   HIGHEST WIND DIRECTION     N (350)
  HIGHEST GUST SPEED    22   HIGHEST GUST DIRECTION     N (350)
  AVERAGE WIND SPEED     6.6


SKY COVER
  POSSIBLE SUNSHINE  MM
  AVERAGE SKY COVER 0.8


WEATHER CONDITIONS
 THE FOLLOWING WEATHER WAS RECORDED YESTERDAY.
  LIGHT RAIN


RELATIVE HUMIDITY (PERCENT)
 HIGHEST    82          1200 AM
 LOWEST     42           400 PM
 AVERAGE    62

..........................................................


THE ALLENTOWN PA CLIMATE NORMALS FOR TODAY
                         NORMAL    RECORD    YEAR
 MAXIMUM TEMPERATURE (F)   54        85      1945
 MINIMUM TEMPERATURE (F)   33        11      1923


SUNRISE AND SUNSET
MARCH 28 2015.........SUNRISE   652 AM EDT   SUNSET   722 PM EDT
MARCH 29 2015.........SUNRISE   651 AM EDT   SUNSET   723 PM EDT


-  INDICATES NEGATIVE NUMBERS.
R  INDICATES RECORD WAS SET OR TIED.
MM INDICATES DATA IS MISSING.
T  INDICATES TRACE AMOUNT.




$$
