000
CDUS41 KPHI 060636
CLIABE


CLIMATE REPORT
NATIONAL WEATHER SERVICE MOUNT HOLLY NJ
135 AM EST SAT FEB 6 2016


...................................

...THE ALLENTOWN PA CLIMATE SUMMARY FOR FEBRUARY 5 2016...

CLIMATE NORMAL PERIOD 1981 TO 2010
CLIMATE RECORD PERIOD 1922 TO 2016


WEATHER ITEM   OBSERVED TIME   RECORD YEAR NORMAL DEPARTURE LAST
                VALUE   (LST)  VALUE       VALUE  FROM      YEAR
                                                  NORMAL
..................................................................
TEMPERATURE (F)
 YESTERDAY
  MAXIMUM         42   1222 PM  67    1991  38      4       32
  MINIMUM         25   1129 PM  -6    1996  20      5       11
  AVERAGE         34                        29      5       22

PRECIPITATION (IN)
  YESTERDAY        T             1.30 2014   0.10  -0.10      T
  MONTH TO DATE    0.91                      0.50   0.41     0.91
  SINCE DEC 1      8.28                      7.11   1.17     7.28
  SINCE JAN 1      4.08                      3.53   0.55     3.63

SNOWFALL (IN)
  YESTERDAY        T            13.0  2001   0.4   -0.4      0.1
  MONTH TO DATE    T                         2.1   -2.1      4.0
  SINCE DEC 1     32.3                      17.3   15.0     17.4
  SINCE JUL 1     32.3                      18.0   14.3     23.1
  SNOW DEPTH       0

DEGREE DAYS
 HEATING
  YESTERDAY       31                        36     -5       43
  MONTH TO DATE  125                       182    -57      217
  SINCE DEC 1   1812                      2352   -540     2279
  SINCE JUL 1   2694                      3532   -838     3414

 COOLING
  YESTERDAY        0                         0      0        0
  MONTH TO DATE    0                         0      0        0
  SINCE DEC 1      0                         0      0        0
  SINCE JAN 1      0                         0      0        0
..................................................................


WIND (MPH)
  HIGHEST WIND SPEED    22   HIGHEST WIND DIRECTION    NW (310)
  HIGHEST GUST SPEED    29   HIGHEST GUST DIRECTION     N (350)
  AVERAGE WIND SPEED     9.4


SKY COVER
  POSSIBLE SUNSHINE  MM
  AVERAGE SKY COVER 0.6


WEATHER CONDITIONS
 THE FOLLOWING WEATHER WAS RECORDED YESTERDAY.
  LIGHT SNOW


RELATIVE HUMIDITY (PERCENT)
 HIGHEST    59           100 AM
 LOWEST     37           500 PM
 AVERAGE    48

..........................................................


THE ALLENTOWN PA CLIMATE NORMALS FOR TODAY
                         NORMAL    RECORD    YEAR
 MAXIMUM TEMPERATURE (F)   38        63      2008
                                             1938
 MINIMUM TEMPERATURE (F)   20        -8      1996


SUNRISE AND SUNSET
FEBRUARY  6 2016......SUNRISE   707 AM EST   SUNSET   525 PM EST
FEBRUARY  7 2016......SUNRISE   706 AM EST   SUNSET   526 PM EST


-  INDICATES NEGATIVE NUMBERS.
R  INDICATES RECORD WAS SET OR TIED.
MM INDICATES DATA IS MISSING.
T  INDICATES TRACE AMOUNT.




$$
