000
CDUS41 KPHI 232127
CLIABE


CLIMATE REPORT
NATIONAL WEATHER SERVICE MOUNT HOLLY NJ
526 PM EDT FRI JUN 23 2017


...................................

...THE ALLENTOWN PA CLIMATE SUMMARY FOR JUNE 23 2017...
VALID TODAY AS OF 0500 PM LOCAL TIME.

CLIMATE NORMAL PERIOD 1981 TO 2010
CLIMATE RECORD PERIOD 1922 TO 2017


WEATHER ITEM   OBSERVED TIME   RECORD YEAR NORMAL DEPARTURE LAST
                VALUE   (LST)  VALUE       VALUE  FROM      YEAR
                                                  NORMAL
..................................................................
TEMPERATURE (F)
 TODAY
  MAXIMUM         87    310 PM  95    1965  82      5       83
  MINIMUM         71    453 AM  46    1992  60     11       63
  AVERAGE         79                        71      8       73

PRECIPITATION (IN)
  TODAY            0.03          2.70 1956   0.15  -0.12     0.01
  MONTH TO DATE    2.66                      3.29  -0.63     1.37
  SINCE JUN 1      2.66                      3.29  -0.63     1.37
  SINCE JAN 1     19.84                     20.11  -0.27    17.20

SNOWFALL (IN)
  TODAY            0.0           0.0  2002   0.0    0.0      0.0
                                      2001
  MONTH TO DATE    0.0                       0.0    0.0      0.0
  SINCE JUN 1      0.0                       0.0    0.0      0.0
  SINCE JUL 1     28.3                      32.9   -4.6     36.2
  SNOW DEPTH       0

DEGREE DAYS
 HEATING
  TODAY            0                         0      0        0
  MONTH TO DATE   27                        32     -5        9
  SINCE JUN 1     27                        32     -5        9
  SINCE JUL 1   4816                      5800   -984     4665

 COOLING
  TODAY           14                         6      8        8
  MONTH TO DATE  161                       105     56      138
  SINCE JUN 1    161                       105     56      138
  SINCE JAN 1    221                       150     71      225
..................................................................


WIND (MPH)
  HIGHEST WIND SPEED    17   HIGHEST WIND DIRECTION     W (260)
  HIGHEST GUST SPEED    23   HIGHEST GUST DIRECTION     W (250)
  AVERAGE WIND SPEED     5.6


SKY COVER
  POSSIBLE SUNSHINE  MM
  AVERAGE SKY COVER 0.3


WEATHER CONDITIONS
 THE FOLLOWING WEATHER WAS RECORDED TODAY.
  LIGHT RAIN
  FOG


RELATIVE HUMIDITY (PERCENT)
 HIGHEST    90           400 AM
 LOWEST     65           200 PM
 AVERAGE    78

..........................................................


THE ALLENTOWN PA CLIMATE NORMALS FOR TOMORROW
                         NORMAL    RECORD    YEAR
 MAXIMUM TEMPERATURE (F)   82        98      1923
 MINIMUM TEMPERATURE (F)   61        48      2007


SUNRISE AND SUNSET
JUNE 23 2017..........SUNRISE   531 AM EDT   SUNSET   837 PM EDT
JUNE 24 2017..........SUNRISE   532 AM EDT   SUNSET   837 PM EDT


-  INDICATES NEGATIVE NUMBERS.
R  INDICATES RECORD WAS SET OR TIED.
MM INDICATES DATA IS MISSING.
T  INDICATES TRACE AMOUNT.




$$
