000
CDUS41 KPHI 280627
CLIABE


CLIMATE REPORT
NATIONAL WEATHER SERVICE MOUNT HOLLY NJ
227 AM EDT THU AUG 28 2014


...................................

...THE ALLENTOWN PA CLIMATE SUMMARY FOR AUGUST 27 2014...

CLIMATE NORMAL PERIOD 1981 TO 2010
CLIMATE RECORD PERIOD 1922 TO 2014


WEATHER ITEM   OBSERVED TIME   RECORD YEAR NORMAL DEPARTURE LAST
                VALUE   (LST)  VALUE       VALUE  FROM      YEAR
                                                  NORMAL
..................................................................
TEMPERATURE (F)
 YESTERDAY
  MAXIMUM         89    233 PM  98    1948  81      8       88
  MINIMUM         61    541 AM  43    1944  59      2       68
  AVERAGE         75                        70      5       78

PRECIPITATION (IN)
  YESTERDAY        T             3.12 1971   0.10  -0.10      T
  MONTH TO DATE    1.85                      3.28  -1.43     6.12
  SINCE JUN 1     11.57                     12.54  -0.97    17.12
  SINCE JAN 1     33.87                     29.36   4.51    30.67

SNOWFALL (IN)
  YESTERDAY        0.0           0.0  2002   0.0    0.0      0.0
                                      2001
  MONTH TO DATE    0.0                       0.0    0.0      0.0
  SINCE JUN 1      0.0                       0.0    0.0      0.0
  SINCE JUL 1      0.0                       0.0    0.0      0.0
  SNOW DEPTH       0

DEGREE DAYS
 HEATING
  YESTERDAY        0                         0      0        0
  MONTH TO DATE    4                         0      4        4
  SINCE JUN 1      8                        36    -28       13
  SINCE JUL 1      4                         3      1        4

 COOLING
  YESTERDAY       10                         6      4       13
  MONTH TO DATE  167                       194    -27      143
  SINCE JUN 1    628                       614     14      714
  SINCE JAN 1    667                       659      8      786
..................................................................


WIND (MPH)
  HIGHEST WIND SPEED    13   HIGHEST WIND DIRECTION     W (260)
  HIGHEST GUST SPEED    16   HIGHEST GUST DIRECTION     W (270)
  AVERAGE WIND SPEED     4.4


SKY COVER
  POSSIBLE SUNSHINE  MM
  AVERAGE SKY COVER 0.1


WEATHER CONDITIONS
 THE FOLLOWING WEATHER WAS RECORDED YESTERDAY.
  LIGHT RAIN
  FOG
  HAZE


RELATIVE HUMIDITY (PERCENT)
 HIGHEST    93           400 AM
 LOWEST     46           300 PM
 AVERAGE    70

..........................................................


THE ALLENTOWN PA CLIMATE NORMALS FOR TODAY
                         NORMAL    RECORD    YEAR
 MAXIMUM TEMPERATURE (F)   81        97      1973
                                             1953
                                             1948
 MINIMUM TEMPERATURE (F)   59        46      1986
                                             1968


SUNRISE AND SUNSET
AUGUST 28 2014........SUNRISE   625 AM EDT   SUNSET   740 PM EDT
AUGUST 29 2014........SUNRISE   626 AM EDT   SUNSET   739 PM EDT


-  INDICATES NEGATIVE NUMBERS.
R  INDICATES RECORD WAS SET OR TIED.
MM INDICATES DATA IS MISSING.
T  INDICATES TRACE AMOUNT.




$$
