000
CDUS44 KSJT 020656
CLIABI


CLIMATE REPORT
NATIONAL WEATHER SERVICE SAN ANGELO TX
155 AM CDT THU OCT 2 2014


...................................

...THE ABILENE CLIMATE SUMMARY FOR OCTOBER 1 2014...

CLIMATE NORMAL PERIOD 1981 TO 2010
CLIMATE RECORD PERIOD 1886 TO 2014


WEATHER ITEM   OBSERVED TIME   RECORD YEAR NORMAL DEPARTURE LAST
                VALUE   (LST)  VALUE       VALUE  FROM      YEAR
                                                  NORMAL
..................................................................
TEMPERATURE (F)
 YESTERDAY
  MAXIMUM         95    507 PM 103    1979  82     13       88
  MINIMUM         72    654 AM  42    1985  59     13       67
  AVERAGE         84                        70     14       78

PRECIPITATION (IN)
  YESTERDAY        0.00          1.74 1913   0.09  -0.09     0.00
  MONTH TO DATE    0.00                      0.09  -0.09     0.00
  SINCE SEP 1      0.77                      2.33  -1.56     3.18
  SINCE JAN 1     11.27                     19.29  -8.02    19.51

DEGREE DAYS
 HEATING
  YESTERDAY        0                         1     -1        0
  MONTH TO DATE    0                         1     -1        0
  SINCE SEP 1      5                        12     -7        0
  SINCE JUL 1      5                        12     -7        0

 COOLING
  YESTERDAY       19                         7     12       13
  MONTH TO DATE   19                         7     12       13
  SINCE SEP 1    417                       333     84      428
  SINCE JAN 1   2601                      2278    323     2582
..................................................................


WIND (MPH)
  HIGHEST WIND SPEED    22   HIGHEST WIND DIRECTION     S (180)
  HIGHEST GUST SPEED    27   HIGHEST GUST DIRECTION     S (190)
  AVERAGE WIND SPEED    13.8


SKY COVER
  POSSIBLE SUNSHINE  MM
  AVERAGE SKY COVER 0.1


WEATHER CONDITIONS
 THE FOLLOWING WEATHER WAS RECORDED YESTERDAY.
  NO SIGNIFICANT WEATHER WAS OBSERVED.


RELATIVE HUMIDITY (PERCENT)
 HIGHEST    73           700 AM
 LOWEST     36           400 PM
 AVERAGE    55

..........................................................


THE ABILENE CLIMATE NORMALS FOR TODAY
                         NORMAL    RECORD    YEAR
 MAXIMUM TEMPERATURE (F)   82        99      2000
                                             1951
 MINIMUM TEMPERATURE (F)   59        40      1975


SUNRISE AND SUNSET
OCTOBER  2 2014.......SUNRISE   733 AM CDT   SUNSET   722 PM CDT
OCTOBER  3 2014.......SUNRISE   734 AM CDT   SUNSET   721 PM CDT


-  INDICATES NEGATIVE NUMBERS.
R  INDICATES RECORD WAS SET OR TIED.
MM INDICATES DATA IS MISSING.
T  INDICATES TRACE AMOUNT.




$$
