000
CDUS44 KSJT 201230
CLIABI


CLIMATE REPORT
NATIONAL WEATHER SERVICE SAN ANGELO TX
629 AM CST FRI JAN 20 2017


...................................

...THE ABILENE CLIMATE SUMMARY FOR JANUARY 19 2017...

CLIMATE NORMAL PERIOD 1981 TO 2010
CLIMATE RECORD PERIOD 1886 TO 2017


WEATHER ITEM   OBSERVED TIME   RECORD YEAR NORMAL DEPARTURE LAST
                VALUE   (LST)  VALUE       VALUE  FROM      YEAR
                                                  NORMAL
..................................................................
TEMPERATURE (F)
 YESTERDAY
  MAXIMUM         69    414 PM  87    2000  57     12       68
  MINIMUM         43    823 AM   2    1892  33     10       37
  AVERAGE         56                        45     11       53

PRECIPITATION (IN)
  YESTERDAY        0.00          0.83 1968   0.03  -0.03     0.00
  MONTH TO DATE    1.93                      0.56   1.37     0.04
  SINCE DEC 1      3.32                      1.79   1.53     2.24
  SINCE JAN 1      1.93                      0.56   1.37     0.04

SNOWFALL (IN)
  YESTERDAY        0.0           0.7  1963   0.0    0.0      0.0
  MONTH TO DATE    T                         1.0   -1.0       T
  SINCE NOV 1      T                         2.8   -2.8      5.1
  SINCE JUL 1      T                         2.8   -2.8      5.1

DEGREE DAYS
 HEATING
  YESTERDAY        9                        20    -11       12
  MONTH TO DATE  371                       390    -19      401
  SINCE DEC 1    937                      1002    -65      877
  SINCE JUL 1   1128                      1435   -307     1220

 COOLING
  YESTERDAY        0                         0      0        0
  MONTH TO DATE    3                         0      3        0
  SINCE DEC 1      3                         1      2        0
  SINCE JAN 1      3                         0      3        0
..................................................................


WIND (MPH)
  HIGHEST WIND SPEED    26   HIGHEST WIND DIRECTION    SW (240)
  HIGHEST GUST SPEED    36   HIGHEST GUST DIRECTION     W (250)
  AVERAGE WIND SPEED    13.7


SKY COVER
  POSSIBLE SUNSHINE  MM
  AVERAGE SKY COVER 0.0


WEATHER CONDITIONS
 THE FOLLOWING WEATHER WAS RECORDED YESTERDAY.
  NO SIGNIFICANT WEATHER WAS OBSERVED.


RELATIVE HUMIDITY (PERCENT)
 HIGHEST   100          1200 AM
 LOWEST     30           400 PM
 AVERAGE    65

..........................................................


THE ABILENE CLIMATE NORMALS FOR TODAY
                         NORMAL    RECORD    YEAR
 MAXIMUM TEMPERATURE (F)   57        82      2012
                                             1999
 MINIMUM TEMPERATURE (F)   33        10      1985


SUNRISE AND SUNSET
JANUARY 20 2017.......SUNRISE   739 AM CST   SUNSET   601 PM CST
JANUARY 21 2017.......SUNRISE   739 AM CST   SUNSET   602 PM CST


-  INDICATES NEGATIVE NUMBERS.
R  INDICATES RECORD WAS SET OR TIED.
MM INDICATES DATA IS MISSING.
T  INDICATES TRACE AMOUNT.




$$
