000
CDUS44 KSJT 302226
CLIABI


CLIMATE REPORT
NATIONAL WEATHER SERVICE SAN ANGELO TX
525 PM CDT SAT AUG 30 2014


...................................

...THE ABILENE CLIMATE SUMMARY FOR AUGUST 30 2014...
VALID TODAY AS OF 0500 PM LOCAL TIME.

CLIMATE NORMAL PERIOD 1981 TO 2010
CLIMATE RECORD PERIOD 1886 TO 2014


WEATHER ITEM   OBSERVED TIME   RECORD YEAR NORMAL DEPARTURE LAST
                VALUE   (LST)  VALUE       VALUE  FROM      YEAR
                                                  NORMAL
..................................................................
TEMPERATURE (F)
 TODAY
  MAXIMUM         97    351 PM 105    1959  92      5      100
                                      1956
                                      1943
  MINIMUM         72    641 AM  53    1917  70      2       70
                                      1915
  AVERAGE         85                        81      4       85

PRECIPITATION (IN)
  TODAY            0.00          2.87 1963   0.10  -0.10     0.00
  MONTH TO DATE    0.30                      2.50  -2.20     0.54
  SINCE JUN 1      6.51                      7.93  -1.42    10.11
  SINCE JAN 1     10.50                     16.87  -6.37    16.33

DEGREE DAYS
 HEATING
  TODAY            0                         0      0        0
  MONTH TO DATE    0                         0      0        0
  SINCE JUN 1      0                         1     -1        0
  SINCE JUL 1      0                         0      0        0

 COOLING
  TODAY           20                        16      4       20
  MONTH TO DATE  600                       538     62      586
  SINCE JUN 1   1648                      1534    114     1651
  SINCE JAN 1   2162                      1931    231     2132
..................................................................


WIND (MPH)
  HIGHEST WIND SPEED    14   HIGHEST WIND DIRECTION     E (90)
  HIGHEST GUST SPEED    19   HIGHEST GUST DIRECTION     N (20)
  AVERAGE WIND SPEED     7.6


SKY COVER
  POSSIBLE SUNSHINE  MM
  AVERAGE SKY COVER 0.1


WEATHER CONDITIONS
 THE FOLLOWING WEATHER WAS RECORDED TODAY.
  NO SIGNIFICANT WEATHER WAS OBSERVED.


RELATIVE HUMIDITY (PERCENT)
 HIGHEST    93           600 AM
 LOWEST     27           300 PM
 AVERAGE    60

..........................................................


THE ABILENE CLIMATE NORMALS FOR TOMORROW
                         NORMAL    RECORD    YEAR
 MAXIMUM TEMPERATURE (F)   92       107      1952
 MINIMUM TEMPERATURE (F)   69        48      1915


SUNRISE AND SUNSET
AUGUST 30 2014........SUNRISE   712 AM CDT   SUNSET   806 PM CDT
AUGUST 31 2014........SUNRISE   713 AM CDT   SUNSET   804 PM CDT


-  INDICATES NEGATIVE NUMBERS.
R  INDICATES RECORD WAS SET OR TIED.
MM INDICATES DATA IS MISSING.
T  INDICATES TRACE AMOUNT.




$$
