000
CDUS44 KSJT 240657
CLIABI


CLIMATE REPORT
NATIONAL WEATHER SERVICE SAN ANGELO TX
156 AM CDT THU JUL 24 2014


...................................

...THE ABILENE CLIMATE SUMMARY FOR JULY 23 2014...

CLIMATE NORMAL PERIOD 1981 TO 2010
CLIMATE RECORD PERIOD 1886 TO 2014


WEATHER ITEM   OBSERVED TIME   RECORD YEAR NORMAL DEPARTURE LAST
                VALUE   (LST)  VALUE       VALUE  FROM      YEAR
                                                  NORMAL
..................................................................
TEMPERATURE (F)
 YESTERDAY
  MAXIMUM         98    422 PM 107    1943  95      3       95
                                      1911
  MINIMUM         74    622 AM  62    1915  73      1       77
  AVERAGE         86                        84      2       86

PRECIPITATION (IN)
  YESTERDAY        0.00          1.54 1902   0.05  -0.05     0.00
  MONTH TO DATE    2.09                      1.40   0.69     4.39
  SINCE JUN 1      5.84                      4.96   0.88     9.52
  SINCE JAN 1      9.83                     13.90  -4.07    15.74

DEGREE DAYS
 HEATING
  YESTERDAY        0                         0      0        0
  MONTH TO DATE    0                         0      0        0
  SINCE JUN 1      0                         1     -1        0
  SINCE JUL 1      0                         0      0        0

 COOLING
  YESTERDAY       21                        19      2       21
  MONTH TO DATE  421                       410     11      384
  SINCE JUN 1    888                       845     43      908
  SINCE JAN 1   1402                      1242    160     1389
..................................................................


WIND (MPH)
  HIGHEST WIND SPEED    15   HIGHEST WIND DIRECTION    SE (120)
  HIGHEST GUST SPEED    22   HIGHEST GUST DIRECTION     N (20)
  AVERAGE WIND SPEED     6.5


SKY COVER
  POSSIBLE SUNSHINE  MM
  AVERAGE SKY COVER 0.0


WEATHER CONDITIONS
 THE FOLLOWING WEATHER WAS RECORDED YESTERDAY.
  HAZE


RELATIVE HUMIDITY (PERCENT)
 HIGHEST    84           600 AM
 LOWEST     29           200 PM
 AVERAGE    57

..........................................................


THE ABILENE CLIMATE NORMALS FOR TODAY
                         NORMAL    RECORD    YEAR
 MAXIMUM TEMPERATURE (F)   95       106      1943
 MINIMUM TEMPERATURE (F)   73        65      1989
                                             1904
                                             1887


SUNRISE AND SUNSET
JULY 24 2014..........SUNRISE   648 AM CDT   SUNSET   842 PM CDT
JULY 25 2014..........SUNRISE   649 AM CDT   SUNSET   841 PM CDT


-  INDICATES NEGATIVE NUMBERS.
R  INDICATES RECORD WAS SET OR TIED.
MM INDICATES DATA IS MISSING.
T  INDICATES TRACE AMOUNT.




$$
