000
CDUS44 KSJT 070700
CLIABI


CLIMATE REPORT
NATIONAL WEATHER SERVICE SAN ANGELO TX
159 AM CDT TUE JUL 7 2015


...................................

...THE ABILENE CLIMATE SUMMARY FOR JULY 6 2015...

CLIMATE NORMAL PERIOD 1981 TO 2010
CLIMATE RECORD PERIOD 1886 TO 2015


WEATHER ITEM   OBSERVED TIME   RECORD YEAR NORMAL DEPARTURE LAST
                VALUE   (LST)  VALUE       VALUE  FROM      YEAR
                                                  NORMAL
..................................................................
TEMPERATURE (F)
 YESTERDAY
  MAXIMUM         95    507 PM 103    1978  93      2       96
                                      1970
  MINIMUM         76    621 AM  62    1972  71      5       73
                                      1940
  AVERAGE         86                        82      4       85

PRECIPITATION (IN)
  YESTERDAY        0.00          5.67 2002   0.07  -0.07     0.00
  MONTH TO DATE    0.00                      0.42  -0.42     0.27
  SINCE JUN 1      3.62                      3.98  -0.36     4.02
  SINCE JAN 1     16.25                     12.92   3.33     8.01

DEGREE DAYS
 HEATING
  YESTERDAY        0                         0      0        0
  MONTH TO DATE    0                         0      0        0
  SINCE JUN 1      0                         1     -1        0
  SINCE JUL 1      0                         0      0        0

 COOLING
  YESTERDAY       21                        17      4       20
  MONTH TO DATE  110                       102      8      107
  SINCE JUN 1    576                       537     39      574
  SINCE JAN 1    965                       934     31     1088
..................................................................


WIND (MPH)
  HIGHEST WIND SPEED    25   HIGHEST WIND DIRECTION     S (180)
  HIGHEST GUST SPEED    31   HIGHEST GUST DIRECTION     S (160)
  AVERAGE WIND SPEED    15.3


SKY COVER
  POSSIBLE SUNSHINE  MM
  AVERAGE SKY COVER 0.3


WEATHER CONDITIONS
 THE FOLLOWING WEATHER WAS RECORDED YESTERDAY.
  NO SIGNIFICANT WEATHER WAS OBSERVED.


RELATIVE HUMIDITY (PERCENT)
 HIGHEST    87           600 AM
 LOWEST     36           600 PM
 AVERAGE    62

..........................................................


THE ABILENE CLIMATE NORMALS FOR TODAY
                         NORMAL    RECORD    YEAR
 MAXIMUM TEMPERATURE (F)   94       106      1998
 MINIMUM TEMPERATURE (F)   72        59      1905


SUNRISE AND SUNSET
JULY  7 2015..........SUNRISE   638 AM CDT   SUNSET   849 PM CDT
JULY  8 2015..........SUNRISE   638 AM CDT   SUNSET   849 PM CDT


-  INDICATES NEGATIVE NUMBERS.
R  INDICATES RECORD WAS SET OR TIED.
MM INDICATES DATA IS MISSING.
T  INDICATES TRACE AMOUNT.




$$
