000
CDUS44 KSJT 162333
CLIABI


CLIMATE REPORT
NATIONAL WEATHER SERVICE SAN ANGELO TX
531 PM CST TUE JAN 16 2018


...................................

...THE ABILENE CLIMATE SUMMARY FOR JANUARY 16 2018...
VALID TODAY AS OF 0500 PM LOCAL TIME.

CLIMATE NORMAL PERIOD 1981 TO 2010
CLIMATE RECORD PERIOD 1886 TO 2018


WEATHER ITEM   OBSERVED TIME   RECORD YEAR NORMAL DEPARTURE LAST
                VALUE   (LST)  VALUE       VALUE  FROM      YEAR
                                                  NORMAL
..................................................................
TEMPERATURE (F)
 TODAY
  MAXIMUM         26    453 PM  84    1938  57    -31       63
  MINIMUM         15    919 AM   3    1888  33    -18       34
  AVERAGE         21                        45    -24       49

PRECIPITATION (IN)
  TODAY            T             1.17 2004   0.03  -0.03     0.00
  MONTH TO DATE    T                         0.47  -0.47     1.50
  SINCE DEC 1      1.05                      1.70  -0.65     2.89
  SINCE JAN 1      T                         0.47  -0.47     1.50

SNOWFALL (IN)
  TODAY            T             1.0  1953   0.0    0.0      0.0
  MONTH TO DATE    T                         0.9   -0.9       T
  SINCE NOV 1      T                         2.7   -2.7       T
  SINCE JUL 1      T                         2.7   -2.7       T

DEGREE DAYS
 HEATING
  TODAY           44                        20     24       16
  MONTH TO DATE  408                       330     78      320
  SINCE DEC 1   1037                       942     95      886
  SINCE JUL 1   1432                      1375     57     1077

 COOLING
  TODAY            0                         0      0        0
  MONTH TO DATE    0                         0      0        3
  SINCE DEC 1      1                         1      0        3
  SINCE JAN 1      0                         0      0        3
..................................................................


WIND (MPH)
  HIGHEST WIND SPEED    29   HIGHEST WIND DIRECTION     N (10)
  HIGHEST GUST SPEED    36   HIGHEST GUST DIRECTION     N (10)
  AVERAGE WIND SPEED    17.2


SKY COVER
  POSSIBLE SUNSHINE  MM
  AVERAGE SKY COVER 0.7


WEATHER CONDITIONS
 THE FOLLOWING WEATHER WAS RECORDED TODAY.
  NO SIGNIFICANT WEATHER WAS OBSERVED.


RELATIVE HUMIDITY (PERCENT)
 HIGHEST    51           900 AM
 LOWEST     25           400 PM
 AVERAGE    38

..........................................................


THE ABILENE CLIMATE NORMALS FOR TOMORROW
                         NORMAL    RECORD    YEAR
 MAXIMUM TEMPERATURE (F)   57        80      1974
                                             1906
 MINIMUM TEMPERATURE (F)   33        -1      1930


SUNRISE AND SUNSET
JANUARY 16 2018.......SUNRISE   740 AM CST   SUNSET   557 PM CST
JANUARY 17 2018.......SUNRISE   740 AM CST   SUNSET   558 PM CST


-  INDICATES NEGATIVE NUMBERS.
R  INDICATES RECORD WAS SET OR TIED.
MM INDICATES DATA IS MISSING.
T  INDICATES TRACE AMOUNT.




$$
