000
CDUS44 KSJT 290700
CLIABI


CLIMATE REPORT
NATIONAL WEATHER SERVICE SAN ANGELO TX
159 AM CDT FRI APR 29 2016


...................................

...THE ABILENE CLIMATE SUMMARY FOR APRIL 28 2016...

CLIMATE NORMAL PERIOD 1981 TO 2010
CLIMATE RECORD PERIOD 1886 TO 2016


WEATHER ITEM   OBSERVED TIME   RECORD YEAR NORMAL DEPARTURE LAST
                VALUE   (LST)  VALUE       VALUE  FROM      YEAR
                                                  NORMAL
..................................................................
TEMPERATURE (F)
 YESTERDAY
  MAXIMUM         83    427 PM  99    1902  80      3       58
                                      1887
  MINIMUM         55    407 AM  37    2008  56     -1       46
  AVERAGE         69                        68      1       52

PRECIPITATION (IN)
  YESTERDAY        0.00          2.05 1930   0.07  -0.07     0.54
  MONTH TO DATE    6.24                      1.49   4.75     2.18
  SINCE MAR 1      8.55                      3.23   5.32     3.78
  SINCE JAN 1      9.27                      5.61   3.66     7.29

SNOWFALL (IN)
  YESTERDAY        0.0           0.0  2000   0.0    0.0      0.0
  MONTH TO DATE    T                         0.3   -0.3      0.0
  SINCE NOV 1      5.1                       4.7    0.4      3.7
  SINCE JUL 1      5.1                       4.7    0.4      3.7

DEGREE DAYS
 HEATING
  YESTERDAY        0                         2     -2       13
  MONTH TO DATE   79                       109    -30       55
  SINCE MAR 1    266                       407   -141      381
  SINCE JUL 1   2020                      2540   -520     2458

 COOLING
  YESTERDAY        4                         5     -1        0
  MONTH TO DATE   55                        88    -33      120
  SINCE MAR 1     73                       117    -44      167
  SINCE JAN 1     87                       122    -35      171
..................................................................


WIND (MPH)
  HIGHEST WIND SPEED    26   HIGHEST WIND DIRECTION    SE (140)
  HIGHEST GUST SPEED    33   HIGHEST GUST DIRECTION    SE (140)
  AVERAGE WIND SPEED    16.5


SKY COVER
  POSSIBLE SUNSHINE  MM
  AVERAGE SKY COVER 0.0


WEATHER CONDITIONS
 THE FOLLOWING WEATHER WAS RECORDED YESTERDAY.
  NO SIGNIFICANT WEATHER WAS OBSERVED.


RELATIVE HUMIDITY (PERCENT)
 HIGHEST    78          1100 PM
 LOWEST     34           400 PM
 AVERAGE    56

..........................................................


THE ABILENE CLIMATE NORMALS FOR TODAY
                         NORMAL    RECORD    YEAR
 MAXIMUM TEMPERATURE (F)   81        99      1928
 MINIMUM TEMPERATURE (F)   56        37      1908
                                             1907


SUNRISE AND SUNSET
APRIL 29 2016.........SUNRISE   654 AM CDT   SUNSET   819 PM CDT
APRIL 30 2016.........SUNRISE   653 AM CDT   SUNSET   820 PM CDT


-  INDICATES NEGATIVE NUMBERS.
R  INDICATES RECORD WAS SET OR TIED.
MM INDICATES DATA IS MISSING.
T  INDICATES TRACE AMOUNT.




$$
