864
CDUS45 KABQ 060839
CLIABQ


CLIMATE REPORT
NATIONAL WEATHER SERVICE ALBUQUERQUE NM
138 AM MST SAT FEB 6 2016


...................................

...THE ALBUQUERQUE  NM CLIMATE SUMMARY FOR FEBRUARY 5 2016...

CLIMATE NORMAL PERIOD 1981 TO 2010
CLIMATE RECORD PERIOD 1891 TO 2016


WEATHER ITEM   OBSERVED TIME   RECORD YEAR NORMAL DEPARTURE LAST
                VALUE   (LST)  VALUE       VALUE  FROM      YEAR
                                                  NORMAL
..................................................................
TEMPERATURE (F)
 YESTERDAY
  MAXIMUM         43    353 PM  72    1918  50     -7       64
  MINIMUM         23    735 AM   7    1894  28     -5       32
  AVERAGE         33                        39     -6       48

PRECIPITATION (IN)
  YESTERDAY        0.00          0.20 1928   0.02  -0.02
  MONTH TO DATE    0.03                      0.08  -0.05
  SINCE DEC 1      1.38                      0.96   0.42
  SINCE JAN 1      0.40                      0.46  -0.06

SNOWFALL (IN)
  YESTERDAY        0.0
  MONTH TO DATE    0.2
  SINCE DEC 1      9.6
  SINCE JUL 1      9.6
  SNOW DEPTH       0

DEGREE DAYS
 HEATING
  YESTERDAY       32                        26      6       17
  MONTH TO DATE  168                       131     37       99
  SINCE DEC 1   1897                      1906     -9     1737
  SINCE JUL 1   2614                      2773   -159     2420

 COOLING
  YESTERDAY        0                         0      0        0
  MONTH TO DATE    0                         0      0        0
  SINCE DEC 1      0                         0      0        0
  SINCE JAN 1      0                         0      0        0
..................................................................


WIND (MPH)
  HIGHEST WIND SPEED    29   HIGHEST WIND DIRECTION    NW (330)
  HIGHEST GUST SPEED    40   HIGHEST GUST DIRECTION     N (340)
  AVERAGE WIND SPEED    13.9


SKY COVER
  POSSIBLE SUNSHINE  MM
  AVERAGE SKY COVER 0.0


WEATHER CONDITIONS
 THE FOLLOWING WEATHER WAS RECORDED YESTERDAY.
  NO SIGNIFICANT WEATHER WAS OBSERVED.


RELATIVE HUMIDITY (PERCENT)
 HIGHEST    60           500 AM
 LOWEST     18           500 PM
 AVERAGE    39

..........................................................


THE ALBUQUERQUE  NM CLIMATE NORMALS FOR TODAY
                         NORMAL    RECORD    YEAR
 MAXIMUM TEMPERATURE (F)   50        73      1918
 MINIMUM TEMPERATURE (F)   29         5      1989
                                             1964


SUNRISE AND SUNSET
FEBRUARY  6 2016......SUNRISE   702 AM MST   SUNSET   540 PM MST
FEBRUARY  7 2016......SUNRISE   701 AM MST   SUNSET   541 PM MST


-  INDICATES NEGATIVE NUMBERS.
R  INDICATES RECORD WAS SET OR TIED.
MM INDICATES DATA IS MISSING.
T  INDICATES TRACE AMOUNT.

$$
