000
CDUS45 KABQ 220833
CLIABQ


CLIMATE REPORT
NATIONAL WEATHER SERVICE ALBUQUERQUE NM
233 AM MDT TUE JUL 22 2014


...................................

...THE ALBUQUERQUE  NM CLIMATE SUMMARY FOR JULY 21 2014...

CLIMATE NORMAL PERIOD 1981 TO 2010
CLIMATE RECORD PERIOD 1897 TO 2014


WEATHER ITEM   OBSERVED TIME   RECORD YEAR NORMAL DEPARTURE LAST
                VALUE   (LST)  VALUE       VALUE  FROM      YEAR
                                                  NORMAL
..................................................................
TEMPERATURE (F)
 YESTERDAY
  MAXIMUM         95    447 PM 102    1981  90      5       90
  MINIMUM         70    514 AM  53    1918  67      3       68
  AVERAGE         83                        78      5       79

PRECIPITATION (IN)
  YESTERDAY        0.00          0.83 1912   0.05  -0.05
  MONTH TO DATE    2.16                      0.94   1.22
  SINCE JUN 1      2.27                      1.60   0.67
  SINCE JAN 1      3.28                      4.14  -0.86

SNOWFALL (IN)
  YESTERDAY        0.0
  MONTH TO DATE    0.0
  SINCE JUN 1      0.0
  SINCE JUL 1      0.0
  SNOW DEPTH       0

DEGREE DAYS
 HEATING
  YESTERDAY        0                         0      0        0
  MONTH TO DATE    0                         0      0        0
  SINCE JUN 1      0                         4     -4        0
  SINCE JUL 1      0                         0      0        0

 COOLING
  YESTERDAY       18                        13      5       14
  MONTH TO DATE  287                       284      3      270
  SINCE JUN 1    673                       586     87      725
  SINCE JAN 1    785                       684    101      842
..................................................................


WIND (MPH)
  HIGHEST WIND SPEED    14   HIGHEST WIND DIRECTION     E (90)
  HIGHEST GUST SPEED    16   HIGHEST GUST DIRECTION     E (110)
  AVERAGE WIND SPEED     4.8


SKY COVER
  POSSIBLE SUNSHINE  MM
  AVERAGE SKY COVER 0.5


WEATHER CONDITIONS
 THE FOLLOWING WEATHER WAS RECORDED YESTERDAY.
  NO SIGNIFICANT WEATHER WAS OBSERVED.


RELATIVE HUMIDITY (PERCENT)
 HIGHEST    57           400 AM
 LOWEST     16           600 PM
 AVERAGE    37

..........................................................


THE ALBUQUERQUE  NM CLIMATE NORMALS FOR TODAY
                         NORMAL    RECORD    YEAR
 MAXIMUM TEMPERATURE (F)   90       101      1981
                                             1963
 MINIMUM TEMPERATURE (F)   67        52      1918


SUNRISE AND SUNSET
JULY 22 2014..........SUNRISE   609 AM MDT   SUNSET   817 PM MDT
JULY 23 2014..........SUNRISE   609 AM MDT   SUNSET   816 PM MDT


-  INDICATES NEGATIVE NUMBERS.
R  INDICATES RECORD WAS SET OR TIED.
MM INDICATES DATA IS MISSING.
T  INDICATES TRACE AMOUNT.




$$
