000
CDUS45 KABQ 200828
CLIABQ


CLIMATE REPORT
NATIONAL WEATHER SERVICE ALBUQUERQUE NM
127 AM MST SAT DEC 20 2014


...................................

...THE ALBUQUERQUE  NM CLIMATE SUMMARY FOR DECEMBER 19 2014...

CLIMATE NORMAL PERIOD 1981 TO 2010
CLIMATE RECORD PERIOD 1897 TO 2014


WEATHER ITEM   OBSERVED TIME   RECORD YEAR NORMAL DEPARTURE LAST
                VALUE   (LST)  VALUE       VALUE  FROM      YEAR
                                                  NORMAL
..................................................................
TEMPERATURE (F)
 YESTERDAY
  MAXIMUM         45    247 PM  62    1978  45      0       56
                                      1917
  MINIMUM         31    828 AM   2    1909  26      5       31
  AVERAGE         38                        36      2       44

PRECIPITATION (IN)
  YESTERDAY        0.00          0.56 2011   0.01  -0.01
  MONTH TO DATE    1.10                      0.31   0.79
  SINCE DEC 1      1.10                      0.31   0.79
  SINCE JAN 1      8.77                      9.26  -0.49

SNOWFALL (IN)
  YESTERDAY        0.0
  MONTH TO DATE    0.9
  SINCE DEC 1      0.9
  SINCE JUL 1      0.9
  SNOW DEPTH       0

DEGREE DAYS
 HEATING
  YESTERDAY       27                        29     -2       21
  MONTH TO DATE  395                       532   -137      559
  SINCE DEC 1    395                       532   -137      559
  SINCE JUL 1   1078                      1399   -321     1449

 COOLING
  YESTERDAY        0                         0      0        0
  MONTH TO DATE    0                         0      0        0
  SINCE DEC 1      0                         0      0        0
  SINCE JAN 1   1444                      1322    122     1565
..................................................................


WIND (MPH)
  HIGHEST WIND SPEED    21   HIGHEST WIND DIRECTION    NW (300)
  HIGHEST GUST SPEED    28   HIGHEST GUST DIRECTION    NW (310)
  AVERAGE WIND SPEED     9.7


SKY COVER
  POSSIBLE SUNSHINE  MM
  AVERAGE SKY COVER 0.2


WEATHER CONDITIONS
 THE FOLLOWING WEATHER WAS RECORDED YESTERDAY.
  NO SIGNIFICANT WEATHER WAS OBSERVED.


RELATIVE HUMIDITY (PERCENT)
 HIGHEST    78          1200 AM
 LOWEST     41           300 PM
 AVERAGE    60

..........................................................


THE ALBUQUERQUE  NM CLIMATE NORMALS FOR TODAY
                         NORMAL    RECORD    YEAR
 MAXIMUM TEMPERATURE (F)   45        64      1981
 MINIMUM TEMPERATURE (F)   26         0      1909


SUNRISE AND SUNSET
DECEMBER 20 2014......SUNRISE   710 AM MST   SUNSET   458 PM MST
DECEMBER 21 2014......SUNRISE   711 AM MST   SUNSET   459 PM MST


-  INDICATES NEGATIVE NUMBERS.
R  INDICATES RECORD WAS SET OR TIED.
MM INDICATES DATA IS MISSING.
T  INDICATES TRACE AMOUNT.




$$
