000
CDUS45 KABQ 300842
CLIABQ


CLIMATE REPORT
NATIONAL WEATHER SERVICE ALBUQUERQUE NM
236 AM MDT SAT APR 30 2016


...................................

...THE ALBUQUERQUE  NM CLIMATE SUMMARY FOR APRIL 29 2016...

CLIMATE NORMAL PERIOD 1981 TO 2010
CLIMATE RECORD PERIOD 1891 TO 2016


WEATHER ITEM   OBSERVED TIME   RECORD YEAR NORMAL DEPARTURE LAST
                VALUE   (LST)  VALUE       VALUE  FROM      YEAR
                                                  NORMAL
..................................................................
TEMPERATURE (F)
 YESTERDAY
  MAXIMUM         59   1203 PM  88    1992  73    -14       75
                                      1981
                                      1943
  MINIMUM         42    600 AM  31    1991  47     -5       43
  AVERAGE         51                        60     -9       59

PRECIPITATION (IN)
  YESTERDAY        0.14          1.28 1907   0.01   0.13
  MONTH TO DATE    0.65                      0.59   0.06
  SINCE MAR 1      0.65                      1.16  -0.51
  SINCE JAN 1      1.07                      2.02  -0.95

SNOWFALL (IN)
  YESTERDAY        0.0
  MONTH TO DATE    T
  SINCE MAR 1      T
  SINCE JUL 1      9.8
  SNOW DEPTH       0

DEGREE DAYS
 HEATING
  YESTERDAY       14                         5      9        6
  MONTH TO DATE  260                       272    -12      241
  SINCE MAR 1    672                       796   -124      605
  SINCE JUL 1   3682                      4099   -417     3526

 COOLING
  YESTERDAY        0                         1     -1        0
  MONTH TO DATE    5                         5      0        0
  SINCE MAR 1      5                         5      0        0
  SINCE JAN 1      5                         5      0        0
..................................................................


WIND (MPH)
  HIGHEST WIND SPEED    26   HIGHEST WIND DIRECTION    SW (240)
  HIGHEST GUST SPEED    32   HIGHEST GUST DIRECTION     W (290)
  AVERAGE WIND SPEED    10.5


SKY COVER
  POSSIBLE SUNSHINE  MM
  AVERAGE SKY COVER 0.7


WEATHER CONDITIONS
 THE FOLLOWING WEATHER WAS RECORDED YESTERDAY.
  RAIN
  LIGHT RAIN


RELATIVE HUMIDITY (PERCENT)
 HIGHEST    89           400 AM
 LOWEST     26          1200 AM
 AVERAGE    58

..........................................................


THE ALBUQUERQUE  NM CLIMATE NORMALS FOR TODAY
                         NORMAL    RECORD    YEAR
 MAXIMUM TEMPERATURE (F)   74        88      1981
 MINIMUM TEMPERATURE (F)   48        27      1975


SUNRISE AND SUNSET
APRIL 30 2016.........SUNRISE   616 AM MDT   SUNSET   752 PM MDT
MAY  1 2016...........SUNRISE   615 AM MDT   SUNSET   752 PM MDT


-  INDICATES NEGATIVE NUMBERS.
R  INDICATES RECORD WAS SET OR TIED.
MM INDICATES DATA IS MISSING.
T  INDICATES TRACE AMOUNT.

$$
