000
CDUS45 KABQ 010833
CLIABQ


CLIMATE REPORT
NATIONAL WEATHER SERVICE ALBUQUERQUE NM
231 AM MDT TUE SEP 1 2015


...................................

...THE ALBUQUERQUE  NM CLIMATE SUMMARY FOR AUGUST 31 2015...

CLIMATE NORMAL PERIOD 1981 TO 2010
CLIMATE RECORD PERIOD 1891 TO 2015


WEATHER ITEM   OBSERVED TIME   RECORD YEAR NORMAL DEPARTURE LAST
                VALUE   (LST)  VALUE       VALUE  FROM      YEAR
                                                  NORMAL
..................................................................
TEMPERATURE (F)
 YESTERDAY
  MAXIMUM         91    229 PM  96    2011  86      5       92
  MINIMUM         65    428 AM  49    1918  63      2       65
  AVERAGE         78                        74      4       79

PRECIPITATION (IN)
  YESTERDAY        T             0.33 1945   0.04  -0.04
  MONTH TO DATE    0.32                      1.58  -1.26
  SINCE JUN 1      4.16                      3.74   0.42
  SINCE JAN 1      7.80                      6.28   1.52

SNOWFALL (IN)
  YESTERDAY        0.0
  MONTH TO DATE    0.0
  SINCE JUN 1      0.0
  SINCE JUL 1      0.0
  SNOW DEPTH       0

DEGREE DAYS
 HEATING
  YESTERDAY        0                         0      0        0
  MONTH TO DATE    0                         0      0        0
  SINCE JUN 1      0                         4     -4        0
  SINCE JUL 1      0                         0      0        0

 COOLING
  YESTERDAY       13                         9      4       14
  MONTH TO DATE  431                       346     85      293
  SINCE JUN 1   1193                      1059    134     1118
  SINCE JAN 1   1226                      1157     69     1230
..................................................................


WIND (MPH)
  HIGHEST WIND SPEED    28   HIGHEST WIND DIRECTION     S (180)
  HIGHEST GUST SPEED    39   HIGHEST GUST DIRECTION     S (180)
  AVERAGE WIND SPEED     6.4


SKY COVER
  POSSIBLE SUNSHINE  MM
  AVERAGE SKY COVER 0.5


WEATHER CONDITIONS
 THE FOLLOWING WEATHER WAS RECORDED YESTERDAY.
  THUNDERSTORM
  LIGHT RAIN


RELATIVE HUMIDITY (PERCENT)
 HIGHEST    53           600 AM
 LOWEST     21           200 PM
 AVERAGE    37

..........................................................


THE ALBUQUERQUE  NM CLIMATE NORMALS FOR TODAY
                         NORMAL    RECORD    YEAR
 MAXIMUM TEMPERATURE (F)   85        97      1982
                                             1905
 MINIMUM TEMPERATURE (F)   63        47      1917


SUNRISE AND SUNSET
SEPTEMBER  1 2015.....SUNRISE   639 AM MDT   SUNSET   733 PM MDT
SEPTEMBER  2 2015.....SUNRISE   640 AM MDT   SUNSET   732 PM MDT


-  INDICATES NEGATIVE NUMBERS.
R  INDICATES RECORD WAS SET OR TIED.
MM INDICATES DATA IS MISSING.
T  INDICATES TRACE AMOUNT.




$$
