000
CDUS45 KABQ 210842
CLIABQ


CLIMATE REPORT
NATIONAL WEATHER SERVICE ALBUQUERQUE NM
240 AM MDT SUN SEP 21 2014


...................................

...THE ALBUQUERQUE  NM CLIMATE SUMMARY FOR SEPTEMBER 20 2014...

CLIMATE NORMAL PERIOD 1981 TO 2010
CLIMATE RECORD PERIOD 1897 TO 2014


WEATHER ITEM   OBSERVED TIME   RECORD YEAR NORMAL DEPARTURE LAST
                VALUE   (LST)  VALUE       VALUE  FROM      YEAR
                                                  NORMAL
..................................................................
TEMPERATURE (F)
 YESTERDAY
  MAXIMUM         91    304 PM  93    1956  79     12       80
  MINIMUM         63    645 AM  34    1912  56      7       61
  AVERAGE         77                        68      9       71

PRECIPITATION (IN)
  YESTERDAY        0.00          0.95 1974   0.03  -0.03
  MONTH TO DATE    0.55                      0.71  -0.16
  SINCE SEP 1      0.55                      0.71  -0.16
  SINCE JAN 1      6.61                      6.99  -0.38

SNOWFALL (IN)
  YESTERDAY        0.0
  MONTH TO DATE    0.0
  SINCE SEP 1      0.0
  SINCE JUL 1      0.0
  SNOW DEPTH       0

DEGREE DAYS
 HEATING
  YESTERDAY        0                         1     -1        0
  MONTH TO DATE    5                         6     -1        0
  SINCE SEP 1      5                         6     -1        0
  SINCE JUL 1      5                         6     -1        0

 COOLING
  YESTERDAY       12                         4      8        6
  MONTH TO DATE  158                       131     27      172
  SINCE SEP 1    158                       131     27      172
  SINCE JAN 1   1388                      1288    100     1547
..................................................................


WIND (MPH)
  HIGHEST WIND SPEED    25   HIGHEST WIND DIRECTION    SE (130)
  HIGHEST GUST SPEED    34   HIGHEST GUST DIRECTION    SE (120)
  AVERAGE WIND SPEED     9.5


SKY COVER
  POSSIBLE SUNSHINE  MM
  AVERAGE SKY COVER 0.3


WEATHER CONDITIONS
 THE FOLLOWING WEATHER WAS RECORDED YESTERDAY.
  NO SIGNIFICANT WEATHER WAS OBSERVED.


RELATIVE HUMIDITY (PERCENT)
 HIGHEST    78           500 AM
 LOWEST     17           300 PM
 AVERAGE    48

..........................................................


THE ALBUQUERQUE  NM CLIMATE NORMALS FOR TODAY
                         NORMAL    RECORD    YEAR
 MAXIMUM TEMPERATURE (F)   79        91      1966
                                             1944
                                             1926
 MINIMUM TEMPERATURE (F)   56        32      1912


SUNRISE AND SUNSET
SEPTEMBER 21 2014.....SUNRISE   654 AM MDT   SUNSET   705 PM MDT
SEPTEMBER 22 2014.....SUNRISE   654 AM MDT   SUNSET   703 PM MDT


-  INDICATES NEGATIVE NUMBERS.
R  INDICATES RECORD WAS SET OR TIED.
MM INDICATES DATA IS MISSING.
T  INDICATES TRACE AMOUNT.




$$
