000
CDUS45 KABQ 010030
CLIABQ


CLIMATE REPORT
NATIONAL WEATHER SERVICE ALBUQUERQUE NM
630 PM MDT WED AUG 31 2016


...................................

...THE ALBUQUERQUE  NM CLIMATE SUMMARY FOR AUGUST 31 2016...
VALID TODAY AS OF 0500 PM LOCAL TIME.

CLIMATE NORMAL PERIOD 1981 TO 2010
CLIMATE RECORD PERIOD 1891 TO 2016


WEATHER ITEM   OBSERVED TIME   RECORD YEAR NORMAL DEPARTURE LAST
                VALUE   (LST)  VALUE       VALUE  FROM      YEAR
                                                  NORMAL
..................................................................
TEMPERATURE (F)
 TODAY
  MAXIMUM         83    415 PM  96    2011  86     -3       91
  MINIMUM         61    605 AM  49    1918  63     -2       65
  AVERAGE         72                        74     -2       78

PRECIPITATION (IN)
  TODAY            0.00          0.33 1945   0.04  -0.04
  MONTH TO DATE    0.86                      1.58  -0.72
  SINCE JUN 1      2.17                      3.74  -1.57
  SINCE JAN 1      3.36                      6.28  -2.92

SNOWFALL (IN)
  TODAY            0.0
  MONTH TO DATE    0.0
  SINCE JUN 1      0.0
  SINCE JUL 1      0.0
  SNOW DEPTH       0

DEGREE DAYS
 HEATING
  TODAY            0                         0      0        0
  MONTH TO DATE    0                         0      0        0
  SINCE JUN 1      0                         4     -4        0
  SINCE JUL 1      0                         0      0        0

 COOLING
  TODAY            7                         9     -2       13
  MONTH TO DATE  291                       346    -55      431
  SINCE JUN 1   1241                      1059    182     1193
  SINCE JAN 1   1312                      1157    155     1226
..................................................................


WIND (MPH)
  HIGHEST WIND SPEED    23   HIGHEST WIND DIRECTION     E (90)
  HIGHEST GUST SPEED    25   HIGHEST GUST DIRECTION     E (90)
  AVERAGE WIND SPEED     9.3


SKY COVER
  POSSIBLE SUNSHINE  MM
  AVERAGE SKY COVER 0.5



RELATIVE HUMIDITY (PERCENT)
 HIGHEST    84           600 AM
 LOWEST     33           400 PM
 AVERAGE    59

..........................................................


THE ALBUQUERQUE  NM CLIMATE NORMALS FOR TOMORROW
                         NORMAL    RECORD    YEAR
 MAXIMUM TEMPERATURE (F)   85        97      1982
                                             1905
 MINIMUM TEMPERATURE (F)   63        47      1917


SUNRISE AND SUNSET
AUGUST 31 2016........SUNRISE   639 AM MDT   SUNSET   734 PM MDT
SEPTEMBER  1 2016.....SUNRISE   640 AM MDT   SUNSET   732 PM MDT


-  INDICATES NEGATIVE NUMBERS.
R  INDICATES RECORD WAS SET OR TIED.
MM INDICATES DATA IS MISSING.
T  INDICATES TRACE AMOUNT.




$$
