000
CDUS45 KABQ 280836
CLIABQ


CLIMATE REPORT
NATIONAL WEATHER SERVICE ALBUQUERQUE NM
236 AM MDT SAT MAY 28 2016


...................................

...THE ALBUQUERQUE  NM CLIMATE SUMMARY FOR MAY 27 2016...

CLIMATE NORMAL PERIOD 1981 TO 2010
CLIMATE RECORD PERIOD 1891 TO 2016


WEATHER ITEM   OBSERVED TIME   RECORD YEAR NORMAL DEPARTURE LAST
                VALUE   (LST)  VALUE       VALUE  FROM      YEAR
                                                  NORMAL
..................................................................
TEMPERATURE (F)
 YESTERDAY
  MAXIMUM         77    241 PM  98    1951  83     -6       79
  MINIMUM         45    533 AM  30    1917  56    -11       57
  AVERAGE         61                        69     -8       68

PRECIPITATION (IN)
  YESTERDAY        T             0.53 1937   0.01  -0.01
  MONTH TO DATE    0.11                      0.43  -0.32
  SINCE MAR 1      0.77                      1.61  -0.84
  SINCE JAN 1      1.19                      2.47  -1.28

SNOWFALL (IN)
  YESTERDAY        0.0
  MONTH TO DATE    T
  SINCE MAR 1      T
  SINCE JUL 1      9.8
  SNOW DEPTH       0

DEGREE DAYS
 HEATING
  YESTERDAY        4                         1      3        0
  MONTH TO DATE   90                        68     22      125
  SINCE MAR 1    774                       869    -95      730
  SINCE JUL 1   3784                      4172   -388     3651

 COOLING
  YESTERDAY        0                         5     -5        3
  MONTH TO DATE   48                        70    -22        7
  SINCE MAR 1     53                        77    -24        7
  SINCE JAN 1     53                        77    -24        7
..................................................................


WIND (MPH)
  HIGHEST WIND SPEED    33   HIGHEST WIND DIRECTION    NW (300)
  HIGHEST GUST SPEED    49   HIGHEST GUST DIRECTION    NW (300)
  AVERAGE WIND SPEED     9.4


SKY COVER
  POSSIBLE SUNSHINE  MM
  AVERAGE SKY COVER 0.5


WEATHER CONDITIONS
 THE FOLLOWING WEATHER WAS RECORDED YESTERDAY.
  NO SIGNIFICANT WEATHER WAS OBSERVED.


RELATIVE HUMIDITY (PERCENT)
 HIGHEST    42           600 AM
 LOWEST     13           200 PM
 AVERAGE    28

..........................................................


THE ALBUQUERQUE  NM CLIMATE NORMALS FOR TODAY
                         NORMAL    RECORD    YEAR
 MAXIMUM TEMPERATURE (F)   83        97      1951
 MINIMUM TEMPERATURE (F)   56        38      1916


SUNRISE AND SUNSET
MAY 28 2016...........SUNRISE   555 AM MDT   SUNSET   813 PM MDT
MAY 29 2016...........SUNRISE   554 AM MDT   SUNSET   814 PM MDT


-  INDICATES NEGATIVE NUMBERS.
R  INDICATES RECORD WAS SET OR TIED.
MM INDICATES DATA IS MISSING.
T  INDICATES TRACE AMOUNT.




$$
