000
CDUS43 KABR 301038
CLIABR


CLIMATE REPORT
NATIONAL WEATHER SERVICE ABERDEEN SD
437 AM CST FRI JAN 30 2015


...................................

...THE ABERDEEN SD CLIMATE SUMMARY FOR JANUARY 29 2015...

CLIMATE NORMAL PERIOD 1981 TO 2010
CLIMATE RECORD PERIOD 1893 TO 2015


WEATHER ITEM   OBSERVED TIME   RECORD YEAR NORMAL DEPARTURE LAST
                VALUE   (LST)  VALUE       VALUE  FROM      YEAR
                                                  NORMAL
..................................................................
TEMPERATURE (F)
 YESTERDAY
  MAXIMUM         32    703 AM  58    1931  24      8       35
  MINIMUM         17   1158 PM -32    1951   2     15       -9
  AVERAGE         25                        13     12       13

PRECIPITATION (IN)
  YESTERDAY        0.00          0.40 1922   0.01  -0.01     0.00
                                      1916
  MONTH TO DATE    0.68                      0.44   0.24     0.25
  SINCE DEC 1      0.93                      0.96  -0.03     1.13
  SINCE JAN 1      0.68                      0.44   0.24     0.25

SNOWFALL (IN)
  YESTERDAY        0.0
  MONTH TO DATE    4.6
  SINCE OCT 1     13.4
  SINCE JUL 1     13.4
  SNOW DEPTH       0

DEGREE DAYS
 HEATING
  YESTERDAY       40                        52    -12       52
  MONTH TO DATE 1356                      1534   -178     1604
  SINCE DEC 1   2669                      3062   -393     3409
  SINCE JUL 1   4715                      5025   -310     5400

 COOLING
  YESTERDAY        0                         0      0        0
  MONTH TO DATE    0                         0      0        0
  SINCE DEC 1      0                         0      0        0
  SINCE JAN 1      0                         0      0        0
..................................................................


WIND (MPH)
  HIGHEST WIND SPEED    29   HIGHEST WIND DIRECTION    NW (330)
  HIGHEST GUST SPEED    35   HIGHEST GUST DIRECTION     N (340)
  AVERAGE WIND SPEED    14.8


SKY COVER
  POSSIBLE SUNSHINE  MM
  AVERAGE SKY COVER 1.0


WEATHER CONDITIONS
 THE FOLLOWING WEATHER WAS RECORDED YESTERDAY.
  NO SIGNIFICANT WEATHER WAS OBSERVED.


RELATIVE HUMIDITY (PERCENT)
 HIGHEST    78          1200 AM
 LOWEST     68          1200 PM
 AVERAGE    73

..........................................................


THE ABERDEEN SD CLIMATE NORMALS FOR TODAY
                         NORMAL    RECORD    YEAR
 MAXIMUM TEMPERATURE (F)   24        55      1931
 MINIMUM TEMPERATURE (F)    2       -32      1916


SUNRISE AND SUNSET
JANUARY 30 2015.......SUNRISE   757 AM CST   SUNSET   537 PM CST
JANUARY 31 2015.......SUNRISE   756 AM CST   SUNSET   539 PM CST


-  INDICATES NEGATIVE NUMBERS.
R  INDICATES RECORD WAS SET OR TIED.
MM INDICATES DATA IS MISSING.
T  INDICATES TRACE AMOUNT.




$$
