000
CDUS43 KABR 181040
CLIABR


CLIMATE REPORT
NATIONAL WEATHER SERVICE ABERDEEN SD
440 AM CST MON DEC 18 2017


...................................

...THE ABERDEEN SD CLIMATE SUMMARY FOR DECEMBER 17 2017...

CLIMATE NORMAL PERIOD 1981 TO 2010
CLIMATE RECORD PERIOD 1893 TO 2017


WEATHER ITEM   OBSERVED TIME   RECORD YEAR NORMAL DEPARTURE LAST
                VALUE   (LST)  VALUE       VALUE  FROM      YEAR
                                                  NORMAL
..................................................................
TEMPERATURE (F)
 YESTERDAY
  MAXIMUM         40    220 PM  53    1939  25     15       -2
  MINIMUM         20    430 AM -32    2016   5     15      -32
  AVERAGE         30                        15     15      -17

PRECIPITATION (IN)
  YESTERDAY        0.00          1.00 1902   0.01  -0.01     0.03
  MONTH TO DATE    0.12                      0.28  -0.16     0.49
  SINCE DEC 1      0.12                      0.28  -0.16     0.49
  SINCE JAN 1     14.99                     21.48  -6.49    19.30

SNOWFALL (IN)
  YESTERDAY        0.0           3.5  1924   0.2   -0.2      0.5
  MONTH TO DATE    0.8                       3.7   -2.9     10.3
  SINCE OCT 1      1.6                      11.4   -9.8     15.5
  SINCE JUL 1      1.6                      11.4   -9.8     15.5
  SNOW DEPTH       0

DEGREE DAYS
 HEATING
  YESTERDAY       35                        50    -15       82
  MONTH TO DATE  630                       807   -177      955
  SINCE DEC 1    630                       807   -177      955
  SINCE JUL 1   2407                      2770   -363     2305

 COOLING
  YESTERDAY        0                         0      0        0
  MONTH TO DATE    0                         0      0        0
  SINCE DEC 1      0                         0      0        0
  SINCE JAN 1    552                       525     27      722
..................................................................


WIND (MPH)
  HIGHEST WIND SPEED    10   HIGHEST WIND DIRECTION     S (180)
  HIGHEST GUST SPEED    13   HIGHEST GUST DIRECTION     S (190)
  AVERAGE WIND SPEED     4.4


SKY COVER
  POSSIBLE SUNSHINE  MM
  AVERAGE SKY COVER 0.7


WEATHER CONDITIONS
 THE FOLLOWING WEATHER WAS RECORDED YESTERDAY.
  FOG


RELATIVE HUMIDITY (PERCENT)
 HIGHEST   100          1200 AM
 LOWEST     70           200 PM
 AVERAGE    85

..........................................................


THE ABERDEEN SD CLIMATE NORMALS FOR TODAY
                         NORMAL    RECORD    YEAR
 MAXIMUM TEMPERATURE (F)   25        58      1979
 MINIMUM TEMPERATURE (F)    5       -37      2016


SUNRISE AND SUNSET
DECEMBER 18 2017......SUNRISE   809 AM CST   SUNSET   452 PM CST
DECEMBER 19 2017......SUNRISE   810 AM CST   SUNSET   452 PM CST


-  INDICATES NEGATIVE NUMBERS.
R  INDICATES RECORD WAS SET OR TIED.
MM INDICATES DATA IS MISSING.
T  INDICATES TRACE AMOUNT.




$$
