000
CDUS43 KABR 282330
CLIABR


CLIMATE REPORT
NATIONAL WEATHER SERVICE ABERDEEN SD
528 PM CST FRI NOV 28 2014


...................................

...THE ABERDEEN SD CLIMATE SUMMARY FOR NOVEMBER 28 2014...
VALID TODAY AS OF 0500 PM LOCAL TIME.

CLIMATE NORMAL PERIOD 1981 TO 2010
CLIMATE RECORD PERIOD 1893 TO 2014


WEATHER ITEM   OBSERVED TIME   RECORD YEAR NORMAL DEPARTURE LAST
                VALUE   (LST)  VALUE       VALUE  FROM      YEAR
                                                  NORMAL
..................................................................
TEMPERATURE (F)
 TODAY
  MAXIMUM         24    119 PM  59    1949  32     -8       26
  MINIMUM          9    415 AM -21    1985  13     -4        5
  AVERAGE         17                        22     -5       16

PRECIPITATION (IN)
  TODAY            0.00          0.98 1905   0.01  -0.01      T
  MONTH TO DATE    0.64                      0.69  -0.05     0.10
  SINCE SEP 1      1.90                      4.87  -2.97     7.26
  SINCE JAN 1     17.53                     21.16  -3.63    21.02

SNOWFALL (IN)
  TODAY            0.0
  MONTH TO DATE    8.1
  SINCE OCT 1      8.1
  SINCE JUL 1      8.1
  SNOW DEPTH       2

DEGREE DAYS
 HEATING
  TODAY           48                        43      5       49
  MONTH TO DATE 1171                       987    184     1048
  SINCE SEP 1   1871                      1827     44     1857
  SINCE JUL 1   1933                      1878     55     1908
..................................................................


WIND (MPH)
  HIGHEST WIND SPEED    12   HIGHEST WIND DIRECTION     E (70)
  HIGHEST GUST SPEED    15   HIGHEST GUST DIRECTION    NE (40)
  AVERAGE WIND SPEED     7.2


SKY COVER
  POSSIBLE SUNSHINE  MM
  AVERAGE SKY COVER 0.4


WEATHER CONDITIONS
 THE FOLLOWING WEATHER WAS RECORDED TODAY.
  NO SIGNIFICANT WEATHER WAS OBSERVED.


RELATIVE HUMIDITY (PERCENT)
 HIGHEST    84           600 AM
 LOWEST     71           400 PM
 AVERAGE    78

..........................................................


THE ABERDEEN SD CLIMATE NORMALS FOR TOMORROW
                         NORMAL    RECORD    YEAR
 MAXIMUM TEMPERATURE (F)   32        55      1951
                                             1906
 MINIMUM TEMPERATURE (F)   12       -26      1964


SUNRISE AND SUNSET
NOVEMBER 28 2014......SUNRISE   750 AM CST   SUNSET   453 PM CST
NOVEMBER 29 2014......SUNRISE   751 AM CST   SUNSET   453 PM CST


-  INDICATES NEGATIVE NUMBERS.
R  INDICATES RECORD WAS SET OR TIED.
MM INDICATES DATA IS MISSING.
T  INDICATES TRACE AMOUNT.

&&

PEAK WIND WAS 15 MPH FROM THE NORTHEAST AT 225 PM CST

$$
