000
CDUS43 KABR 091033
CLIABR


CLIMATE REPORT
NATIONAL WEATHER SERVICE ABERDEEN SD
433 AM CST FRI DEC 9 2016


...................................

...THE ABERDEEN SD CLIMATE SUMMARY FOR DECEMBER 8 2016...

CLIMATE NORMAL PERIOD 1981 TO 2010
CLIMATE RECORD PERIOD 1893 TO 2016


WEATHER ITEM   OBSERVED TIME   RECORD YEAR NORMAL DEPARTURE LAST
                VALUE   (LST)  VALUE       VALUE  FROM      YEAR
                                                  NORMAL
..................................................................
TEMPERATURE (F)
 YESTERDAY
  MAXIMUM         15    230 PM  57    1894  28    -13       45
  MINIMUM         -7   1159 PM -27    1927   8    -15       22
  AVERAGE          4                        18    -14       34

PRECIPITATION (IN)
  YESTERDAY        T             0.36 1961   0.01  -0.01      T
  MONTH TO DATE    0.01                      0.14  -0.13     0.24
  SINCE DEC 1      0.01                      0.14  -0.13     0.24
  SINCE JAN 1     18.82                     21.34  -2.52    20.78

SNOWFALL (IN)
  YESTERDAY        0.2
  MONTH TO DATE    0.5
  SINCE OCT 1      5.7
  SINCE JUL 1      5.7
  SNOW DEPTH       T

DEGREE DAYS
 HEATING
  YESTERDAY       61                        47     14       31
  MONTH TO DATE  343                       366    -23      308
  SINCE DEC 1    343                       366    -23      308
  SINCE JUL 1   1693                      2329   -636     1720

 COOLING
  YESTERDAY        0                         0      0        0
  MONTH TO DATE    0                         0      0        0
  SINCE DEC 1      0                         0      0        0
  SINCE JAN 1    722                       525    197      677
..................................................................


WIND (MPH)
  HIGHEST WIND SPEED    28   HIGHEST WIND DIRECTION    NW (310)
  HIGHEST GUST SPEED    36   HIGHEST GUST DIRECTION    NW (320)
  AVERAGE WIND SPEED    14.9


SKY COVER
  POSSIBLE SUNSHINE  MM
  AVERAGE SKY COVER 0.6


WEATHER CONDITIONS
 THE FOLLOWING WEATHER WAS RECORDED YESTERDAY.
  LIGHT SNOW
  HAZE


RELATIVE HUMIDITY (PERCENT)
 HIGHEST    82          1100 PM
 LOWEST     58           300 PM
 AVERAGE    70

..........................................................


THE ABERDEEN SD CLIMATE NORMALS FOR TODAY
                         NORMAL    RECORD    YEAR
 MAXIMUM TEMPERATURE (F)   27        61      1939
 MINIMUM TEMPERATURE (F)    8       -27      1955


SUNRISE AND SUNSET
DECEMBER  9 2016......SUNRISE   802 AM CST   SUNSET   450 PM CST
DECEMBER 10 2016......SUNRISE   803 AM CST   SUNSET   450 PM CST


-  INDICATES NEGATIVE NUMBERS.
R  INDICATES RECORD WAS SET OR TIED.
MM INDICATES DATA IS MISSING.
T  INDICATES TRACE AMOUNT.




$$
