000
CDUS43 KABR 300902
CLIABR


CLIMATE REPORT
NATIONAL WEATHER SERVICE ABERDEEN SD
401 AM CDT SAT AUG 30 2014


...................................

...THE ABERDEEN SD CLIMATE SUMMARY FOR AUGUST 29 2014...

CLIMATE NORMAL PERIOD 1981 TO 2010
CLIMATE RECORD PERIOD 1893 TO 2014


WEATHER ITEM   OBSERVED TIME   RECORD YEAR NORMAL DEPARTURE LAST
                VALUE   (LST)  VALUE       VALUE  FROM      YEAR
                                                  NORMAL
..................................................................
TEMPERATURE (F)
 YESTERDAY
  MAXIMUM         79    403 PM 100    1961  79      0       93
  MINIMUM         59   1159 PM  30    1893  53      6       69
  AVERAGE         69                        66      3       81

PRECIPITATION (IN)
  YESTERDAY        0.00          1.10 1999   0.08  -0.08     0.00
                                      1899
  MONTH TO DATE    6.18                      2.27   3.91     0.15
  SINCE JUN 1     10.19                      8.99   1.20     5.05
  SINCE JAN 1     15.62                     16.13  -0.51    13.57

DEGREE DAYS
 HEATING
  YESTERDAY        0                         2     -2        0
  MONTH TO DATE   24                        32     -8       19
  SINCE JUN 1    144                       122     22      132
  SINCE JUL 1     61                        46     15       51

 COOLING
  YESTERDAY        4                         3      1       16
  MONTH TO DATE  101                       155    -54      158
  SINCE JUN 1    261                       455   -194      448
  SINCE JAN 1    303                       478   -175      469
..................................................................


WIND (MPH)
  HIGHEST WIND SPEED    24   HIGHEST WIND DIRECTION     N (350)
  HIGHEST GUST SPEED    30   HIGHEST GUST DIRECTION     N (350)
  AVERAGE WIND SPEED     9.6


SKY COVER
  POSSIBLE SUNSHINE  MM
  AVERAGE SKY COVER 0.8


WEATHER CONDITIONS
 THE FOLLOWING WEATHER WAS RECORDED YESTERDAY.
  FOG
  FOG W/VISIBILITY <= 1/4 MILE


RELATIVE HUMIDITY (PERCENT)
 HIGHEST   100          1200 AM
 LOWEST     58           400 PM
 AVERAGE    79

..........................................................


THE ABERDEEN SD CLIMATE NORMALS FOR TODAY
                         NORMAL    RECORD    YEAR
 MAXIMUM TEMPERATURE (F)   79       100      1898
 MINIMUM TEMPERATURE (F)   53        37      2003


SUNRISE AND SUNSET
AUGUST 30 2014........SUNRISE   653 AM CDT   SUNSET   815 PM CDT
AUGUST 31 2014........SUNRISE   654 AM CDT   SUNSET   813 PM CDT


-  INDICATES NEGATIVE NUMBERS.
R  INDICATES RECORD WAS SET OR TIED.
MM INDICATES DATA IS MISSING.
T  INDICATES TRACE AMOUNT.




$$
