000
CDUS43 KABR 011029
CLIABR


CLIMATE REPORT
NATIONAL WEATHER SERVICE ABERDEEN SD
529 AM CDT SAT AUG 1 2015


...................................

...THE ABERDEEN SD CLIMATE SUMMARY FOR JULY 31 2015...

CLIMATE NORMAL PERIOD 1981 TO 2010
CLIMATE RECORD PERIOD 1893 TO 2015


WEATHER ITEM   OBSERVED TIME   RECORD YEAR NORMAL DEPARTURE LAST
                VALUE   (LST)  VALUE       VALUE  FROM      YEAR
                                                  NORMAL
..................................................................
TEMPERATURE (F)
 YESTERDAY
  MAXIMUM         89    515 PM 106    1987  84      5       82
  MINIMUM         52    536 AM  42    1903  59     -7       52
  AVERAGE         71                        72     -1       67

PRECIPITATION (IN)
  YESTERDAY        0.00          0.97 1917   0.08  -0.08     0.00
  MONTH TO DATE    4.06                      3.02   1.04     0.70
  SINCE JUN 1      6.16                      6.72  -0.56     4.01
  SINCE JAN 1     14.38                     13.86   0.52     9.44

DEGREE DAYS
 HEATING
  YESTERDAY        0                         0      0        0
  MONTH TO DATE    5                         8     -3       37
  SINCE JUN 1     19                        90    -71      120
  SINCE JUL 1      5                        14     -9       37

 COOLING
  YESTERDAY        6                         7     -1        2
  MONTH TO DATE  249                       208     41      114
  SINCE JUN 1    388                       300     88      160
  SINCE JAN 1    402                       323     79      202
..................................................................


WIND (MPH)
  HIGHEST WIND SPEED    14   HIGHEST WIND DIRECTION    NW (330)
  HIGHEST GUST SPEED    17   HIGHEST GUST DIRECTION    NW (320)
  AVERAGE WIND SPEED     5.0


SKY COVER
  POSSIBLE SUNSHINE  MM
  AVERAGE SKY COVER 0.0


WEATHER CONDITIONS
 THE FOLLOWING WEATHER WAS RECORDED YESTERDAY.
  HAZE


RELATIVE HUMIDITY (PERCENT)
 HIGHEST    93           100 AM
 LOWEST     27           500 PM
 AVERAGE    60

..........................................................


THE ABERDEEN SD CLIMATE NORMALS FOR TODAY
                         NORMAL    RECORD    YEAR
 MAXIMUM TEMPERATURE (F)   84       111      1900
 MINIMUM TEMPERATURE (F)   59        44      1948


SUNRISE AND SUNSET
AUGUST  1 2015........SUNRISE   618 AM CDT   SUNSET   902 PM CDT
AUGUST  2 2015........SUNRISE   619 AM CDT   SUNSET   901 PM CDT


-  INDICATES NEGATIVE NUMBERS.
R  INDICATES RECORD WAS SET OR TIED.
MM INDICATES DATA IS MISSING.
T  INDICATES TRACE AMOUNT.




$$
