000
CDUS43 KABR 261521
CLIABR


CLIMATE REPORT
NATIONAL WEATHER SERVICE ABERDEEN SD
919 AM CST FRI DEC 26 2014


...................................

...THE ABERDEEN SD CLIMATE SUMMARY FOR DECEMBER 25 2014...

CLIMATE NORMAL PERIOD 1981 TO 2010
CLIMATE RECORD PERIOD 1893 TO 2014


WEATHER ITEM   OBSERVED TIME   RECORD YEAR NORMAL DEPARTURE LAST
                VALUE   (LST)  VALUE       VALUE  FROM      YEAR
                                                  NORMAL
..................................................................
TEMPERATURE (F)
 YESTERDAY
  MAXIMUM         31   1014 AM  51    1999  23      8       31
  MINIMUM         27   1159 PM -25    1996   3     24       17
  AVERAGE         29                        13     16       24

PRECIPITATION (IN)
  YESTERDAY        T             0.36 1950   0.02  -0.02     0.07
  MONTH TO DATE    0.25                      0.41  -0.16     0.68
  SINCE DEC 1      0.25                      0.41  -0.16     0.68
  SINCE JAN 1     17.78                     21.61  -3.83    21.70

SNOWFALL (IN)
  YESTERDAY        T
  MONTH TO DATE    0.7
  SINCE OCT 1      8.8
  SINCE JUL 1      8.8
  SNOW DEPTH       T

DEGREE DAYS
 HEATING
  YESTERDAY       36                        52    -16       41
  MONTH TO DATE  974                      1216   -242     1467
  SINCE DEC 1    974                      1216   -242     1467
  SINCE JUL 1   3020                      3179   -159     3458

 COOLING
  YESTERDAY        0                         0      0        0
  MONTH TO DATE    0                         0      0        0
  SINCE DEC 1      0                         0      0        0
  SINCE JAN 1    342                       525   -183      580
..................................................................


WIND (MPH)
  HIGHEST WIND SPEED    22   HIGHEST WIND DIRECTION     N (360)
  HIGHEST GUST SPEED    26   HIGHEST GUST DIRECTION     N (360)
  AVERAGE WIND SPEED    10.0


SKY COVER
  POSSIBLE SUNSHINE  MM
  AVERAGE SKY COVER 0.9


WEATHER CONDITIONS
 THE FOLLOWING WEATHER WAS RECORDED YESTERDAY.
  LIGHT SNOW
  FOG


RELATIVE HUMIDITY (PERCENT)
 HIGHEST    92           400 AM
 LOWEST     75           500 PM
 AVERAGE    84

..........................................................


THE ABERDEEN SD CLIMATE NORMALS FOR TODAY
                         NORMAL    RECORD    YEAR
 MAXIMUM TEMPERATURE (F)   23        54      1907
 MINIMUM TEMPERATURE (F)    3       -29      1990


SUNRISE AND SUNSET
DECEMBER 26 2014......SUNRISE   813 AM CST   SUNSET   456 PM CST
DECEMBER 27 2014......SUNRISE   813 AM CST   SUNSET   457 PM CST


-  INDICATES NEGATIVE NUMBERS.
R  INDICATES RECORD WAS SET OR TIED.
MM INDICATES DATA IS MISSING.
T  INDICATES TRACE AMOUNT.




$$
