000
CDUS42 KTAE 230631
CLIABY


CLIMATE REPORT
NATIONAL WEATHER SERVICE TALLAHASSEE FL
230 AM EDT FRI JUN 23 2017


...................................

...THE ALBANY CLIMATE SUMMARY FOR JUNE 22 2017...

CLIMATE NORMAL PERIOD 1981 TO 2010
CLIMATE RECORD PERIOD 1930 TO 2017


WEATHER ITEM   OBSERVED TIME   RECORD YEAR NORMAL DEPARTURE LAST
                VALUE   (LST)  VALUE       VALUE  FROM      YEAR
                                                  NORMAL
..................................................................
TEMPERATURE (F)
 YESTERDAY
  MAXIMUM         93    310 PM 102    2009  92      1       94
                                      2006
                                      1990
  MINIMUM         74    605 AM  60    1972  71      3       67
  AVERAGE         84                        81      3       81

PRECIPITATION (IN)
  YESTERDAY        0.03                      0.17  -0.14     0.00
  MONTH TO DATE    3.46                      3.67  -0.21     3.05
  SINCE JUN 1      3.46                      3.67  -0.21     3.05
  SINCE JAN 1     22.46                     24.03  -1.57    25.78

SNOWFALL (IN)
  YESTERDAY        0.0

DEGREE DAYS
 HEATING
  YESTERDAY        0                         0      0        0
  MONTH TO DATE    0                         0      0        0
  SINCE JUN 1      0                         0      0        0
  SINCE JUL 1   1002                      1838   -836     1290

 COOLING
  YESTERDAY       19                        16      3       16
  MONTH TO DATE  311                       330    -19      368
  SINCE JUN 1    311                       330    -19      368
  SINCE JAN 1    941                       770    171      860
..................................................................


WIND (MPH)
  HIGHEST WIND SPEED    21   HIGHEST WIND DIRECTION     S (200)
  HIGHEST GUST SPEED    27   HIGHEST GUST DIRECTION     S (190)
  AVERAGE WIND SPEED     8.4




RELATIVE HUMIDITY (PERCENT)
 HIGHEST   100
 LOWEST     56
 AVERAGE    78

..........................................................


THE ALBANY CLIMATE NORMALS FOR TODAY
                         NORMAL    RECORD    YEAR
 MAXIMUM TEMPERATURE (F)   92       104      1944
 MINIMUM TEMPERATURE (F)   71        57      1972


SUNRISE AND SUNSET
JUNE 23 2017..........SUNRISE   633 AM EDT   SUNSET   845 PM EDT
JUNE 24 2017..........SUNRISE   633 AM EDT   SUNSET   845 PM EDT


-  INDICATES NEGATIVE NUMBERS.
R  INDICATES RECORD WAS SET OR TIED.
MM INDICATES DATA IS MISSING.
T  INDICATES TRACE AMOUNT.




$$
