000
CDUS42 KTAE 060632
CLIABY


CLIMATE REPORT
NATIONAL WEATHER SERVICE TALLAHASSEE FL
132 AM EST TUE DEC 6 2016


...................................

...THE ALBANY CLIMATE SUMMARY FOR DECEMBER 5 2016...

CLIMATE NORMAL PERIOD 1981 TO 2010
CLIMATE RECORD PERIOD 1930 TO 2016


WEATHER ITEM   OBSERVED TIME   RECORD YEAR NORMAL DEPARTURE LAST
                VALUE   (LST)  VALUE       VALUE  FROM      YEAR
                                                  NORMAL
..................................................................
TEMPERATURE (F)
 YESTERDAY
  MAXIMUM         64   1159 PM  83    1977  65     -1       67
  MINIMUM         52    920 AM  19    1989  41     11       44
  AVERAGE         58                        53      5       56

PRECIPITATION (IN)
  YESTERDAY        4.44                      0.14   4.30     0.00
  MONTH TO DATE    7.13                      0.74   6.39     1.95
  SINCE DEC 1      7.13                      0.74   6.39     1.95
  SINCE JAN 1     45.49                     45.56  -0.07    44.64

SNOWFALL (IN)
  YESTERDAY        0.0

DEGREE DAYS
 HEATING
  YESTERDAY        7                        12     -5        9
  MONTH TO DATE   41                        59    -18       39
  SINCE DEC 1     41                        59    -18       39
  SINCE JUL 1    182                       329   -147      163

 COOLING
  YESTERDAY        0                         0      0        0
  MONTH TO DATE    0                         0      0        3
  SINCE DEC 1      0                         0      0        3
  SINCE JAN 1   3015                      2533    482     2884
..................................................................


WIND (MPH)
  HIGHEST WIND SPEED    17   HIGHEST WIND DIRECTION     E (90)
  HIGHEST GUST SPEED    20   HIGHEST GUST DIRECTION     E (70)
  AVERAGE WIND SPEED     7.7




RELATIVE HUMIDITY (PERCENT)
 HIGHEST   100
 LOWEST    100
 AVERAGE   100

..........................................................


THE ALBANY CLIMATE NORMALS FOR TODAY
                         NORMAL    RECORD    YEAR
 MAXIMUM TEMPERATURE (F)   64        83      1977
 MINIMUM TEMPERATURE (F)   41        23      1979


SUNRISE AND SUNSET
DECEMBER  6 2016......SUNRISE   723 AM EST   SUNSET   533 PM EST
DECEMBER  7 2016......SUNRISE   723 AM EST   SUNSET   533 PM EST


-  INDICATES NEGATIVE NUMBERS.
R  INDICATES RECORD WAS SET OR TIED.
MM INDICATES DATA IS MISSING.
T  INDICATES TRACE AMOUNT.




$$
