000
CDUS42 KTAE 232126
CLIABY


CLIMATE REPORT
NATIONAL WEATHER SERVICE TALLAHASSEE FL
525 PM EDT TUE SEP 23 2014


...................................

...THE ALBANY CLIMATE SUMMARY FOR SEPTEMBER 23 2014...
VALID TODAY AS OF 0500 PM LOCAL TIME.

CLIMATE NORMAL PERIOD 1981 TO 2010
CLIMATE RECORD PERIOD 1930 TO 2014


WEATHER ITEM   OBSERVED TIME   RECORD YEAR NORMAL DEPARTURE LAST
                VALUE   (LST)  VALUE       VALUE  FROM      YEAR
                                                  NORMAL
..................................................................
TEMPERATURE (F)
 TODAY
  MAXIMUM         81    336 PM 101    1940  87     -6       76
  MINIMUM         66    718 AM  45    1983  65      1       70
  AVERAGE         74                        76     -2       73

PRECIPITATION (IN)
  TODAY            0.00                      0.10  -0.10     0.37
  MONTH TO DATE    6.81                      2.82   3.99     1.02
  SINCE SEP 1      6.81                      2.82   3.99     1.02
  SINCE JAN 1     31.94                     38.42  -6.48    42.38

..................................................................







THE ALBANY CLIMATE NORMALS FOR TOMORROW
                         NORMAL    RECORD    YEAR
 MAXIMUM TEMPERATURE (F)   86        97      1961
 MINIMUM TEMPERATURE (F)   65        47      1982



-  INDICATES NEGATIVE NUMBERS.
R  INDICATES RECORD WAS SET OR TIED.
MM INDICATES DATA IS MISSING.
T  INDICATES TRACE AMOUNT.




$$
