000
CDUS42 KTAE 262141
CLIABY


CLIMATE REPORT
NATIONAL WEATHER SERVICE TALLAHASSEE FL
540 PM EDT FRI AUG 26 2016


...................................

...THE ALBANY CLIMATE SUMMARY FOR AUGUST 26 2016...
VALID TODAY AS OF 0500 PM LOCAL TIME.

CLIMATE NORMAL PERIOD 1981 TO 2010
CLIMATE RECORD PERIOD 1930 TO 2016


WEATHER ITEM   OBSERVED TIME   RECORD YEAR NORMAL DEPARTURE LAST
                VALUE   (LST)  VALUE       VALUE  FROM      YEAR
                                                  NORMAL
..................................................................
TEMPERATURE (F)
 TODAY
  MAXIMUM         95    357 PM 104    1938  91      4       89
  MINIMUM         70    647 AM  59    1969  72     -2       63
  AVERAGE         83                        82      1       76

PRECIPITATION (IN)
  TODAY            0.00                      0.15  -0.15     0.00
  MONTH TO DATE    4.04                      4.22  -0.18     4.29
  SINCE JUN 1     10.68                     14.62  -3.94    14.19
  SINCE JAN 1     33.41                     34.98  -1.57    30.05

..................................................................







THE ALBANY CLIMATE NORMALS FOR TOMORROW
                         NORMAL    RECORD    YEAR
 MAXIMUM TEMPERATURE (F)   91       103      1938
 MINIMUM TEMPERATURE (F)   72        60      1969



-  INDICATES NEGATIVE NUMBERS.
R  INDICATES RECORD WAS SET OR TIED.
MM INDICATES DATA IS MISSING.
T  INDICATES TRACE AMOUNT.




$$
