000
CDUS42 KTAE 262128
CLIABY


CLIMATE REPORT
NATIONAL WEATHER SERVICE TALLAHASSEE FL
525 PM EDT THU MAR 26 2015


...................................

...THE ALBANY CLIMATE SUMMARY FOR MARCH 26 2015...
VALID TODAY AS OF 0500 PM LOCAL TIME.

CLIMATE NORMAL PERIOD 1981 TO 2010
CLIMATE RECORD PERIOD 1930 TO 2015


WEATHER ITEM   OBSERVED TIME   RECORD YEAR NORMAL DEPARTURE LAST
                VALUE   (LST)  VALUE       VALUE  FROM      YEAR
                                                  NORMAL
..................................................................
TEMPERATURE (F)
 TODAY
  MAXIMUM         75   1140 AM  90    1936  74      1       59
  MINIMUM         57    611 AM  29    1979  49      8       31
  AVERAGE         66                        62      4       45

PRECIPITATION (IN)
  TODAY            0.14                      0.20  -0.06     0.00
  MONTH TO DATE    2.16                      4.12  -1.96     1.79
  SINCE MAR 1      2.16                      4.12  -1.96     1.79
  SINCE JAN 1      9.49                     13.10  -3.61     7.03

..................................................................

THE ALBANY CLIMATE NORMALS FOR TOMORROW
                         NORMAL    RECORD    YEAR
 MAXIMUM TEMPERATURE (F)   75        87      2012
                                             1945
 MINIMUM TEMPERATURE (F)   49        23      1955



-  INDICATES NEGATIVE NUMBERS.
R  INDICATES RECORD WAS SET OR TIED.
MM INDICATES DATA IS MISSING.
T  INDICATES TRACE AMOUNT.

$$
