000
CDUS42 KTAE 282231
CLIABY


CLIMATE REPORT
NATIONAL WEATHER SERVICE TALLAHASSEE FL
531 PM EST WED JAN 28 2015


...................................

...THE ALBANY CLIMATE SUMMARY FOR JANUARY 28 2015...
VALID TODAY AS OF 0500 PM LOCAL TIME.

CLIMATE NORMAL PERIOD 1981 TO 2010
CLIMATE RECORD PERIOD 1930 TO 2015


WEATHER ITEM   OBSERVED TIME   RECORD YEAR NORMAL DEPARTURE LAST
                VALUE   (LST)  VALUE       VALUE  FROM      YEAR
                                                  NORMAL
..................................................................
TEMPERATURE (F)
 TODAY
  MAXIMUM         56    455 PM  83    2003  61     -5       54
  MINIMUM         30    748 AM  12    1986  38     -8       33
  AVERAGE         43                        50     -7       44

PRECIPITATION (IN)
  TODAY            0.00                      0.19  -0.19     0.22
  MONTH TO DATE    3.30                      4.23  -0.93     1.62
  SINCE DEC 1     11.03                      7.98   3.05     4.72
  SINCE JAN 1      3.30                      4.23  -0.93     1.62

..................................................................







THE ALBANY CLIMATE NORMALS FOR TOMORROW
                         NORMAL    RECORD    YEAR
 MAXIMUM TEMPERATURE (F)   61        86      2003
 MINIMUM TEMPERATURE (F)   39        12      1986



-  INDICATES NEGATIVE NUMBERS.
R  INDICATES RECORD WAS SET OR TIED.
MM INDICATES DATA IS MISSING.
T  INDICATES TRACE AMOUNT.




$$
