000
CDUS42 KTAE 220633
CLIABY


CLIMATE REPORT
NATIONAL WEATHER SERVICE TALLAHASSEE FL
133 AM EST SUN JAN 22 2017


...................................

...THE ALBANY CLIMATE SUMMARY FOR JANUARY 21 2017...

CLIMATE NORMAL PERIOD 1981 TO 2010
CLIMATE RECORD PERIOD 1930 TO 2017


WEATHER ITEM   OBSERVED TIME   RECORD YEAR NORMAL DEPARTURE LAST
                VALUE   (LST)  VALUE       VALUE  FROM      YEAR
                                                  NORMAL
..................................................................
TEMPERATURE (F)
 YESTERDAY
  MAXIMUM         77   1203 PM  82    1990  61     16       59
  MINIMUM         60    848 PM   1    1985  38     22       42
  AVERAGE         69                        49     20       51

PRECIPITATION (IN)
  YESTERDAY        1.49                      0.15   1.34     0.40
  MONTH TO DATE    5.40                      2.86   2.54     2.17
  SINCE DEC 1     16.08                      6.61   9.47     9.03
  SINCE JAN 1      5.40                      2.86   2.54     2.17

SNOWFALL (IN)
  YESTERDAY        0.0

DEGREE DAYS
 HEATING
  YESTERDAY        0                        16    -16       14
  MONTH TO DATE  159                       336   -177      362
  SINCE DEC 1    412                       779   -367      515
  SINCE JUL 1    553                      1049   -496      639

 COOLING
  YESTERDAY        4                         0      4        0
  MONTH TO DATE   20                         0     20        0
  SINCE DEC 1     43                         9     34       76
  SINCE JAN 1     20                         0     20        0
..................................................................


WIND (MPH)
  HIGHEST WIND SPEED    30   HIGHEST WIND DIRECTION     W (260)
  HIGHEST GUST SPEED    40   HIGHEST GUST DIRECTION     W (260)
  AVERAGE WIND SPEED     8.2




RELATIVE HUMIDITY (PERCENT)
 HIGHEST   100
 LOWEST     74
 AVERAGE    87

..........................................................


THE ALBANY CLIMATE NORMALS FOR TODAY
                         NORMAL    RECORD    YEAR
 MAXIMUM TEMPERATURE (F)   61        80      1990
 MINIMUM TEMPERATURE (F)   38         1      1985


SUNRISE AND SUNSET
JANUARY 22 2017.......SUNRISE   734 AM EST   SUNSET   603 PM EST
JANUARY 23 2017.......SUNRISE   734 AM EST   SUNSET   604 PM EST


-  INDICATES NEGATIVE NUMBERS.
R  INDICATES RECORD WAS SET OR TIED.
MM INDICATES DATA IS MISSING.
T  INDICATES TRACE AMOUNT.




$$
