000
CDUS42 KTAE 172134
CLIABY


CLIMATE REPORT
NATIONAL WEATHER SERVICE TALLAHASSEE FL
533 PM EDT TUE OCT 17 2017
................................

...THE ALBANY CLIMATE SUMMARY FOR OCTOBER 17 2017...
VALID TODAY AS OF 0500 PM LOCAL TIME.

CLIMATE NORMAL PERIOD 1981 TO 2010
CLIMATE RECORD PERIOD 1930 TO 2017


WEATHER ITEM   OBSERVED TIME   RECORD YEAR NORMAL DEPARTURE LAST
                VALUE   (LST)  VALUE       VALUE  FROM      YEAR
                                                  NORMAL
..................................................................
TEMPERATURE (F)
 TODAY
  MAXIMUM         75    355 PM  91    1985  80     -5       90
  MINIMUM         57    752 AM  33    1977  56      1       64
  AVERAGE         66                        68     -2       77

PRECIPITATION (IN)
  TODAY            0.00                      0.09  -0.09     0.00
  MONTH TO DATE    0.58                      1.40  -0.82      T
  SINCE SEP 1      3.47                      4.84  -1.37     3.29
  SINCE JAN 1     36.24                     40.44  -4.20    37.34

..................................................................



THE ALBANY CLIMATE NORMALS FOR TOMORROW
                         NORMAL    RECORD    YEAR
 MAXIMUM TEMPERATURE (F)   80        92      1980
 MINIMUM TEMPERATURE (F)   55        33      1977



-  INDICATES NEGATIVE NUMBERS.
R  INDICATES RECORD WAS SET OR TIED.
MM INDICATES DATA IS MISSING.
T  INDICATES TRACE AMOUNT.

$$
