000
CDUS42 KTAE 200631
CLIABY


CLIMATE REPORT
NATIONAL WEATHER SERVICE TALLAHASSEE FL
131 AM EST MON FEB 20 2017


...................................

...THE ALBANY CLIMATE SUMMARY FOR FEBRUARY 19 2017...

CLIMATE NORMAL PERIOD 1981 TO 2010
CLIMATE RECORD PERIOD 1930 TO 2017


WEATHER ITEM   OBSERVED TIME   RECORD YEAR NORMAL DEPARTURE LAST
                VALUE   (LST)  VALUE       VALUE  FROM      YEAR
                                                  NORMAL
..................................................................
TEMPERATURE (F)
 YESTERDAY
  MAXIMUM         77    439 PM  82    2011  65     12       70
                                      1951
  MINIMUM         53   1159 PM  19    1958  41     12       40
  AVERAGE         65                        53     12       55

PRECIPITATION (IN)
  YESTERDAY        0.00                      0.17  -0.17     0.00
  MONTH TO DATE    2.11                      2.69  -0.58     3.12
  SINCE DEC 1     21.57                     11.26  10.31    13.64
  SINCE JAN 1     10.89                      7.51   3.38     6.78

SNOWFALL (IN)
  YESTERDAY        0.0

DEGREE DAYS
 HEATING
  YESTERDAY        0                        12    -12       10
  MONTH TO DATE  120                       257   -137      256
  SINCE DEC 1    643                      1191   -548      925
  SINCE JUL 1    784                      1461   -677     1049

 COOLING
  YESTERDAY        0                         0      0        0
  MONTH TO DATE    6                         0      6        0
  SINCE DEC 1     49                        13     36       76
  SINCE JAN 1     26                         4     22        0
..................................................................


WIND (MPH)
  HIGHEST WIND SPEED    15   HIGHEST WIND DIRECTION    NW (330)
  HIGHEST GUST SPEED    20   HIGHEST GUST DIRECTION     N (20)
  AVERAGE WIND SPEED     2.2




RELATIVE HUMIDITY (PERCENT)
 HIGHEST   100
 LOWEST     43
 AVERAGE    72

..........................................................


THE ALBANY CLIMATE NORMALS FOR TODAY
                         NORMAL    RECORD    YEAR
 MAXIMUM TEMPERATURE (F)   66        82      2014
 MINIMUM TEMPERATURE (F)   41        22      2015


SUNRISE AND SUNSET
FEBRUARY 20 2017......SUNRISE   713 AM EST   SUNSET   628 PM EST
FEBRUARY 21 2017......SUNRISE   712 AM EST   SUNSET   629 PM EST


-  INDICATES NEGATIVE NUMBERS.
R  INDICATES RECORD WAS SET OR TIED.
MM INDICATES DATA IS MISSING.
T  INDICATES TRACE AMOUNT.




$$
