000
CDUS42 KTAE 192136
CLIABY


CLIMATE REPORT
NATIONAL WEATHER SERVICE TALLAHASSEE FL
536 PM EDT SAT APR 19 2014


...................................

...THE ALBANY CLIMATE SUMMARY FOR APRIL 19 2014...
VALID TODAY AS OF 0500 PM LOCAL TIME.

CLIMATE NORMAL PERIOD 1981 TO 2010
CLIMATE RECORD PERIOD 1930 TO 2014


WEATHER ITEM   OBSERVED TIME   RECORD YEAR NORMAL DEPARTURE LAST
                VALUE   (LST)  VALUE       VALUE  FROM      YEAR
                                                  NORMAL
..................................................................
TEMPERATURE (F)
 TODAY
  MAXIMUM         60    359 PM  90    2006  80    -20       83
                                      2002
                                      1967
  MINIMUM         53    653 AM  32    1983  54     -1       49
  AVERAGE         57                        67    -10       66

PRECIPITATION (IN)
  TODAY            0.00                      0.11  -0.11     1.07
  MONTH TO DATE    5.99                      2.63   3.36     2.33
  SINCE MAR 1      8.79                      7.68   1.11     5.16
  SINCE JAN 1     14.03                     16.66  -2.63    15.25

..................................................................







THE ALBANY CLIMATE NORMALS FOR TOMORROW
                         NORMAL    RECORD    YEAR
 MAXIMUM TEMPERATURE (F)   80        93      2006
 MINIMUM TEMPERATURE (F)   54        38      1983



-  INDICATES NEGATIVE NUMBERS.
R  INDICATES RECORD WAS SET OR TIED.
MM INDICATES DATA IS MISSING.
T  INDICATES TRACE AMOUNT.




$$
