000
CDUS44 KFWD 290650
CLIACT

CLIMATE REPORT
NATIONAL WEATHER SERVICE FORT WORTH TX
1248 AM CST MON DEC 29 2014


...................................

...THE WACO CLIMATE SUMMARY FOR DECEMBER 28 2014...

CLIMATE NORMAL PERIOD 1981 TO 2010
CLIMATE RECORD PERIOD 1901 TO 2014


WEATHER ITEM   OBSERVED TIME   RECORD YEAR NORMAL DEPARTURE LAST
                VALUE   (LST)  VALUE       VALUE  FROM      YEAR
                                                  NORMAL
..................................................................
TEMPERATURE (F)
 YESTERDAY
  MAXIMUM         45    459 PM  80    1905  57    -12       61
  MINIMUM         27   1129 PM  17    1938  36     -9       30
  AVERAGE         36                        47    -11       46

PRECIPITATION (IN)
  YESTERDAY        0.02          2.80 1908   0.08  -0.06     0.00
  MONTH TO DATE    0.54                      2.51  -1.97     1.34
  SINCE DEC 1      0.54                      2.51  -1.97     1.34
  SINCE JAN 1     30.09                     34.45  -4.36    37.89

SNOWFALL (IN)
  YESTERDAY        0.0           0.5  1915   0.0    0.0      0.0
  MONTH TO DATE    0.0                       0.0    0.0       T
  SINCE DEC 1      0.0                       0.0    0.0       T
  SINCE JUL 1      0.0                       0.1   -0.1       T
  SNOW DEPTH       0

DEGREE DAYS
 HEATING
  YESTERDAY       29                        18     11       19
  MONTH TO DATE  359                       466   -107      576
  SINCE DEC 1    359                       466   -107      576
  SINCE JUL 1    741                       794    -53      990

 COOLING
  YESTERDAY        0                         0      0        0
  MONTH TO DATE    4                         0      4        0
  SINCE DEC 1      4                         0      4        0
  SINCE JAN 1   2754                      2792    -38     2870
..................................................................


WIND (MPH)
  HIGHEST WIND SPEED    18   HIGHEST WIND DIRECTION     N (340)
  HIGHEST GUST SPEED    22   HIGHEST GUST DIRECTION     N (340)
  AVERAGE WIND SPEED     7.4


SKY COVER
  POSSIBLE SUNSHINE  MM
  AVERAGE SKY COVER 0.6


WEATHER CONDITIONS
 THE FOLLOWING WEATHER WAS RECORDED YESTERDAY.
  LIGHT RAIN


RELATIVE HUMIDITY (PERCENT)
 HIGHEST    85          1000 PM
 LOWEST     41           500 PM
 AVERAGE    63

..........................................................


THE WACO CLIMATE NORMALS FOR TODAY
                         NORMAL    RECORD    YEAR
 MAXIMUM TEMPERATURE (F)   57        82      1951
 MINIMUM TEMPERATURE (F)   36        14      1983


SUNRISE AND SUNSET
DECEMBER 29 2014......SUNRISE   728 AM CST   SUNSET   534 PM CST
DECEMBER 30 2014......SUNRISE   728 AM CST   SUNSET   535 PM CST


-  INDICATES NEGATIVE NUMBERS.
R  INDICATES RECORD WAS SET OR TIED.
MM INDICATES DATA IS MISSING.
T  INDICATES TRACE AMOUNT.




$$
