000
CDUS44 KFWD 200656
CLIACT

CLIMATE REPORT
NATIONAL WEATHER SERVICE FORT WORTH TX
155 AM CDT WED AUG 20 2014

...THE WACO CLIMATE SUMMARY FOR AUGUST 19 2014...

CLIMATE NORMAL PERIOD 1981 TO 2010
CLIMATE RECORD PERIOD 1901 TO 2014


WEATHER ITEM   OBSERVED TIME   RECORD YEAR NORMAL DEPARTURE LAST
                VALUE   (LST)  VALUE       VALUE  FROM      YEAR
                                                  NORMAL
..................................................................
TEMPERATURE (F)
 YESTERDAY
  MAXIMUM         97    405 PM 107    2011  97      0       95
  MINIMUM         75    620 AM  64    2013  74      1       64
  AVERAGE         86                        85      1       80

PRECIPITATION (IN)
  YESTERDAY        T             3.76 2008   0.06  -0.06     0.00
  MONTH TO DATE    0.46                      1.14  -0.68     0.02
  SINCE JUN 1      8.92                      6.36   2.56     7.14
  SINCE JAN 1     20.06                     21.25  -1.19    21.23

DEGREE DAYS
 HEATING
  YESTERDAY        0                         0      0        0
  MONTH TO DATE    0                         0      0        0
  SINCE JUN 1      0                         0      0        0
  SINCE JUL 1      0                         0      0        0

 COOLING
  YESTERDAY       21                        20      1       15
  MONTH TO DATE  381                       397    -16      395
  SINCE JUN 1   1425                      1511    -86     1545
  SINCE JAN 1   1812                      1963   -151     1962
..................................................................


WIND (MPH)
  HIGHEST WIND SPEED    23   HIGHEST WIND DIRECTION    SE (120)
  HIGHEST GUST SPEED    29   HIGHEST GUST DIRECTION    SE (120)
  AVERAGE WIND SPEED    11.4


SKY COVER
  POSSIBLE SUNSHINE  MM
  AVERAGE SKY COVER 0.1


WEATHER CONDITIONS
 THE FOLLOWING WEATHER WAS RECORDED YESTERDAY.
  LIGHT RAIN


RELATIVE HUMIDITY (PERCENT)
 HIGHEST    87           500 AM
 LOWEST     29           500 PM
 AVERAGE    58

..........................................................


THE WACO CLIMATE NORMALS FOR TODAY
                         NORMAL    RECORD    YEAR
 MAXIMUM TEMPERATURE (F)   97       107      2011
                                             1984
 MINIMUM TEMPERATURE (F)   74        58      1940


SUNRISE AND SUNSET
AUGUST 20 2014........SUNRISE   657 AM CDT   SUNSET   807 PM CDT
AUGUST 21 2014........SUNRISE   658 AM CDT   SUNSET   806 PM CDT


-  INDICATES NEGATIVE NUMBERS.
R  INDICATES RECORD WAS SET OR TIED.
MM INDICATES DATA IS MISSING.
T  INDICATES TRACE AMOUNT.




$$
