000
CDUS44 KFWD 310700
CLIACT


CLIMATE REPORT
NATIONAL WEATHER SERVICE FORT WORTH TX
200 AM CDT WED AUG 31 2016


...................................

...THE WACO CLIMATE SUMMARY FOR AUGUST 30 2016...

CLIMATE NORMAL PERIOD 1981 TO 2010
CLIMATE RECORD PERIOD 1901 TO 2016


WEATHER ITEM   OBSERVED TIME   RECORD YEAR NORMAL DEPARTURE LAST
                VALUE   (LST)  VALUE       VALUE  FROM      YEAR
                                                  NORMAL
..................................................................
TEMPERATURE (F)
 YESTERDAY
  MAXIMUM         93    345 PM 106    1954  95     -2       89
  MINIMUM         72    634 AM  57    1986  72      0       72
  AVERAGE         83                        83      0       81

PRECIPITATION (IN)
  YESTERDAY        0.00          1.94 1995   0.09  -0.09     0.09
  MONTH TO DATE    4.61                      1.96   2.65     0.86
  SINCE JUN 1      9.34                      7.18   2.16     6.83
  SINCE JAN 1     31.98                     22.07   9.91    28.17

DEGREE DAYS
 HEATING
  YESTERDAY        0                         0      0        0
  MONTH TO DATE    0                         0      0        0
  SINCE JUN 1      0                         0      0        0
  SINCE JUL 1      0                         0      0        0

 COOLING
  YESTERDAY       18                        18      0       16
  MONTH TO DATE  597                       609    -12      649
  SINCE JUN 1   1830                      1723    107     1802
  SINCE JAN 1   2221                      2175     46     2237
..................................................................


WIND (MPH)
  HIGHEST WIND SPEED    17   HIGHEST WIND DIRECTION     E (70)
  HIGHEST GUST SPEED    22   HIGHEST GUST DIRECTION     E (100)
  AVERAGE WIND SPEED     6.8


SKY COVER
  POSSIBLE SUNSHINE  MM
  AVERAGE SKY COVER 0.2


WEATHER CONDITIONS
 THE FOLLOWING WEATHER WAS RECORDED YESTERDAY.
  NO SIGNIFICANT WEATHER WAS OBSERVED.


RELATIVE HUMIDITY (PERCENT)
 HIGHEST   100           400 AM
 LOWEST     49           300 PM
 AVERAGE    75

..........................................................


THE WACO CLIMATE NORMALS FOR TODAY
                         NORMAL    RECORD    YEAR
 MAXIMUM TEMPERATURE (F)   95       109      1990
 MINIMUM TEMPERATURE (F)   72        58      1915


SUNRISE AND SUNSET
AUGUST 31 2016........SUNRISE   704 AM CDT   SUNSET   753 PM CDT
SEPTEMBER  1 2016.....SUNRISE   705 AM CDT   SUNSET   752 PM CDT


-  INDICATES NEGATIVE NUMBERS.
R  INDICATES RECORD WAS SET OR TIED.
MM INDICATES DATA IS MISSING.
T  INDICATES TRACE AMOUNT.




$$
