000
CDUS44 KFWD 280714
CLIACT


CLIMATE REPORT
NATIONAL WEATHER SERVICE FORT WORTH TX
213 AM CDT THU MAY 28 2015


...................................

...THE WACO CLIMATE SUMMARY FOR MAY 27 2015...

CLIMATE NORMAL PERIOD 1981 TO 2010
CLIMATE RECORD PERIOD 1901 TO 2015


WEATHER ITEM   OBSERVED TIME   RECORD YEAR NORMAL DEPARTURE LAST
                VALUE   (LST)  VALUE       VALUE  FROM      YEAR
                                                  NORMAL
..................................................................
TEMPERATURE (F)
 YESTERDAY
  MAXIMUM         88    327 PM 100    1928  88      0       76
  MINIMUM         63    619 AM  55    1961  67     -4       63
  AVERAGE         76                        77     -1       70

PRECIPITATION (IN)
  YESTERDAY        0.08          2.54 2007   0.15  -0.07     1.49
  MONTH TO DATE    8.44                      3.72   4.72     7.75
  SINCE MAR 1     15.78                      9.56   6.22    10.38
  SINCE JAN 1     20.51                     14.31   6.20    11.14

DEGREE DAYS
 HEATING
  YESTERDAY        0                         0      0        0
  MONTH TO DATE    2                         4     -2       18
  SINCE MAR 1    352                       328     24      468
  SINCE JUL 1   2306                      2140    166     2611

 COOLING
  YESTERDAY       11                        12     -1        5
  MONTH TO DATE  229                       246    -17      210
  SINCE MAR 1    390                       391     -1      339
  SINCE JAN 1    390                       400    -10      339
..................................................................


WIND (MPH)
  HIGHEST WIND SPEED    25   HIGHEST WIND DIRECTION    SE (130)
  HIGHEST GUST SPEED    32   HIGHEST GUST DIRECTION    SE (130)
  AVERAGE WIND SPEED     8.9


SKY COVER
  POSSIBLE SUNSHINE  MM
  AVERAGE SKY COVER 0.2


WEATHER CONDITIONS
 THE FOLLOWING WEATHER WAS RECORDED YESTERDAY.
  THUNDERSTORM
  RAIN
  LIGHT RAIN
  FOG


RELATIVE HUMIDITY (PERCENT)
 HIGHEST    93           200 AM
 LOWEST     59           300 PM
 AVERAGE    76

..........................................................


THE WACO CLIMATE NORMALS FOR TODAY
                         NORMAL    RECORD    YEAR
 MAXIMUM TEMPERATURE (F)   88       100      2011
 MINIMUM TEMPERATURE (F)   67        53      2003


SUNRISE AND SUNSET
MAY 28 2015...........SUNRISE   626 AM CDT   SUNSET   827 PM CDT
MAY 29 2015...........SUNRISE   625 AM CDT   SUNSET   827 PM CDT


-  INDICATES NEGATIVE NUMBERS.
R  INDICATES RECORD WAS SET OR TIED.
MM INDICATES DATA IS MISSING.
T  INDICATES TRACE AMOUNT.




$$
