000
CDUS44 KFWD 280700 CCA
CLIACT

CLIMATE REPORT...CORRECTED
NATIONAL WEATHER SERVICE FORT WORTH TX
1245 AM CST SAT FEB 28 2015


...................................

...THE WACO CLIMATE SUMMARY FOR FEBRUARY 27 2015...

CLIMATE NORMAL PERIOD 1981 TO 2010
CLIMATE RECORD PERIOD 1901 TO 2015


WEATHER ITEM   OBSERVED TIME   RECORD YEAR NORMAL DEPARTURE LAST
                VALUE   (LST)  VALUE       VALUE  FROM      YEAR
                                                  NORMAL
..................................................................
TEMPERATURE (F)
 YESTERDAY
  MAXIMUM         34   1248 AM  84    1918  64    -30       54
  MINIMUM         28   1159 PM  18    2002  43    -15       21
  AVERAGE         31                        54    -23       38

PRECIPITATION (IN)
  YESTERDAY        0.02          0.80 1913   0.11  -0.09     0.00
  MONTH TO DATE    1.18                      2.52  -1.34     0.46
  SINCE DEC 1      5.20                      7.39  -2.19     2.10
  SINCE JAN 1      4.66                      4.64   0.02     0.76

SNOWFALL (IN)
  YESTERDAY        T   R         T    1945   0.0    0.0      0.0
  MONTH TO DATE    0.7                       0.5    0.2       T
  SINCE DEC 1      0.7                       0.8   -0.1       T
  SINCE JUL 1      0.7                       0.9   -0.2       T
  SNOW DEPTH       0

DEGREE DAYS
 HEATING
  YESTERDAY       34                        12     22       27
  MONTH TO DATE  476                       392     84      471
  SINCE DEC 1   1538                      1472     66     1727
  SINCE JUL 1   1920                      1800    120     2141

 COOLING
  YESTERDAY        0                         0      0        0
  MONTH TO DATE    0                         0      0        0
  SINCE DEC 1      4                         8     -4        0
  SINCE JAN 1      0                         3     -3        0
..................................................................


WIND (MPH)
  HIGHEST WIND SPEED    20   HIGHEST WIND DIRECTION    NE (30)
  HIGHEST GUST SPEED    23   HIGHEST GUST DIRECTION    NE (40)
  AVERAGE WIND SPEED    11.5


SKY COVER
  POSSIBLE SUNSHINE  MM
  AVERAGE SKY COVER 1.0


WEATHER CONDITIONS
 THE FOLLOWING WEATHER WAS RECORDED YESTERDAY.
  LT FREEZING RAIN
  FOG


RELATIVE HUMIDITY (PERCENT)
 HIGHEST    92           500 PM
 LOWEST     56           100 AM
 AVERAGE    74

..........................................................


THE WACO CLIMATE NORMALS FOR TODAY
                         NORMAL    RECORD    YEAR
 MAXIMUM TEMPERATURE (F)   65        86      1904
 MINIMUM TEMPERATURE (F)   43        24      1962
                                             1937


SUNRISE AND SUNSET
FEBRUARY 28 2015......SUNRISE   657 AM CST   SUNSET   626 PM CST
MARCH  1 2015.........SUNRISE   656 AM CST   SUNSET   627 PM CST


-  INDICATES NEGATIVE NUMBERS.
R  INDICATES RECORD WAS SET OR TIED.
MM INDICATES DATA IS MISSING.
T  INDICATES TRACE AMOUNT.




$$
