000
CDUS44 KFWD 140650
CLIACT

CLIMATE REPORT
NATIONAL WEATHER SERVICE FORT WORTH TX
150 AM CDT MON JUL 14 2014

...................................

...THE WACO CLIMATE SUMMARY FOR JULY 13 2014...

CLIMATE NORMAL PERIOD 1981 TO 2010
CLIMATE RECORD PERIOD 1901 TO 2014


WEATHER ITEM   OBSERVED TIME   RECORD YEAR NORMAL DEPARTURE LAST
                VALUE   (LST)  VALUE       VALUE  FROM      YEAR
                                                  NORMAL
..................................................................
TEMPERATURE (F)
 YESTERDAY
  MAXIMUM         98    334 PM 107    1933  96      2      104
  MINIMUM         73    557 AM  63    1975  74     -1       76
  AVERAGE         86                        85      1       90

PRECIPITATION (IN)
  YESTERDAY        0.00          1.30 1972   0.05  -0.05     0.00
  MONTH TO DATE    T                         0.78  -0.78     0.00
  SINCE JUN 1      8.31                      4.21   4.10     1.62
  SINCE JAN 1     19.45                     19.10   0.35    15.71

DEGREE DAYS
 HEATING
  YESTERDAY        0                         0      0        0
  MONTH TO DATE    0                         0      0        0
  SINCE JUN 1      0                         0      0        0
  SINCE JUL 1      0                         0      0        0

 COOLING
  YESTERDAY       21                        20      1       25
  MONTH TO DATE  236                       253    -17      259
  SINCE JUN 1    717                       741    -24      811
  SINCE JAN 1   1104                      1193    -89     1228
..................................................................

WIND (MPH)
  HIGHEST WIND SPEED    12   HIGHEST WIND DIRECTION     S (160)
  HIGHEST GUST SPEED    16   HIGHEST GUST DIRECTION     S (170)
  AVERAGE WIND SPEED     7.5


SKY COVER
  POSSIBLE SUNSHINE  MM
  AVERAGE SKY COVER 0.0


WEATHER CONDITIONS
 THE FOLLOWING WEATHER WAS RECORDED YESTERDAY.
  NO SIGNIFICANT WEATHER WAS OBSERVED.


RELATIVE HUMIDITY (PERCENT)
 HIGHEST    87           600 AM
 LOWEST     33           300 PM
 AVERAGE    60

..........................................................

THE WACO CLIMATE NORMALS FOR TODAY
                         NORMAL    RECORD    YEAR
 MAXIMUM TEMPERATURE (F)   96       107      1925
 MINIMUM TEMPERATURE (F)   74        60      1990


SUNRISE AND SUNSET
JULY 14 2014..........SUNRISE   634 AM CDT   SUNSET   835 PM CDT
JULY 15 2014..........SUNRISE   634 AM CDT   SUNSET   835 PM CDT


-  INDICATES NEGATIVE NUMBERS.
R  INDICATES RECORD WAS SET OR TIED.
MM INDICATES DATA IS MISSING.
T  INDICATES TRACE AMOUNT.


$$

82
