000
CDUS44 KFWD 310636
CLIACT


CLIMATE REPORT
NATIONAL WEATHER SERVICE FORT WORTH TX
136 AM CDT MON AUG 31 2015


...................................

...THE WACO CLIMATE SUMMARY FOR AUGUST 30 2015...

CLIMATE NORMAL PERIOD 1981 TO 2010
CLIMATE RECORD PERIOD 1901 TO 2015


WEATHER ITEM   OBSERVED TIME   RECORD YEAR NORMAL DEPARTURE LAST
                VALUE   (LST)  VALUE       VALUE  FROM      YEAR
                                                  NORMAL
..................................................................
TEMPERATURE (F)
 YESTERDAY
  MAXIMUM         89    301 PM 106    1954  95     -6       95
  MINIMUM         72   1159 PM  57    1986  72      0       73
  AVERAGE         81                        83     -2       84

PRECIPITATION (IN)
  YESTERDAY        0.09          1.94 1995   0.09   0.00     0.00
  MONTH TO DATE    0.86                      1.96  -1.10     0.98
  SINCE JUN 1      6.83                      7.18  -0.35     9.44
  SINCE JAN 1     28.17                     22.07   6.10    20.58

DEGREE DAYS
 HEATING
  YESTERDAY        0                         0      0        0
  MONTH TO DATE    0                         0      0        0
  SINCE JUN 1      0                         0      0        0
  SINCE JUL 1      0                         0      0        0

 COOLING
  YESTERDAY       16                        18     -2       19
  MONTH TO DATE  649                       609     40      623
  SINCE JUN 1   1802                      1723     79     1667
  SINCE JAN 1   2237                      2175     62     2054
..................................................................


WIND (MPH)
  HIGHEST WIND SPEED    15   HIGHEST WIND DIRECTION    SW (210)
  HIGHEST GUST SPEED    18   HIGHEST GUST DIRECTION    SW (220)
  AVERAGE WIND SPEED     6.9


SKY COVER
  POSSIBLE SUNSHINE  MM
  AVERAGE SKY COVER 0.4


WEATHER CONDITIONS
 THE FOLLOWING WEATHER WAS RECORDED YESTERDAY.
  RAIN
  LIGHT RAIN
  FOG


RELATIVE HUMIDITY (PERCENT)
 HIGHEST    87           800 AM
 LOWEST     48           400 PM
 AVERAGE    68

..........................................................


THE WACO CLIMATE NORMALS FOR TODAY
                         NORMAL    RECORD    YEAR
 MAXIMUM TEMPERATURE (F)   95       109      1990
 MINIMUM TEMPERATURE (F)   72        58      1915


SUNRISE AND SUNSET
AUGUST 31 2015........SUNRISE   704 AM CDT   SUNSET   754 PM CDT
SEPTEMBER  1 2015.....SUNRISE   704 AM CDT   SUNSET   753 PM CDT


-  INDICATES NEGATIVE NUMBERS.
R  INDICATES RECORD WAS SET OR TIED.
MM INDICATES DATA IS MISSING.
T  INDICATES TRACE AMOUNT.




$$
