000
CDUS44 KFWD 240637
CLIACT

CLIMATE REPORT
NATIONAL WEATHER SERVICE FORT WORTH TX
1236 AM CST MON NOV 24 2014


...................................

...THE WACO CLIMATE SUMMARY FOR NOVEMBER 23 2014...

CLIMATE NORMAL PERIOD 1981 TO 2010
CLIMATE RECORD PERIOD 1901 TO 2014


WEATHER ITEM   OBSERVED TIME   RECORD YEAR NORMAL DEPARTURE LAST
                VALUE   (LST)  VALUE       VALUE  FROM      YEAR
                                                  NORMAL
..................................................................
TEMPERATURE (F)
 YESTERDAY
  MAXIMUM         79    301 PM  87    2005  65     14       41
  MINIMUM         50   1159 PM  23    1975  44      6       36
  AVERAGE         65                        54     11       39

PRECIPITATION (IN)
  YESTERDAY        0.00          3.77 1952   0.07  -0.07     0.45
  MONTH TO DATE    2.68                      2.22   0.46     1.73
  SINCE SEP 1      8.97                      9.18  -0.21    14.46
  SINCE JAN 1     29.55                     31.34  -1.79    35.89

SNOWFALL (IN)
  YESTERDAY        0.0           T    1957   0.0    0.0      0.0
  MONTH TO DATE    0.0                       0.1   -0.1      0.0
  SINCE SEP 1      0.0                       0.1   -0.1      0.0
  SINCE JUL 1      0.0                       0.1   -0.1      0.0
  SNOW DEPTH       0

DEGREE DAYS
 HEATING
  YESTERDAY        0                        11    -11       26
  MONTH TO DATE  296                       174    122      200
  SINCE SEP 1    308                       241     67      249
  SINCE JUL 1    308                       241     67      249

 COOLING
  YESTERDAY        0                         1     -1        0
  MONTH TO DATE    1                        35    -34       18
  SINCE SEP 1    669                       596     73      659
  SINCE JAN 1   2744                      2791    -47     2870
..................................................................


WIND (MPH)
  HIGHEST WIND SPEED    24   HIGHEST WIND DIRECTION    NW (330)
  HIGHEST GUST SPEED    35   HIGHEST GUST DIRECTION    NW (330)
  AVERAGE WIND SPEED    12.0


SKY COVER
  POSSIBLE SUNSHINE  MM
  AVERAGE SKY COVER 0.2


WEATHER CONDITIONS
 THE FOLLOWING WEATHER WAS RECORDED YESTERDAY.
  FOG


RELATIVE HUMIDITY (PERCENT)
 HIGHEST   100           400 AM
 LOWEST     25           300 PM
 AVERAGE    63

..........................................................


THE WACO CLIMATE NORMALS FOR TODAY
                         NORMAL    RECORD    YEAR
 MAXIMUM TEMPERATURE (F)   65        87      1965
 MINIMUM TEMPERATURE (F)   43        24      1970


SUNRISE AND SUNSET
NOVEMBER 24 2014......SUNRISE   705 AM CST   SUNSET   526 PM CST
NOVEMBER 25 2014......SUNRISE   706 AM CST   SUNSET   526 PM CST


-  INDICATES NEGATIVE NUMBERS.
R  INDICATES RECORD WAS SET OR TIED.
MM INDICATES DATA IS MISSING.
T  INDICATES TRACE AMOUNT.




$$
