000
CDUS44 KFWD 220641
CLIACT


CLIMATE REPORT
NATIONAL WEATHER SERVICE FORT WORTH TX
140 AM CDT SUN OCT 22 2017


...................................

...THE WACO CLIMATE SUMMARY FOR OCTOBER 21 2017...

CLIMATE NORMAL PERIOD 1981 TO 2010
CLIMATE RECORD PERIOD 1901 TO 2017


WEATHER ITEM   OBSERVED TIME   RECORD YEAR NORMAL DEPARTURE LAST
                VALUE   (LST)  VALUE       VALUE  FROM      YEAR
                                                  NORMAL
..................................................................
TEMPERATURE (F)
 YESTERDAY
  MAXIMUM         91R   311 PM  91    2004  78     13       76
  MINIMUM         70    610 AM  36    1976  55     15       45
  AVERAGE         81                        67     14       61

PRECIPITATION (IN)
  YESTERDAY        0.00          3.72 1972   0.14  -0.14     0.00
  MONTH TO DATE    0.12                      2.71  -2.59     0.21
  SINCE SEP 1      0.63                      5.77  -5.14     0.93
  SINCE JAN 1     29.34                     27.93   1.41    32.91

SNOWFALL (IN)
  YESTERDAY        0.0           0.0    MM   0.0    0.0      0.0
  MONTH TO DATE    0.0                       0.0    0.0      0.0
  SINCE SEP 1      0.0                       0.0    0.0      0.0
  SINCE JUL 1      0.0                       0.0    0.0      0.0
  SNOW DEPTH       0

DEGREE DAYS
 HEATING
  YESTERDAY        0                         2     -2        4
  MONTH TO DATE   10                        28    -18        4
  SINCE SEP 1     10                        34    -24        4
  SINCE JUL 1     10                        34    -24        4

 COOLING
  YESTERDAY       16                         4     12        0
  MONTH TO DATE  191                       126     65      204
  SINCE SEP 1    626                       525    101      674
  SINCE JAN 1   2966                      2720    246     2914
..................................................................


WIND (MPH)
  HIGHEST WIND SPEED    23   HIGHEST WIND DIRECTION     S (170)
  HIGHEST GUST SPEED    29   HIGHEST GUST DIRECTION     S (200)
  AVERAGE WIND SPEED    12.7


SKY COVER
  POSSIBLE SUNSHINE  MM
  AVERAGE SKY COVER 0.6


WEATHER CONDITIONS
 THE FOLLOWING WEATHER WAS RECORDED YESTERDAY.
  NO SIGNIFICANT WEATHER WAS OBSERVED.


RELATIVE HUMIDITY (PERCENT)
 HIGHEST    97           600 AM
 LOWEST     43           300 PM
 AVERAGE    70

..........................................................


THE WACO CLIMATE NORMALS FOR TODAY
                         NORMAL    RECORD    YEAR
 MAXIMUM TEMPERATURE (F)   78        94      1999
 MINIMUM TEMPERATURE (F)   55        38      1911


SUNRISE AND SUNSET
OCTOBER 22 2017.......SUNRISE   737 AM CDT   SUNSET   649 PM CDT
OCTOBER 23 2017.......SUNRISE   738 AM CDT   SUNSET   648 PM CDT


-  INDICATES NEGATIVE NUMBERS.
R  INDICATES RECORD WAS SET OR TIED.
MM INDICATES DATA IS MISSING.
T  INDICATES TRACE AMOUNT.




$$
