000
CDUS44 KFWD 230720
CLIACT


CLIMATE REPORT
NATIONAL WEATHER SERVICE FORT WORTH TX
220 AM CDT THU MAR 23 2017


...................................

...THE WACO CLIMATE SUMMARY FOR MARCH 22 2017...

CLIMATE NORMAL PERIOD 1981 TO 2010
CLIMATE RECORD PERIOD 1901 TO 2017


WEATHER ITEM   OBSERVED TIME   RECORD YEAR NORMAL DEPARTURE LAST
                VALUE   (LST)  VALUE       VALUE  FROM      YEAR
                                                  NORMAL
..................................................................
TEMPERATURE (F)
 YESTERDAY
  MAXIMUM         80    435 PM  89    1995  71      9       74
  MINIMUM         64    315 AM  30    1955  49     15       44
                                      1915
                                      1914
  AVERAGE         72                        60     12       59

PRECIPITATION (IN)
  YESTERDAY        0.00          1.15 1930   0.10  -0.10     0.00
  MONTH TO DATE    2.42                      2.35   0.07     4.58
  SINCE MAR 1      2.42                      2.35   0.07     4.58
  SINCE JAN 1      8.58                      7.10   1.48     7.03

SNOWFALL (IN)
  YESTERDAY        0.0           0.0    MM   0.0    0.0      0.0
  MONTH TO DATE    0.0                       0.1   -0.1      0.0
  SINCE MAR 1      0.0                       0.1   -0.1      0.0
  SINCE JUL 1      T                         0.9   -0.9      0.0
  SNOW DEPTH       0

DEGREE DAYS
 HEATING
  YESTERDAY        0                         7     -7        6
  MONTH TO DATE  115                       196    -81      101
  SINCE MAR 1    115                       196    -81      101
  SINCE JUL 1   1291                      2008   -717     1578

 COOLING
  YESTERDAY        7                         1      6        0
  MONTH TO DATE   62                        21     41       19
  SINCE MAR 1     62                        21     41       19
  SINCE JAN 1    120                        30     90       27
..................................................................


WIND (MPH)
  HIGHEST WIND SPEED    18   HIGHEST WIND DIRECTION     S (170)
  HIGHEST GUST SPEED    22   HIGHEST GUST DIRECTION     S (170)
  AVERAGE WIND SPEED    11.3


SKY COVER
  POSSIBLE SUNSHINE  MM
  AVERAGE SKY COVER 0.4


WEATHER CONDITIONS
 THE FOLLOWING WEATHER WAS RECORDED YESTERDAY.
  NO SIGNIFICANT WEATHER WAS OBSERVED.


RELATIVE HUMIDITY (PERCENT)
 HIGHEST    93           300 AM
 LOWEST     54           400 PM
 AVERAGE    74

..........................................................


THE WACO CLIMATE NORMALS FOR TODAY
                         NORMAL    RECORD    YEAR
 MAXIMUM TEMPERATURE (F)   71        90      1929
 MINIMUM TEMPERATURE (F)   49        30      1968


SUNRISE AND SUNSET
MARCH 23 2017.........SUNRISE   728 AM CDT   SUNSET   743 PM CDT
MARCH 24 2017.........SUNRISE   727 AM CDT   SUNSET   743 PM CDT


-  INDICATES NEGATIVE NUMBERS.
R  INDICATES RECORD WAS SET OR TIED.
MM INDICATES DATA IS MISSING.
T  INDICATES TRACE AMOUNT.




$$
