000
CDUS44 KFWD 262123
CLIACT


CLIMATE REPORT
NATIONAL WEATHER SERVICE FORT WORTH TX
422 PM CDT MON SEP 26 2016


...................................

...THE WACO CLIMATE SUMMARY FOR SEPTEMBER 26 2016...
VALID AS OF 0400 PM LOCAL TIME.

CLIMATE NORMAL PERIOD 1981 TO 2010
CLIMATE RECORD PERIOD 1901 TO 2016


WEATHER ITEM   OBSERVED TIME   RECORD YEAR NORMAL DEPARTURE LAST
                VALUE   (LST)  VALUE       VALUE  FROM      YEAR
                                                  NORMAL
..................................................................
TEMPERATURE (F)
 TODAY
  MAXIMUM         74    223 AM 108    2005  86    -12       95
  MINIMUM         68    240 PM  44    2000  63      5       64
  AVERAGE         71

PRECIPITATION (IN)
  TODAY            T             2.84 1913   0.11  -0.11     0.00
  MONTH TO DATE    0.72                      2.65  -1.93     0.33
  SINCE SEP 1      0.72                      2.65  -1.93     0.33
  SINCE JAN 1     32.70                     24.81   7.89    28.50

..................................................................


WIND (MPH)
  HIGHEST WIND SPEED    18   HIGHEST WIND DIRECTION     N (10)
  HIGHEST GUST SPEED    24   HIGHEST GUST DIRECTION     N (360)
  AVERAGE WIND SPEED    11.9




..........................................................


THE WACO CLIMATE NORMALS FOR TOMORROW
                         NORMAL    RECORD    YEAR
 MAXIMUM TEMPERATURE (F)   86       106      1977
 MINIMUM TEMPERATURE (F)   62        39      1942


SUNRISE AND SUNSET
SEPTEMBER 26 2016.....SUNRISE   720 AM CDT   SUNSET   720 PM CDT
SEPTEMBER 27 2016.....SUNRISE   720 AM CDT   SUNSET   718 PM CDT


-  INDICATES NEGATIVE NUMBERS.
R  INDICATES RECORD WAS SET OR TIED.
MM INDICATES DATA IS MISSING.
T  INDICATES TRACE AMOUNT.




$$
