000
CDUS41 KPHI 050635
CLIACY


CLIMATE REPORT
NATIONAL WEATHER SERVICE MOUNT HOLLY NJ
134 AM EST THU MAR 5 2015


...................................

...THE ATLANTIC CITY NJ CLIMATE SUMMARY FOR MARCH 4 2015...

CLIMATE NORMAL PERIOD 1981 TO 2010
CLIMATE RECORD PERIOD 1874 TO 2015


WEATHER ITEM   OBSERVED TIME   RECORD YEAR NORMAL DEPARTURE LAST
                VALUE   (LST)  VALUE       VALUE  FROM      YEAR
                                                  NORMAL
..................................................................
TEMPERATURE (F)
 YESTERDAY
  MAXIMUM         47    313 PM  76    1974  48     -1       32
  MINIMUM         36   1220 AM   3    2009  29      7        6
  AVERAGE         42                        39      3       19

PRECIPITATION (IN)
  YESTERDAY        0.25          2.51 1993   0.13   0.12     0.00
  MONTH TO DATE    1.35                      0.50   0.85     0.65
  SINCE MAR 1      1.35                      0.50   0.85     0.65
  SINCE JAN 1      9.41                      6.59   2.82     9.20

SNOWFALL (IN)
  YESTERDAY        0.0           0.4  1960   0.0    0.0      0.0
  MONTH TO DATE    0.1                       0.3   -0.2      5.5
  SINCE MAR 1      0.1                       0.3   -0.2      5.5
  SINCE JUL 1     15.1                      15.4   -0.3     33.7
  SNOW DEPTH       0

DEGREE DAYS
 HEATING
  YESTERDAY       23                        26     -3       46
  MONTH TO DATE  133                       106     27      157
  SINCE MAR 1    133                       106     27      157
  SINCE JUL 1   4008                      3697    311     4020

 COOLING
  YESTERDAY        0                         0      0        0
  MONTH TO DATE    0                         0      0        0
  SINCE MAR 1      0                         0      0        0
  SINCE JAN 1      0                         0      0        0
..................................................................


WIND (MPH)
  HIGHEST WIND SPEED    18   HIGHEST WIND DIRECTION    SW (230)
  HIGHEST GUST SPEED    25   HIGHEST GUST DIRECTION    SW (230)
  AVERAGE WIND SPEED     5.8


SKY COVER
  POSSIBLE SUNSHINE  MM
  AVERAGE SKY COVER 1.0


WEATHER CONDITIONS
 THE FOLLOWING WEATHER WAS RECORDED YESTERDAY.
  RAIN
  LIGHT RAIN
  FOG
  FOG W/VISIBILITY <= 1/4 MILE


RELATIVE HUMIDITY (PERCENT)
 HIGHEST   100           400 PM
 LOWEST     92           100 AM
 AVERAGE    96

..........................................................


THE ATLANTIC CITY NJ CLIMATE NORMALS FOR TODAY
                         NORMAL    RECORD    YEAR
 MAXIMUM TEMPERATURE (F)   49        75      1976
                                             1961
 MINIMUM TEMPERATURE (F)   30        10      2009
                                             1978


SUNRISE AND SUNSET
MARCH  5 2015.........SUNRISE   626 AM EST   SUNSET   555 PM EST
MARCH  6 2015.........SUNRISE   624 AM EST   SUNSET   556 PM EST


-  INDICATES NEGATIVE NUMBERS.
R  INDICATES RECORD WAS SET OR TIED.
MM INDICATES DATA IS MISSING.
T  INDICATES TRACE AMOUNT.




$$
