069
CDUS41 KPHI 200544
CLIACY


CLIMATE REPORT
NATIONAL WEATHER SERVICE MOUNT HOLLY NJ
143 AM EDT FRI OCT 20 2017


...................................

...THE ATLANTIC CITY NJ CLIMATE SUMMARY FOR OCTOBER 19 2017...

CLIMATE NORMAL PERIOD 1981 TO 2010
CLIMATE RECORD PERIOD 1874 TO 2017


WEATHER ITEM   OBSERVED TIME   RECORD YEAR NORMAL DEPARTURE LAST
                VALUE   (LST)  VALUE       VALUE  FROM      YEAR
                                                  NORMAL
..................................................................
TEMPERATURE (F)
 YESTERDAY
  MAXIMUM         71    230 PM  86    2016  66      5       86
  MINIMUM         43    621 AM  25    1976  44     -1       66
  AVERAGE         57                        55      2       76

PRECIPITATION (IN)
  YESTERDAY        0.00          2.03 1966   0.10  -0.10     0.00
  MONTH TO DATE    0.90                      2.08  -1.18     2.11
  SINCE SEP 1      4.95                      5.23  -0.28     7.40
  SINCE JAN 1     43.52                     33.45  10.07    39.70

SNOWFALL (IN)
  YESTERDAY        0.0           T    1972   0.0    0.0      0.0
  MONTH TO DATE    0.0                       0.0    0.0      0.0
  SINCE SEP 1      0.0                       0.0    0.0      0.0
  SINCE JUL 1      0.0                       0.0    0.0      0.0
  SNOW DEPTH       0

DEGREE DAYS
 HEATING
  YESTERDAY        8                        10     -2        0
  MONTH TO DATE   66                       149    -83      100
  SINCE SEP 1     85                       208   -123      115
  SINCE JUL 1     85                       211   -126      115

 COOLING
  YESTERDAY        0                         0      0       11
  MONTH TO DATE   67                        16     51       21
  SINCE SEP 1    240                       141     99      226
  SINCE JAN 1   1257                      1050    207     1329
..................................................................


WIND (MPH)
  HIGHEST WIND SPEED    14   HIGHEST WIND DIRECTION    SW (240)
  HIGHEST GUST SPEED    21   HIGHEST GUST DIRECTION    SW (220)
  AVERAGE WIND SPEED     4.9


SKY COVER
  POSSIBLE SUNSHINE  MM
  AVERAGE SKY COVER 0.0


WEATHER CONDITIONS
 THE FOLLOWING WEATHER WAS RECORDED YESTERDAY.
  NO SIGNIFICANT WEATHER WAS OBSERVED.


RELATIVE HUMIDITY (PERCENT)
 HIGHEST    93           200 AM
 LOWEST     38           200 PM
 AVERAGE    66

..........................................................


THE ATLANTIC CITY NJ CLIMATE NORMALS FOR TODAY
                         NORMAL    RECORD    YEAR
 MAXIMUM TEMPERATURE (F)   65        85      1984
 MINIMUM TEMPERATURE (F)   44        24      1992


SUNRISE AND SUNSET
OCTOBER 20 2017.......SUNRISE   714 AM EDT   SUNSET   612 PM EDT
OCTOBER 21 2017.......SUNRISE   715 AM EDT   SUNSET   610 PM EDT


-  INDICATES NEGATIVE NUMBERS.
R  INDICATES RECORD WAS SET OR TIED.
MM INDICATES DATA IS MISSING.
T  INDICATES TRACE AMOUNT.




$$
