982
CDUS41 KPHI 130634
CLIACY


CLIMATE REPORT
NATIONAL WEATHER SERVICE MOUNT HOLLY NJ
128 AM EST SAT FEB 13 2016


...................................

...THE ATLANTIC CITY NJ CLIMATE SUMMARY FOR FEBRUARY 12 2016...

CLIMATE NORMAL PERIOD 1981 TO 2010
CLIMATE RECORD PERIOD 1874 TO 2016


WEATHER ITEM   OBSERVED TIME   RECORD YEAR NORMAL DEPARTURE LAST
                VALUE   (LST)  VALUE       VALUE  FROM      YEAR
                                                  NORMAL
..................................................................
TEMPERATURE (F)
 YESTERDAY
  MAXIMUM         28    310 PM  62    1999  44    -16       39
  MINIMUM         12    608 AM -11    1979  26    -14       22
  AVERAGE         20                        35    -15       31

PRECIPITATION (IN)
  YESTERDAY        T             1.21 1988   0.10  -0.10     0.00
  MONTH TO DATE    1.64                      1.17   0.47     1.10
  SINCE DEC 1      9.92                      8.08   1.84    11.91
  SINCE JAN 1      4.48                      4.39   0.09     6.38

SNOWFALL (IN)
  YESTERDAY        T             5.0  1979   0.3   -0.3      0.0
                                      2001
  MONTH TO DATE    2.8                       3.1   -0.3       T
  SINCE DEC 1     19.5                      11.3    8.2      5.2
  SINCE JUL 1     19.5                      11.5    8.0      5.2
  SNOW DEPTH       0

DEGREE DAYS
 HEATING
  YESTERDAY       45                        30     15       34
  MONTH TO DATE  336                       372    -36      400
  SINCE DEC 1   1747                      2226   -479     2240
  SINCE JUL 1   2442                      3133   -691     3147

 COOLING
  YESTERDAY        0                         0      0        0
  MONTH TO DATE    0                         0      0        0
  SINCE DEC 1      3                         0      3        0
  SINCE JAN 1      0                         0      0        0
..................................................................


WIND (MPH)
  HIGHEST WIND SPEED    15   HIGHEST WIND DIRECTION     W (290)
  HIGHEST GUST SPEED    20   HIGHEST GUST DIRECTION     W (290)
  AVERAGE WIND SPEED     6.0


SKY COVER
  POSSIBLE SUNSHINE  MM
  AVERAGE SKY COVER 0.3


WEATHER CONDITIONS
 THE FOLLOWING WEATHER WAS RECORDED YESTERDAY.
  LIGHT SNOW


RELATIVE HUMIDITY (PERCENT)
 HIGHEST    84          1100 PM
 LOWEST     29           200 PM
 AVERAGE    57

..........................................................


THE ATLANTIC CITY NJ CLIMATE NORMALS FOR TODAY
                         NORMAL    RECORD    YEAR
 MAXIMUM TEMPERATURE (F)   44        65      1903
 MINIMUM TEMPERATURE (F)   26        -7      1967


SUNRISE AND SUNSET
FEBRUARY 13 2016......SUNRISE   653 AM EST   SUNSET   532 PM EST
FEBRUARY 14 2016......SUNRISE   652 AM EST   SUNSET   533 PM EST


-  INDICATES NEGATIVE NUMBERS.
R  INDICATES RECORD WAS SET OR TIED.
MM INDICATES DATA IS MISSING.
T  INDICATES TRACE AMOUNT.




$$
