000
CDUS41 KPHI 300629
CLIACY


CLIMATE REPORT
NATIONAL WEATHER SERVICE MOUNT HOLLY NJ
129 AM EST FRI JAN 30 2015


...................................

...THE ATLANTIC CITY NJ CLIMATE SUMMARY FOR JANUARY 29 2015...

CLIMATE NORMAL PERIOD 1981 TO 2010
CLIMATE RECORD PERIOD 1874 TO 2015


WEATHER ITEM   OBSERVED TIME   RECORD YEAR NORMAL DEPARTURE LAST
                VALUE   (LST)  VALUE       VALUE  FROM      YEAR
                                                  NORMAL
..................................................................
TEMPERATURE (F)
 YESTERDAY
  MAXIMUM         36   1159 PM  71    2002  42     -6       20
  MINIMUM         13    717 AM   0    1966  25    -12       11
  AVERAGE         25                        33     -8       16

PRECIPITATION (IN)
  YESTERDAY        0.00          1.46 1912   0.11  -0.11     0.40
  MONTH TO DATE    5.28                      3.02   2.26     3.25
  SINCE DEC 1     10.81                      6.71   4.10     9.31
  SINCE JAN 1      5.28                      3.02   2.26     3.25

SNOWFALL (IN)
  YESTERDAY        0.0           7.3  2014   0.2   -0.2      7.3
  MONTH TO DATE    4.8                       4.1    0.7     18.8
  SINCE DEC 1      5.2                       7.8   -2.6     22.1
  SINCE JUL 1      5.2                       8.0   -2.8     22.1
  SNOW DEPTH       0

DEGREE DAYS
 HEATING
  YESTERDAY       40                        32      8       49
  MONTH TO DATE  994                       926     68     1058
  SINCE DEC 1   1763                      1788    -25     1855
  SINCE JUL 1   2670                      2695    -25     2858

 COOLING
  YESTERDAY        0                         0      0        0
  MONTH TO DATE    0                         0      0        0
  SINCE DEC 1      0                         0      0        0
  SINCE JAN 1      0                         0      0        0
..................................................................


WIND (MPH)
  HIGHEST WIND SPEED    12   HIGHEST WIND DIRECTION     S (200)
  HIGHEST GUST SPEED    17   HIGHEST GUST DIRECTION     S (190)
  AVERAGE WIND SPEED     5.7


SKY COVER
  POSSIBLE SUNSHINE  MM
  AVERAGE SKY COVER 0.3


WEATHER CONDITIONS
 THE FOLLOWING WEATHER WAS RECORDED YESTERDAY.
  NO SIGNIFICANT WEATHER WAS OBSERVED.


RELATIVE HUMIDITY (PERCENT)
 HIGHEST    75          1100 PM
 LOWEST     41           100 PM
 AVERAGE    58

..........................................................


THE ATLANTIC CITY NJ CLIMATE NORMALS FOR TODAY
                         NORMAL    RECORD    YEAR
 MAXIMUM TEMPERATURE (F)   42        72      2002
 MINIMUM TEMPERATURE (F)   25        -3      2014


SUNRISE AND SUNSET
JANUARY 30 2015.......SUNRISE   708 AM EST   SUNSET   516 PM EST
JANUARY 31 2015.......SUNRISE   707 AM EST   SUNSET   517 PM EST


-  INDICATES NEGATIVE NUMBERS.
R  INDICATES RECORD WAS SET OR TIED.
MM INDICATES DATA IS MISSING.
T  INDICATES TRACE AMOUNT.




$$
