000
CDUS41 KPHI 190628
CLIACY


CLIMATE REPORT
NATIONAL WEATHER SERVICE MOUNT HOLLY NJ
128 AM EST FRI DEC 19 2014


...................................

...THE ATLANTIC CITY NJ CLIMATE SUMMARY FOR DECEMBER 18 2014...

CLIMATE NORMAL PERIOD 1981 TO 2010
CLIMATE RECORD PERIOD 1874 TO 2014


WEATHER ITEM   OBSERVED TIME   RECORD YEAR NORMAL DEPARTURE LAST
                VALUE   (LST)  VALUE       VALUE  FROM      YEAR
                                                  NORMAL
..................................................................
TEMPERATURE (F)
 YESTERDAY
  MAXIMUM         42   1257 PM  71    2006  45     -3       40
  MINIMUM         33    758 AM   3    1919  28      5       24
  AVERAGE         38                        36      2       32

PRECIPITATION (IN)
  YESTERDAY        0.00          1.10 1986   0.13  -0.13     0.00
  MONTH TO DATE    4.28                      2.22   2.06     4.27
  SINCE DEC 1      4.28                      2.22   2.06     4.27
  SINCE JAN 1     53.11                     40.28  12.83    44.33

SNOWFALL (IN)
  YESTERDAY        0.0           0.7  1963   0.2   -0.2      0.0
  MONTH TO DATE    0.4                       2.0   -1.6      3.3
  SINCE DEC 1      0.4                       2.0   -1.6      3.3
  SINCE JUL 1      0.4                       2.2   -1.8      3.3
  SNOW DEPTH       0

DEGREE DAYS
 HEATING
  YESTERDAY       27                        29     -2       33
  MONTH TO DATE  432                       470    -38      499
  SINCE DEC 1    432                       470    -38      499
  SINCE JUL 1   1339                      1377    -38     1502

 COOLING
  YESTERDAY        0                         0      0        0
  MONTH TO DATE    0                         0      0        0
  SINCE DEC 1      0                         0      0        0
  SINCE JAN 1    857                      1055   -198     1088
..................................................................


WIND (MPH)
  HIGHEST WIND SPEED    26   HIGHEST WIND DIRECTION    NW (310)
  HIGHEST GUST SPEED    32   HIGHEST GUST DIRECTION    NW (300)
  AVERAGE WIND SPEED    13.5


SKY COVER
  POSSIBLE SUNSHINE  MM
  AVERAGE SKY COVER 0.1


WEATHER CONDITIONS
 THE FOLLOWING WEATHER WAS RECORDED YESTERDAY.
  NO SIGNIFICANT WEATHER WAS OBSERVED.


RELATIVE HUMIDITY (PERCENT)
 HIGHEST    70          1100 PM
 LOWEST     50           200 PM
 AVERAGE    60

..........................................................


THE ATLANTIC CITY NJ CLIMATE NORMALS FOR TODAY
                         NORMAL    RECORD    YEAR
 MAXIMUM TEMPERATURE (F)   45        62      1931
 MINIMUM TEMPERATURE (F)   27         6      1964


SUNRISE AND SUNSET
DECEMBER 19 2014......SUNRISE   714 AM EST   SUNSET   437 PM EST
DECEMBER 20 2014......SUNRISE   714 AM EST   SUNSET   437 PM EST


-  INDICATES NEGATIVE NUMBERS.
R  INDICATES RECORD WAS SET OR TIED.
MM INDICATES DATA IS MISSING.
T  INDICATES TRACE AMOUNT.




$$
