000
CDUS41 KPHI 300632
CLIACY


CLIMATE REPORT
NATIONAL WEATHER SERVICE MOUNT HOLLY NJ
231 AM EDT SUN AUG 30 2015


...................................

...THE ATLANTIC CITY NJ CLIMATE SUMMARY FOR AUGUST 29 2015...

CLIMATE NORMAL PERIOD 1981 TO 2010
CLIMATE RECORD PERIOD 1874 TO 2015


WEATHER ITEM   OBSERVED TIME   RECORD YEAR NORMAL DEPARTURE LAST
                VALUE   (LST)  VALUE       VALUE  FROM      YEAR
                                                  NORMAL
..................................................................
TEMPERATURE (F)
 YESTERDAY
  MAXIMUM         86   1201 PM  98    2010  82      4       76
  MINIMUM         55    510 AM  41    1986  63     -8       53
                                      1982
  AVERAGE         71                        73     -2       65

PRECIPITATION (IN)
  YESTERDAY        0.00          1.39 1936   0.10  -0.10     0.00
  MONTH TO DATE    1.25                      3.90  -2.65     9.28
  SINCE JUN 1     16.20                     10.73   5.47    15.91
  SINCE JAN 1     32.45                     28.01   4.44    36.09

SNOWFALL (IN)
  YESTERDAY        0.0           0.0  1903   0.0    0.0      0.0
  MONTH TO DATE    0.0                       0.0    0.0      0.0
  SINCE JUN 1      0.0                       0.0    0.0      0.0
  SINCE JUL 1      0.0                       0.0    0.0      0.0
  SNOW DEPTH       0

DEGREE DAYS
 HEATING
  YESTERDAY        0                         0      0        0
  MONTH TO DATE    0                         0      0        0
  SINCE JUN 1     26                        27     -1       10
  SINCE JUL 1      0                         0      0        0

 COOLING
  YESTERDAY        6                         8     -2        0
  MONTH TO DATE  312                       281     31      173
  SINCE JUN 1    917                       831     86      660
  SINCE JAN 1   1051                       895    156      696
..................................................................


WIND (MPH)
  HIGHEST WIND SPEED    15   HIGHEST WIND DIRECTION     S (170)
  HIGHEST GUST SPEED    20   HIGHEST GUST DIRECTION     S (170)
  AVERAGE WIND SPEED     5.3


SKY COVER
  POSSIBLE SUNSHINE  MM
  AVERAGE SKY COVER 0.1


WEATHER CONDITIONS
 THE FOLLOWING WEATHER WAS RECORDED YESTERDAY.
  NO SIGNIFICANT WEATHER WAS OBSERVED.


RELATIVE HUMIDITY (PERCENT)
 HIGHEST    93           400 AM
 LOWEST     37          1200 PM
 AVERAGE    65

..........................................................


THE ATLANTIC CITY NJ CLIMATE NORMALS FOR TODAY
                         NORMAL    RECORD    YEAR
 MAXIMUM TEMPERATURE (F)   82        96      1973
 MINIMUM TEMPERATURE (F)   63        41      1986


SUNRISE AND SUNSET
AUGUST 30 2015........SUNRISE   624 AM EDT   SUNSET   733 PM EDT
AUGUST 31 2015........SUNRISE   625 AM EDT   SUNSET   731 PM EDT


-  INDICATES NEGATIVE NUMBERS.
R  INDICATES RECORD WAS SET OR TIED.
MM INDICATES DATA IS MISSING.
T  INDICATES TRACE AMOUNT.




$$
