509
CDUS41 KPHI 252128
CLIACY


CLIMATE REPORT
NATIONAL WEATHER SERVICE MOUNT HOLLY NJ
527 PM EDT SUN SEP 25 2016


...................................

...THE ATLANTIC CITY NJ CLIMATE SUMMARY FOR SEPTEMBER 25 2016...
VALID TODAY AS OF 0500 PM LOCAL TIME.

CLIMATE NORMAL PERIOD 1981 TO 2010
CLIMATE RECORD PERIOD 1874 TO 2016


WEATHER ITEM   OBSERVED TIME   RECORD YEAR NORMAL DEPARTURE LAST
                VALUE   (LST)  VALUE       VALUE  FROM      YEAR
                                                  NORMAL
..................................................................
TEMPERATURE (F)
 TODAY
  MAXIMUM         73    209 PM  91    1970  74     -1       75
  MINIMUM         47    546 AM  36    1967  54     -7       58
  AVERAGE         60                        64     -4       67

PRECIPITATION (IN)
  TODAY            0.00          2.49 1992   0.12  -0.12     0.00
  MONTH TO DATE    2.74                      2.57   0.17     0.61
  SINCE SEP 1      2.74                      2.57   0.17     0.61
  SINCE JAN 1     35.04                     30.79   4.25    33.06

SNOWFALL (IN)
  TODAY            0.0           0.0    MM   0.0    0.0      0.0
  MONTH TO DATE    0.0                       0.0    0.0      0.0
  SINCE SEP 1      0.0                       0.0    0.0      0.0
  SINCE JUL 1      0.0                       0.0    0.0      0.0
  SNOW DEPTH       0

DEGREE DAYS
 HEATING
  TODAY            5                         3      2        0
  MONTH TO DATE   10                        38    -28        0
  SINCE SEP 1     10                        38    -28        0
  SINCE JUL 1     10                        41    -31        0

 COOLING
  TODAY            0                         2     -2        2
  MONTH TO DATE  203                       116     87      173
  SINCE SEP 1    203                       116     87      173
  SINCE JAN 1   1306                      1025    281     1253
..................................................................


WIND (MPH)
  HIGHEST WIND SPEED    13   HIGHEST WIND DIRECTION    NW (300)
  HIGHEST GUST SPEED    16   HIGHEST GUST DIRECTION    NE (30)
  AVERAGE WIND SPEED     5.1


SKY COVER
  POSSIBLE SUNSHINE  MM
  AVERAGE SKY COVER 0.0


WEATHER CONDITIONS
 THE FOLLOWING WEATHER WAS RECORDED TODAY.
  NO SIGNIFICANT WEATHER WAS OBSERVED.


RELATIVE HUMIDITY (PERCENT)
 HIGHEST    96          1200 AM
 LOWEST     31           200 PM
 AVERAGE    64

..........................................................


THE ATLANTIC CITY NJ CLIMATE NORMALS FOR TOMORROW
                         NORMAL    RECORD    YEAR
 MAXIMUM TEMPERATURE (F)   73        90      1970
 MINIMUM TEMPERATURE (F)   53        36      1967


SUNRISE AND SUNSET
SEPTEMBER 25 2016.....SUNRISE   649 AM EDT   SUNSET   650 PM EDT
SEPTEMBER 26 2016.....SUNRISE   650 AM EDT   SUNSET   648 PM EDT


-  INDICATES NEGATIVE NUMBERS.
R  INDICATES RECORD WAS SET OR TIED.
MM INDICATES DATA IS MISSING.
T  INDICATES TRACE AMOUNT.




$$
