000
CDUS41 KPHI 212138
CLIACY


CLIMATE REPORT
NATIONAL WEATHER SERVICE MOUNT HOLLY NJ
436 PM EST WED FEB 21 2018


...................................

...THE ATLANTIC CITY NJ CLIMATE SUMMARY FOR FEBRUARY 21 2018...
VALID TODAY AS OF 0400 PM LOCAL TIME.

CLIMATE NORMAL PERIOD 1981 TO 2010
CLIMATE RECORD PERIOD 1874 TO 2018


WEATHER ITEM   OBSERVED TIME   RECORD YEAR NORMAL DEPARTURE LAST
                VALUE   (LST)  VALUE       VALUE  FROM      YEAR
                                                  NORMAL
..................................................................
TEMPERATURE (F)
 TODAY
  MAXIMUM         76R   359 PM  74    1930  46     30       49
  MINIMUM         53    644 AM  -6    2015  27     26       26
  AVERAGE         65                        36     29       38

PRECIPITATION (IN)
  TODAY            0.00          2.49 1951   0.10  -0.10     0.00
  MONTH TO DATE    5.81                      2.08   3.73     0.97
  SINCE DEC 1     10.65                      8.99   1.66     8.44
  SINCE JAN 1      9.10                      5.30   3.80     5.15

SNOWFALL (IN)
  TODAY            0.0           6.0  1929   0.3   -0.3      0.0
  MONTH TO DATE    T                         5.4   -5.4      0.3
  SINCE DEC 1     24.5                      13.6   10.9      7.5
  SINCE JUL 1     24.5                      13.8   10.7      7.5
  SNOW DEPTH       0

DEGREE DAYS
 HEATING
  TODAY            0                        29    -29       27
  MONTH TO DATE  492                       637   -145      510
  SINCE DEC 1   2415                      2491    -76     2148
  SINCE JUL 1   3118                      3398   -280     2895

 COOLING
  TODAY            0                         0      0        0
  MONTH TO DATE    0                         0      0        0
  SINCE DEC 1      0                         0      0        0
  SINCE JAN 1      0                         0      0        0
..................................................................


WIND (MPH)
  HIGHEST WIND SPEED    23   HIGHEST WIND DIRECTION    SW (220)
  HIGHEST GUST SPEED    35   HIGHEST GUST DIRECTION    SW (210)
  AVERAGE WIND SPEED    10.9


SKY COVER
  POSSIBLE SUNSHINE  MM
  AVERAGE SKY COVER 0.7


WEATHER CONDITIONS
 THE FOLLOWING WEATHER WAS RECORDED TODAY.
  FOG
  FOG W/VISIBILITY <= 1/4 MILE


RELATIVE HUMIDITY (PERCENT)
 HIGHEST   100           100 AM
 LOWEST     64           300 PM
 AVERAGE    82

..........................................................


THE ATLANTIC CITY NJ CLIMATE NORMALS FOR TOMORROW
                         NORMAL    RECORD    YEAR
 MAXIMUM TEMPERATURE (F)   46        68      1991
 MINIMUM TEMPERATURE (F)   27         2      1968


SUNRISE AND SUNSET
FEBRUARY 21 2018......SUNRISE   642 AM EST   SUNSET   542 PM EST
FEBRUARY 22 2018......SUNRISE   641 AM EST   SUNSET   543 PM EST


-  INDICATES NEGATIVE NUMBERS.
R  INDICATES RECORD WAS SET OR TIED.
MM INDICATES DATA IS MISSING.
T  INDICATES TRACE AMOUNT.




$$
