000
CDUS41 KPHI 300633
CLIACY


CLIMATE REPORT
NATIONAL WEATHER SERVICE MOUNT HOLLY NJ
232 AM EDT THU JUL 30 2015


...................................

...THE ATLANTIC CITY NJ CLIMATE SUMMARY FOR JULY 29 2015...

CLIMATE NORMAL PERIOD 1981 TO 2010
CLIMATE RECORD PERIOD 1874 TO 2015


WEATHER ITEM   OBSERVED TIME   RECORD YEAR NORMAL DEPARTURE LAST
                VALUE   (LST)  VALUE       VALUE  FROM      YEAR
                                                  NORMAL
..................................................................
TEMPERATURE (F)
 YESTERDAY
  MAXIMUM         90    106 PM  98    2002  85      5       77
  MINIMUM         72    428 AM  53    1992  67      5       60
                                      1880
  AVERAGE         81                        76      5       69

PRECIPITATION (IN)
  YESTERDAY        0.00          2.21 1884   0.12  -0.12     0.00
  MONTH TO DATE    6.58                      3.46   3.12     5.09
  SINCE JUN 1     14.94                      6.57   8.37     6.63
  SINCE JAN 1     31.19                     23.85   7.34    26.81

SNOWFALL (IN)
  YESTERDAY        0.0           0.0  1903   0.0    0.0      0.0
  MONTH TO DATE    0.0                       0.0    0.0      0.0
  SINCE JUN 1      0.0                       0.0    0.0      0.0
  SINCE JUL 1      0.0                       0.0    0.0      0.0
  SNOW DEPTH       0

DEGREE DAYS
 HEATING
  YESTERDAY        0                         0      0        0
  MONTH TO DATE    0                         0      0        0
  SINCE JUN 1     26                        27     -1       10
  SINCE JUL 1      0                         0      0        0

 COOLING
  YESTERDAY       16                        11      5        4
  MONTH TO DATE  327                       324      3      281
  SINCE JUN 1    572                       527     45      477
  SINCE JAN 1    706                       591    115      513
..................................................................


WIND (MPH)
  HIGHEST WIND SPEED    16   HIGHEST WIND DIRECTION    SW (210)
  HIGHEST GUST SPEED    22   HIGHEST GUST DIRECTION    SW (210)
  AVERAGE WIND SPEED     5.8


SKY COVER
  POSSIBLE SUNSHINE  MM
  AVERAGE SKY COVER 0.1


WEATHER CONDITIONS
 THE FOLLOWING WEATHER WAS RECORDED YESTERDAY.
  FOG
  HAZE


RELATIVE HUMIDITY (PERCENT)
 HIGHEST    93           100 AM
 LOWEST     56          1200 PM
 AVERAGE    75

..........................................................


THE ATLANTIC CITY NJ CLIMATE NORMALS FOR TODAY
                         NORMAL    RECORD    YEAR
 MAXIMUM TEMPERATURE (F)   85        98      1917
 MINIMUM TEMPERATURE (F)   67        53      1981
                                             1968


SUNRISE AND SUNSET
JULY 30 2015..........SUNRISE   556 AM EDT   SUNSET   813 PM EDT
JULY 31 2015..........SUNRISE   557 AM EDT   SUNSET   812 PM EDT


-  INDICATES NEGATIVE NUMBERS.
R  INDICATES RECORD WAS SET OR TIED.
MM INDICATES DATA IS MISSING.
T  INDICATES TRACE AMOUNT.




$$
