000
CDUS41 KPHI 160632
CLIACY


CLIMATE REPORT
NATIONAL WEATHER SERVICE MOUNT HOLLY NJ
232 AM EDT TUE SEP 16 2014


...................................

...THE ATLANTIC CITY NJ CLIMATE SUMMARY FOR SEPTEMBER 15 2014...

CLIMATE NORMAL PERIOD 1981 TO 2010
CLIMATE RECORD PERIOD 1874 TO 2014


WEATHER ITEM   OBSERVED TIME   RECORD YEAR NORMAL DEPARTURE LAST
                VALUE   (LST)  VALUE       VALUE  FROM      YEAR
                                                  NORMAL
..................................................................
TEMPERATURE (F)
 YESTERDAY
  MAXIMUM         72   1250 PM  93    1927  77     -5       74
  MINIMUM         47    557 AM  39    1975  58    -11       42
  AVERAGE         60                        68     -8       58

PRECIPITATION (IN)
  YESTERDAY        0.00          2.07 2006   0.10  -0.10     0.00
  MONTH TO DATE    1.05                      1.45  -0.40     0.68
  SINCE SEP 1      1.05                      1.45  -0.40     0.68
  SINCE JAN 1     37.77                     29.67   8.10    32.10

SNOWFALL (IN)
  YESTERDAY        0.0           0.0  1903   0.0    0.0      0.0
  MONTH TO DATE    0.0                       0.0    0.0      0.0
  SINCE SEP 1      0.0                       0.0    0.0      0.0
  SINCE JUL 1      0.0                       0.0    0.0      0.0
  SNOW DEPTH       0

DEGREE DAYS
 HEATING
  YESTERDAY        5                         2      3        7
  MONTH TO DATE   10                        13     -3       20
  SINCE SEP 1     10                        13     -3       20
  SINCE JUL 1     10                        16     -6       20

 COOLING
  YESTERDAY        0                         4     -4        0
  MONTH TO DATE  111                        86     25       96
  SINCE SEP 1    111                        86     25       96
  SINCE JAN 1    823                       995   -172     1052
..................................................................


WIND (MPH)
  HIGHEST WIND SPEED    10   HIGHEST WIND DIRECTION     E (100)
  HIGHEST GUST SPEED    14   HIGHEST GUST DIRECTION     N (20)
  AVERAGE WIND SPEED     2.5


SKY COVER
  POSSIBLE SUNSHINE  MM
  AVERAGE SKY COVER 0.1


WEATHER CONDITIONS
 THE FOLLOWING WEATHER WAS RECORDED YESTERDAY.
  NO SIGNIFICANT WEATHER WAS OBSERVED.


RELATIVE HUMIDITY (PERCENT)
 HIGHEST   100           600 AM
 LOWEST     47           100 PM
 AVERAGE    74

..........................................................


THE ATLANTIC CITY NJ CLIMATE NORMALS FOR TODAY
                         NORMAL    RECORD    YEAR
 MAXIMUM TEMPERATURE (F)   77        93      1998
                                             1991
 MINIMUM TEMPERATURE (F)   58        42      1988


SUNRISE AND SUNSET
SEPTEMBER 16 2014.....SUNRISE   640 AM EDT   SUNSET   705 PM EDT
SEPTEMBER 17 2014.....SUNRISE   641 AM EDT   SUNSET   704 PM EDT


-  INDICATES NEGATIVE NUMBERS.
R  INDICATES RECORD WAS SET OR TIED.
MM INDICATES DATA IS MISSING.
T  INDICATES TRACE AMOUNT.




$$
