000
CDUS41 KPHI 032133
CLIACY


CLIMATE REPORT
NATIONAL WEATHER SERVICE MOUNT HOLLY NJ
529 PM EDT FRI JUL 3 2015


...................................

...THE ATLANTIC CITY NJ CLIMATE SUMMARY FOR JULY 3 2015...
VALID TODAY AS OF 0500 PM LOCAL TIME.

CLIMATE NORMAL PERIOD 1981 TO 2010
CLIMATE RECORD PERIOD 1874 TO 2015


WEATHER ITEM   OBSERVED TIME   RECORD YEAR NORMAL DEPARTURE LAST
                VALUE   (LST)  VALUE       VALUE  FROM      YEAR
                                                  NORMAL
..................................................................
TEMPERATURE (F)
 TODAY
  MAXIMUM         79    218 PM 104    1966  85     -6       92
  MINIMUM         61    438 AM  48    2001  66     -5       70
  AVERAGE         70                        75     -5       81

PRECIPITATION (IN)
  TODAY            0.00          3.83 1978   0.11  -0.11     0.62
  MONTH TO DATE    1.62                      0.34   1.28     0.68
  SINCE JUN 1      9.98                      3.45   6.53     2.22
  SINCE JAN 1     27.94                     20.73   7.21    22.40

SNOWFALL (IN)
  TODAY            0.0           0.0  1903   0.0    0.0      0.0
  MONTH TO DATE    0.0                       0.0    0.0      0.0
  SINCE JUN 1      0.0                       0.0    0.0      0.0
  SINCE JUL 1      0.0                       0.0    0.0      0.0
  SNOW DEPTH       0

DEGREE DAYS
 HEATING
  TODAY            0                         0      0        0
  MONTH TO DATE    0                         0      0        0
  SINCE JUN 1     26                        27     -1       10
  SINCE JUL 1      0                         0      0        0

 COOLING
  TODAY            5                        10     -5       16
  MONTH TO DATE   20                        30    -10       48
  SINCE JUN 1    265                       233     32      244
  SINCE JAN 1    399                       297    102      280
..................................................................


WIND (MPH)
  HIGHEST WIND SPEED    10   HIGHEST WIND DIRECTION    SE (140)
  HIGHEST GUST SPEED    18   HIGHEST GUST DIRECTION     E (90)
  AVERAGE WIND SPEED     4.2


SKY COVER
  POSSIBLE SUNSHINE  MM
  AVERAGE SKY COVER 0.1


WEATHER CONDITIONS
 THE FOLLOWING WEATHER WAS RECORDED TODAY.
  FOG
  HAZE


RELATIVE HUMIDITY (PERCENT)
 HIGHEST   100          1200 AM
 LOWEST     54           200 PM
 AVERAGE    77

..........................................................


THE ATLANTIC CITY NJ CLIMATE NORMALS FOR TOMORROW
                         NORMAL    RECORD    YEAR
 MAXIMUM TEMPERATURE (F)   85       102      1966
 MINIMUM TEMPERATURE (F)   66        51      1986


SUNRISE AND SUNSET
JULY  3 2015..........SUNRISE   536 AM EDT   SUNSET   829 PM EDT
JULY  4 2015..........SUNRISE   536 AM EDT   SUNSET   829 PM EDT


-  INDICATES NEGATIVE NUMBERS.
R  INDICATES RECORD WAS SET OR TIED.
MM INDICATES DATA IS MISSING.
T  INDICATES TRACE AMOUNT.




$$
