000
CDUS41 KPHI 150547
CLIACY


CLIMATE REPORT
NATIONAL WEATHER SERVICE MOUNT HOLLY NJ
1246 AM EST FRI DEC 15 2017


...................................

...THE ATLANTIC CITY NJ CLIMATE SUMMARY FOR DECEMBER 14 2017...

CLIMATE NORMAL PERIOD 1981 TO 2010
CLIMATE RECORD PERIOD 1874 TO 2017


WEATHER ITEM   OBSERVED TIME   RECORD YEAR NORMAL DEPARTURE LAST
                VALUE   (LST)  VALUE       VALUE  FROM      YEAR
                                                  NORMAL
..................................................................
TEMPERATURE (F)
 YESTERDAY
  MAXIMUM         41   1056 AM  65    2015  46     -5       45
                                      1929
  MINIMUM         22   1105 PM   2    1958  29     -7       33
  AVERAGE         32                        37     -5       39

PRECIPITATION (IN)
  YESTERDAY        T             3.52 1907   0.13  -0.13     0.00
  MONTH TO DATE    0.92                      1.73  -0.81     1.61
  SINCE DEC 1      0.92                      1.73  -0.81     1.61
  SINCE JAN 1     49.85                     39.79  10.06    43.34

SNOWFALL (IN)
  YESTERDAY        T             2.7  1945   0.2   -0.2      0.0
  MONTH TO DATE    4.3                       1.4    2.9      0.0
  SINCE DEC 1      4.3                       1.4    2.9      0.0
  SINCE JUL 1      4.3                       1.6    2.7       T
  SNOW DEPTH       1

DEGREE DAYS
 HEATING
  YESTERDAY       33                        28      5       26
  MONTH TO DATE  354                       357     -3      341
  SINCE DEC 1    354                       357     -3      341
  SINCE JUL 1   1057                      1264   -207     1088

 COOLING
  YESTERDAY        0                         0      0        0
  MONTH TO DATE    0                         0      0        0
  SINCE DEC 1      0                         0      0        0
  SINCE JAN 1   1264                      1055    209     1340
..................................................................


WIND (MPH)
  HIGHEST WIND SPEED    24   HIGHEST WIND DIRECTION    NW (310)
  HIGHEST GUST SPEED    34   HIGHEST GUST DIRECTION    NW (310)
  AVERAGE WIND SPEED    10.3


SKY COVER
  POSSIBLE SUNSHINE  MM
  AVERAGE SKY COVER 0.4


WEATHER CONDITIONS
 THE FOLLOWING WEATHER WAS RECORDED YESTERDAY.
  LIGHT SNOW
  FOG


RELATIVE HUMIDITY (PERCENT)
 HIGHEST    92          1200 AM
 LOWEST     47           300 PM
 AVERAGE    70

..........................................................


THE ATLANTIC CITY NJ CLIMATE NORMALS FOR TODAY
                         NORMAL    RECORD    YEAR
 MAXIMUM TEMPERATURE (F)   46        66      1971
                                             1929
 MINIMUM TEMPERATURE (F)   28         8      1989
                                             1962


SUNRISE AND SUNSET
DECEMBER 15 2017......SUNRISE   711 AM EST   SUNSET   436 PM EST
DECEMBER 16 2017......SUNRISE   712 AM EST   SUNSET   436 PM EST


-  INDICATES NEGATIVE NUMBERS.
R  INDICATES RECORD WAS SET OR TIED.
MM INDICATES DATA IS MISSING.
T  INDICATES TRACE AMOUNT.




$$
