000
CDUS41 KPHI 232128
CLIACY


CLIMATE REPORT
NATIONAL WEATHER SERVICE MOUNT HOLLY NJ
426 PM EST SUN NOV 23 2014


...................................

...THE ATLANTIC CITY NJ CLIMATE SUMMARY FOR NOVEMBER 23 2014...
VALID TODAY AS OF 0400 PM LOCAL TIME.

CLIMATE NORMAL PERIOD 1981 TO 2010
CLIMATE RECORD PERIOD 1874 TO 2014


WEATHER ITEM   OBSERVED TIME   RECORD YEAR NORMAL DEPARTURE LAST
                VALUE   (LST)  VALUE       VALUE  FROM      YEAR
                                                  NORMAL
..................................................................
TEMPERATURE (F)
 TODAY
  MAXIMUM         56    320 PM  74    1992  54      2       54
                                      1900
  MINIMUM         39    620 AM  10    1989  35      4       33
  AVERAGE         48                        44      4       44

PRECIPITATION (IN)
  TODAY            0.00          2.00 1953   0.11  -0.11     0.00
  MONTH TO DATE    3.82                      2.47   1.35     0.78
  SINCE SEP 1     10.56                      9.04   1.52     6.87
  SINCE JAN 1     47.28                     37.26  10.02    38.29

SNOWFALL (IN)
  TODAY            0.0           4.5  1989   0.0    0.0      0.0
  MONTH TO DATE    T                         0.1   -0.1       T
  SINCE SEP 1      T                         0.1   -0.1       T
  SINCE JUL 1      T                         0.1   -0.1       T
  SNOW DEPTH       0

DEGREE DAYS
 HEATING
  TODAY           17                        21     -4       21
  MONTH TO DATE  489                       394     95      425
  SINCE SEP 1    763                       749     14      790
  SINCE JUL 1    763                       752     11      790

 COOLING
  TODAY            0                         0      0        0
  MONTH TO DATE    0                         0      0        0
  SINCE SEP 1    145                       145      0      132
  SINCE JAN 1    857                      1054   -197     1088
..................................................................


WIND (MPH)
  HIGHEST WIND SPEED    14   HIGHEST WIND DIRECTION    SW (220)
  HIGHEST GUST SPEED    19   HIGHEST GUST DIRECTION    SW (220)
  AVERAGE WIND SPEED     8.7


SKY COVER
  POSSIBLE SUNSHINE  MM
  AVERAGE SKY COVER 0.3


WEATHER CONDITIONS
 THE FOLLOWING WEATHER WAS RECORDED TODAY.
  NO SIGNIFICANT WEATHER WAS OBSERVED.


RELATIVE HUMIDITY (PERCENT)
 HIGHEST    66           300 PM
 LOWEST     35          1200 PM
 AVERAGE    51

..........................................................


THE ATLANTIC CITY NJ CLIMATE NORMALS FOR TOMORROW
                         NORMAL    RECORD    YEAR
 MAXIMUM TEMPERATURE (F)   53        72      1999
 MINIMUM TEMPERATURE (F)   35        11      1989


SUNRISE AND SUNSET
NOVEMBER 23 2014......SUNRISE   651 AM EST   SUNSET   438 PM EST
NOVEMBER 24 2014......SUNRISE   652 AM EST   SUNSET   438 PM EST


-  INDICATES NEGATIVE NUMBERS.
R  INDICATES RECORD WAS SET OR TIED.
MM INDICATES DATA IS MISSING.
T  INDICATES TRACE AMOUNT.




$$
