000
CDAK48 PADQ 301119
CLIADQ

CLIMATE REPORT
NATIONAL WEATHER SERVICE KODIAK, AK
319 AM AKDT MON MAY 30 2016

...................................
...THE KODIAK AP CLIMATE SUMMARY FOR MAY 29 2016...

CLIMATE NORMAL PERIOD  1981 TO  2010
CLIMATE RECORD PERIOD  1913 TO  2016

WEATHER ITEM   OBSERVED TIME    RECORD YEAR NORMAL DEPARTURE LAST
               VALUE    (LST)   VALUE       VALUE  FROM      YEAR
                                                   NORMAL
...................................................................
TEMPERATURE
YESTERDAY
 MAXIMUM            63  0736 PM    76  1993     52      11     65
 MINIMUM            47  0208 AM    31  1966     41       6     45
 AVERAGE            55                          47       8     55

PRECIPITATION
(INCHES)
 YESTERDAY        0.00           2.14  1998   0.21   -0.21   0.00
 MONTH TO DATE    2.63                        5.21   -2.58   6.03
 SINCE MAR 1     18.87                       16.55    2.32  20.20
 SINCE JAN 1     42.16                       30.98   11.18  39.12

SNOWFALL
(INCHES)
 YESTERDAY         0.0            0.1  1971    0.0     0.0    0.0
 MONTH TO DATE     0.0                         0.2    -0.2    0.0
 SINCE MAR 1       3.6                        19.5   -15.9    4.7
 SINCE JUL 1        MM                        68.9      MM   20.1
 SNOW DEPTH (IN)     0                                          0

DEGREE DAYS
 HEATING
  YESTERDAY         10                          18      -8     10
  MONTH TO DATE    481                         606    -125    538
  SINCE MAR 1     1948                        2425    -477   2187
  SINCE JUL 1     6885                        8298   -1413   7105

 COOLING
  YESTERDAY          0                           0       0      0
  MONTH TO DATE      0                           0       0      0
  SINCE MAR 1        0                           0       0      0
  SINCE JAN 1        0                           0       0      0
...................................................................

WIND (MPH)
 HIGHEST WIND SPEED    17     HIGHEST WIND DIRECTION    290
 HIGHEST GUST SPEED    22     HIGHEST GUST DIRECTION    300
 AVERAGE WIND SPEED   8.3

SKY COVER
  POSSIBLE SUNSHINE    MM          AVERAGE SKY COVER     MM

WEATHER CONDITIONS
 THE FOLLOWING WEATHER WAS RECORDED YESTERDAY.
  NO SIGNIFICANT WEATHER WAS OBSERVED.

RELATIVE HUMIDITY
 HIGHEST RH     MM PERCENT       MM
 LOWEST  RH     MM PERCENT       MM
 AVERAGE RH     MM PERCENT       MM
...................................................................

THE KODIAK CLIMATE NORMALS FOR TODAY
                           NORMAL    RECORD   YEAR
 MAXIMUM TEMPERATURE (F)     52        72     1993
 MINIMUM TEMPERATURE (F)     41        33     1931

SUNRISE AND SUNSET
 MAY 30 2016..........SUNRISE  5:21 AM      SUNSET 10:56 PM
 MAY 31 2016..........SUNRISE  5:20 AM      SUNSET 10:58 PM

-  INDICATES NEGATIVE NUMBERS.
R  INDICATES RECORD HAS BEEN SET OR TIED.
MM INDICATES DATA IS MISSING.
T  INDICATES TRACE OF PRECIPITATION.

&&
-------------------------------------------------------------------

AMOUNT OF DAYLIGHT TODAY  (HOUR:MIN)........17 HOURS 35 MINUTES
GAIN/LOSS SINCE YESTERDAY (HOUR:MIN:SEC)....+0:02:52

$$
LRM MAY 16
