000
CDAK48 PADQ 241118
CLIADQ

CLIMATE REPORT
NATIONAL WEATHER SERVICE KODIAK, AK
318 AM AKDT SUN JUL 24 2016

...................................
...THE KODIAK AP CLIMATE SUMMARY FOR JULY 23 2016...

CLIMATE NORMAL PERIOD  1981 TO  2010
CLIMATE RECORD PERIOD  1913 TO  2016

WEATHER ITEM   OBSERVED TIME    RECORD YEAR NORMAL DEPARTURE LAST
               VALUE    (LST)   VALUE       VALUE  FROM      YEAR
                                                   NORMAL
...................................................................
TEMPERATURE
YESTERDAY
 MAXIMUM            71  0414 PM    81  1967     61      10     71
 MINIMUM            57  0524 AM    42  1937     50       7     53
 AVERAGE            64                          55       9     62

PRECIPITATION
(INCHES)
 YESTERDAY        0.00           2.14  1937   0.16   -0.16   0.04
 MONTH TO DATE    1.11                        3.74   -2.63   3.16
 SINCE JUN 1      4.59                        9.65   -5.06   6.24
 SINCE JAN 1     47.37                       41.04    6.33  45.36

SNOWFALL
(INCHES)
 YESTERDAY         0.0            0.0  2016    0.0     0.0    0.0
 MONTH TO DATE     0.0                         0.0     0.0    0.0
 SINCE JUN 1       0.0                         0.0     0.0    0.0
 SINCE JUL 1       0.0                         0.0     0.0    0.0
 SNOW DEPTH (IN)     0                                          0

DEGREE DAYS
 HEATING
  YESTERDAY          1                          10      -9      3
  MONTH TO DATE    107                         252    -145    181
  SINCE JUN 1      433                         713    -280    492
  SINCE JUL 1      107                         252    -145    181

 COOLING
  YESTERDAY          0                           0       0      0
  MONTH TO DATE     20                           0      20      0
  SINCE JUN 1       20                           0      20      1
  SINCE JAN 1       20                           0      20      1
...................................................................

WIND (MPH)
 HIGHEST WIND SPEED    35     HIGHEST WIND DIRECTION    280
 HIGHEST GUST SPEED    49     HIGHEST GUST DIRECTION    290
 AVERAGE WIND SPEED  16.6

SKY COVER
  POSSIBLE SUNSHINE    MM          AVERAGE SKY COVER     MM

WEATHER CONDITIONS
 THE FOLLOWING WEATHER WAS RECORDED YESTERDAY.
  NO SIGNIFICANT WEATHER WAS OBSERVED.

RELATIVE HUMIDITY
 HIGHEST RH     MM PERCENT       MM
 LOWEST  RH     MM PERCENT       MM
 AVERAGE RH     MM PERCENT       MM
...................................................................

THE KODIAK CLIMATE NORMALS FOR TODAY
                           NORMAL    RECORD   YEAR
 MAXIMUM TEMPERATURE (F)     61        74     1923
 MINIMUM TEMPERATURE (F)     50        42     1971

SUNRISE AND SUNSET
 JUL 24 2016..........SUNRISE  5:51 AM      SUNSET 10:42 PM
 JUL 25 2016..........SUNRISE  5:53 AM      SUNSET 10:40 PM

-  INDICATES NEGATIVE NUMBERS.
R  INDICATES RECORD HAS BEEN SET OR TIED.
MM INDICATES DATA IS MISSING.
T  INDICATES TRACE OF PRECIPITATION.

&&
-------------------------------------------------------------------

AMOUNT OF DAYLIGHT TODAY  (HOUR:MIN)........16 HOURS 51 MINUTES
GAIN/LOSS SINCE YESTERDAY (HOUR:MIN:SEC)....-0:03:50

$$
JTS JUL 16
