000
CDAK48 PADQ 230935
CLIADQ


CLIMATE REPORT
NATIONAL WEATHER SERVICE ANCHORAGE, AK
135 AM AKDT SUN JUL 23 2017


...................................

...THE KODIAK CLIMATE SUMMARY FOR JULY 22 2017...

CLIMATE NORMAL PERIOD 1981 TO 2010
CLIMATE RECORD PERIOD 1913 TO 2017


WEATHER ITEM   OBSERVED TIME   RECORD YEAR NORMAL DEPARTURE LAST
                VALUE   (LST)  VALUE       VALUE  FROM      YEAR
                                                  NORMAL
..................................................................
TEMPERATURE (F)
 YESTERDAY
  MAXIMUM         72    655 PM  82    1967  61     11       62
  MINIMUM         45    440 AM  42    1938  50     -5       57
  AVERAGE         59                        55      4       60

PRECIPITATION (IN)
  YESTERDAY        0.00          1.18 1984   0.15  -0.15     0.03
  MONTH TO DATE    3.53                      3.58  -0.05     1.11
  SINCE JUN 1     11.51                      9.49   2.02     4.58
  SINCE JAN 1     32.27                     40.88  -8.61    46.67

SNOWFALL (IN)
  YESTERDAY        0.0          MM      MM   0.0    0.0      0.0
  MONTH TO DATE    0.0                       0.0    0.0      0.0
  SINCE JUN 1      0.0                       0.0    0.0      0.0
  SINCE JUL 1      0.0                       0.0    0.0      0.0
  SNOW DEPTH       0

DEGREE DAYS
 HEATING
  YESTERDAY        6                        10     -4        5
  MONTH TO DATE  203                       242    -39       98
  SINCE JUN 1    619                       703    -84      393
  SINCE JUL 1    203                       242    -39       98

 COOLING
  YESTERDAY        0                         0      0        0
  MONTH TO DATE    0                         0      0       20
  SINCE JUN 1      0                         0      0       20
  SINCE JAN 1      0                         0      0       20
..................................................................


WIND (MPH)
  RESULTANT WIND SPEED   1   RESULTANT WIND DIRECTION   N (10)
  HIGHEST WIND SPEED     8   HIGHEST WIND DIRECTION    NE (60)
  HIGHEST GUST SPEED    10   HIGHEST GUST DIRECTION    NE (30)
  AVERAGE WIND SPEED     4.3



WEATHER CONDITIONS
 THE FOLLOWING WEATHER WAS RECORDED YESTERDAY.
  NO SIGNIFICANT WEATHER WAS OBSERVED.


RELATIVE HUMIDITY (PERCENT)
 HIGHEST   100
 LOWEST     55
 AVERAGE    78

..........................................................


THE KODIAK CLIMATE NORMALS FOR TODAY
                         NORMAL    RECORD    YEAR
 MAXIMUM TEMPERATURE (F)   61        81      1967
 MINIMUM TEMPERATURE (F)   50        42      1937


SUNRISE AND SUNSET
JULY 23 2017..........SUNRISE   548 AM AKDT  SUNSET  1044 PM AKDT
JULY 24 2017..........SUNRISE   550 AM AKDT  SUNSET  1042 PM AKDT


-  INDICATES NEGATIVE NUMBERS.
R  INDICATES RECORD WAS SET OR TIED.
MM INDICATES DATA IS MISSING.
T  INDICATES TRACE AMOUNT.




$$
