675
CDAK48 PAFC 230059
CLIADQ


CLIMATE REPORT
NATIONAL WEATHER SERVICE ANCHORAGE, AK
459 PM AKDT FRI SEP 22 2017


...................................

...THE KODIAK CLIMATE SUMMARY FOR SEPTEMBER 22 2017...
VALID TODAY AS OF 0400 PM LOCAL TIME.

CLIMATE NORMAL PERIOD 1981 TO 2010
CLIMATE RECORD PERIOD 1913 TO 2017


WEATHER ITEM   OBSERVED TIME   RECORD YEAR NORMAL DEPARTURE LAST
                VALUE   (LST)  VALUE       VALUE  FROM      YEAR
                                                  NORMAL
..................................................................
TEMPERATURE (F)
 TODAY
  MAXIMUM         61        MM  64    1951  54      7       59
  MINIMUM         51   1200 AM  29    2003  41     10       39
                                      1992
  AVERAGE         56                        48      8       49

PRECIPITATION (IN)
  TODAY            0.00          2.04 1999   0.27  -0.27     0.00
  MONTH TO DATE    5.42                      5.08   0.34     4.91
  SINCE SEP 1      5.42                      5.08   0.34     4.91
  SINCE JAN 1     45.94                     51.87  -5.93    56.21

SNOWFALL (IN)
  TODAY            0.0          MM      MM   0.0    0.0      0.0
  MONTH TO DATE    0.0                       0.0    0.0      0.0
  SINCE SEP 1      0.0                       0.0    0.0      0.0
  SINCE JUL 1      0.0                       0.0    0.0      0.0
  SNOW DEPTH       0

DEGREE DAYS
 HEATING
  TODAY            9                        17     -8       16
  MONTH TO DATE  311                       317     -6      242
  SINCE SEP 1    311                       317     -6      242
  SINCE JUL 1    916                       950    -34      583

 COOLING
  TODAY            0                         0      0        0
  MONTH TO DATE    0                         0      0        0
  SINCE SEP 1      0                         0      0        0
  SINCE JAN 1      0                         1     -1       29
..................................................................


WIND (MPH)
  RESULTANT WIND SPEED   8   RESULTANT WIND DIRECTION   S (190)
  HIGHEST WIND SPEED    16   HIGHEST WIND DIRECTION     S (170)
  HIGHEST GUST SPEED    23   HIGHEST GUST DIRECTION     S (190)
  AVERAGE WIND SPEED     8.9



WEATHER CONDITIONS
 THE FOLLOWING WEATHER WAS RECORDED TODAY.
  NO SIGNIFICANT WEATHER WAS OBSERVED.


RELATIVE HUMIDITY (PERCENT)
 HIGHEST   100
 LOWEST     67
 AVERAGE    84

..........................................................


THE KODIAK CLIMATE NORMALS FOR TOMORROW
                         NORMAL    RECORD    YEAR
 MAXIMUM TEMPERATURE (F)   53        61      1980
                                             1978
 MINIMUM TEMPERATURE (F)   41        27      1996


SUNRISE AND SUNSET
SEPTEMBER 22 2017.....SUNRISE   756 AM AKDT  SUNSET   808 PM AKDT
SEPTEMBER 23 2017.....SUNRISE   758 AM AKDT  SUNSET   805 PM AKDT


-  INDICATES NEGATIVE NUMBERS.
R  INDICATES RECORD WAS SET OR TIED.
MM INDICATES DATA IS MISSING.
T  INDICATES TRACE AMOUNT.




$$
