000
CDAK48 PADQ 231303
CLIADQ


CLIMATE REPORT
NATIONAL WEATHER SERVICE ANCHORAGE, AK
503 AM AKDT THU MAR 23 2017


...................................

...THE KODIAK CLIMATE SUMMARY FOR MARCH 22 2017...

CLIMATE NORMAL PERIOD 1981 TO 2010
CLIMATE RECORD PERIOD 1913 TO 2017


WEATHER ITEM   OBSERVED TIME   RECORD YEAR NORMAL DEPARTURE LAST
                VALUE   (LST)  VALUE       VALUE  FROM      YEAR
                                                  NORMAL
..................................................................
TEMPERATURE (F)
 YESTERDAY
  MAXIMUM         39    234 PM  55    1965  38      1       43
  MINIMUM         28   1159 PM   4    1975  28      0       39
  AVERAGE         34                        33      1       41

PRECIPITATION (IN)
  YESTERDAY        0.00          1.78 1956   0.18  -0.18     0.32
  MONTH TO DATE    T                         3.93  -3.93     4.79
  SINCE MAR 1      T                         3.93  -3.93     4.79
  SINCE JAN 1      5.54                     18.36 -12.82    27.39

SNOWFALL (IN)
  YESTERDAY        0.0          17.8  1956   0.4   -0.4      0.0
  MONTH TO DATE    0.2                       8.1   -7.9      3.6
  SINCE MAR 1      0.2                       8.1   -7.9      3.6
  SINCE JUL 1     26.0                      57.5  -31.5     20.6
  SNOW DEPTH       T

DEGREE DAYS
 HEATING
  YESTERDAY       31                        32     -1       24
  MONTH TO DATE  821                       717    104      399
  SINCE MAR 1    821                       717    104      399
  SINCE JUL 1   6162                      6589   -427     4907

 COOLING
  YESTERDAY        0                         0      0        0
  MONTH TO DATE    0                         0      0        0
  SINCE MAR 1      0                         0      0        0
  SINCE JAN 1      0                         0      0        0
..................................................................


WIND (MPH)
  RESULTANT WIND SPEED  11   RESULTANT WIND DIRECTION   W (290)
  HIGHEST WIND SPEED    23   HIGHEST WIND DIRECTION     W (280)
  HIGHEST GUST SPEED    33   HIGHEST GUST DIRECTION     W (280)
  AVERAGE WIND SPEED    11.5



WEATHER CONDITIONS
 THE FOLLOWING WEATHER WAS RECORDED YESTERDAY.
  NO SIGNIFICANT WEATHER WAS OBSERVED.


RELATIVE HUMIDITY (PERCENT)
 HIGHEST    63
 LOWEST     29
 AVERAGE    46

..........................................................


THE KODIAK CLIMATE NORMALS FOR TODAY
                         NORMAL    RECORD    YEAR
 MAXIMUM TEMPERATURE (F)   39        50      1979
 MINIMUM TEMPERATURE (F)   28         5      2003


SUNRISE AND SUNSET
MARCH 23 2017.........SUNRISE   802 AM AKDT  SUNSET   832 PM AKDT
MARCH 24 2017.........SUNRISE   759 AM AKDT  SUNSET   834 PM AKDT


-  INDICATES NEGATIVE NUMBERS.
R  INDICATES RECORD WAS SET OR TIED.
MM INDICATES DATA IS MISSING.
T  INDICATES TRACE AMOUNT.




$$
