278
CDAK48 PAFC 171251
CLIADQ


CLIMATE REPORT
NATIONAL WEATHER SERVICE ANCHORAGE, AK
351 AM AKST WED JAN 17 2018


...................................

...THE KODIAK CLIMATE SUMMARY FOR JANUARY 16 2018...

CLIMATE NORMAL PERIOD 1981 TO 2010
CLIMATE RECORD PERIOD 1913 TO 2018


WEATHER ITEM   OBSERVED TIME   RECORD YEAR NORMAL DEPARTURE LAST
                VALUE   (LST)  VALUE       VALUE  FROM      YEAR
                                                  NORMAL
..................................................................
TEMPERATURE (F)
 YESTERDAY
  MAXIMUM         43        MM  47    1929  35      8       23
  MINIMUM         34        MM   5    1972  26      8       10
  AVERAGE         39                        30      9       17

PRECIPITATION (IN)
  YESTERDAY        1.18          2.03 1994   0.28   0.90      T
  MONTH TO DATE    5.37                      4.43   0.94     0.53
  SINCE SEP 1     32.56                     35.64  -3.08    30.52
  SINCE JAN 1      5.37                      4.43   0.94     0.53

SNOWFALL (IN)
  YESTERDAY        1.5           8.0  1918   0.4    1.1      0.3
  MONTH TO DATE    1.5                       6.1   -4.6      0.5
  SINCE SEP 1     11.4                      27.4  -16.0      6.1
  SINCE JUL 1     11.4                      27.4  -16.0      6.1
  SNOW DEPTH       0

DEGREE DAYS
 HEATING
  YESTERDAY       26                        35     -9       48
  MONTH TO DATE  465                       548    -83      572
  SINCE DEC 1   1350                      1596   -246     1605
  SINCE JUL 1   3913                      4391   -478     3807

 COOLING
  YESTERDAY        0                         0      0        0
  MONTH TO DATE    0                         0      0        0
  SINCE DEC 1      0                         0      0        0
  SINCE JAN 1      0                         0      0        0
..................................................................


WIND (MPH)
  RESULTANT WIND SPEED  13   RESULTANT WIND DIRECTION   N (340)
  HIGHEST WIND SPEED    25   HIGHEST WIND DIRECTION    NE (30)
  HIGHEST GUST SPEED    40   HIGHEST GUST DIRECTION     W (290)
  AVERAGE WIND SPEED    16.7



WEATHER CONDITIONS
 THE FOLLOWING WEATHER WAS RECORDED YESTERDAY.
  RAIN
  LIGHT RAIN
  LIGHT SNOW
  FOG


RELATIVE HUMIDITY (PERCENT)
 HIGHEST    96
 LOWEST     76
 AVERAGE    86

..........................................................


THE KODIAK CLIMATE NORMALS FOR TODAY
                         NORMAL    RECORD    YEAR
 MAXIMUM TEMPERATURE (F)   35        46      2014
                                             1930
 MINIMUM TEMPERATURE (F)   26         3      1934


SUNRISE AND SUNSET
JANUARY 17 2018.......SUNRISE   939 AM AKST  SUNSET   503 PM AKST
JANUARY 18 2018.......SUNRISE   937 AM AKST  SUNSET   505 PM AKST


-  INDICATES NEGATIVE NUMBERS.
R  INDICATES RECORD WAS SET OR TIED.
MM INDICATES DATA IS MISSING.
T  INDICATES TRACE AMOUNT.




$$
