000
CDUS44 KLCH 250048
CLIAEX


CLIMATE REPORT
NATIONAL WEATHER SERVICE LAKE CHARLES, LA
748 PM CDT FRI MAR 24 2017


...................................

...THE ALEXANDRIA CLIMATE SUMMARY FOR MARCH 24 2017...
VALID TODAY AS OF 0500 PM LOCAL TIME.

CLIMATE NORMAL PERIOD 1981 TO 2010
CLIMATE RECORD PERIOD 1892 TO 2017


WEATHER ITEM   OBSERVED TIME   RECORD YEAR NORMAL DEPARTURE LAST
                VALUE   (LST)  VALUE       VALUE  FROM      YEAR
                                                  NORMAL
..................................................................
TEMPERATURE (F)
 TODAY
  MAXIMUM         78    358 PM  91    1907  73      5       69
  MINIMUM         67    537 AM  30    1914  49     18       50
  AVERAGE         73                        61     12       60

PRECIPITATION (IN)
  TODAY            0.00          2.23 1983   0.14  -0.14     0.46
  MONTH TO DATE    1.01                      3.96  -2.95     7.47
  SINCE MAR 1      1.01                      3.96  -2.95     7.47
  SINCE JAN 1      8.72                     13.64  -4.92    13.95

SNOWFALL (IN)
  TODAY            0.0           0.0    MM  MM     MM        0.0
  MONTH TO DATE    0.0                      MM     MM        0.0
  SINCE MAR 1      0.0                      MM     MM        0.0
  SINCE JUL 1      0.5                      MM     MM        0.0
  SNOW DEPTH       0

DEGREE DAYS
 HEATING
  TODAY            0                         5     -5        5
  MONTH TO DATE  129                       180    -51       89
  SINCE MAR 1    129                       180    -51       89
  SINCE JUL 1   1105                      1845   -740     1289

 COOLING
  TODAY            8                         1      7        0
  MONTH TO DATE   64                        24     40       38
  SINCE MAR 1     64                        24     40       38
  SINCE JAN 1    146                        41    105       46
..................................................................


WIND (MPH)
  HIGHEST WIND SPEED    31   HIGHEST WIND DIRECTION    SE (150)
  HIGHEST GUST SPEED    38   HIGHEST GUST DIRECTION    SE (150)
  AVERAGE WIND SPEED    15.5


SKY COVER
  POSSIBLE SUNSHINE  MM
  AVERAGE SKY COVER 0.6


WEATHER CONDITIONS
 THE FOLLOWING WEATHER WAS RECORDED TODAY.
  NO SIGNIFICANT WEATHER WAS OBSERVED.


RELATIVE HUMIDITY (PERCENT)
 HIGHEST    87           200 AM
 LOWEST     58           400 PM
 AVERAGE    73

..........................................................


THE ALEXANDRIA CLIMATE NORMALS FOR TOMORROW
                         NORMAL    RECORD    YEAR
 MAXIMUM TEMPERATURE (F)   73        92      1910
                                             1907
 MINIMUM TEMPERATURE (F)   50        31      2013


SUNRISE AND SUNSET
MARCH 24 2017.........SUNRISE   709 AM CDT   SUNSET   725 PM CDT
MARCH 25 2017.........SUNRISE   707 AM CDT   SUNSET   725 PM CDT


-  INDICATES NEGATIVE NUMBERS.
R  INDICATES RECORD WAS SET OR TIED.
MM INDICATES DATA IS MISSING.
T  INDICATES TRACE AMOUNT.




$$
