000
CDUS44 KLCH 282240
CLIAEX


CLIMATE REPORT
NATIONAL WEATHER SERVICE LAKE CHARLES, LA
440 PM CST FRI NOV 28 2014


...................................

...THE ALEXANDRIA CLIMATE SUMMARY FOR NOVEMBER 28 2014...
VALID TODAY AS OF 0400 PM LOCAL TIME.

CLIMATE NORMAL PERIOD 1981 TO 2010
CLIMATE RECORD PERIOD 1892 TO 2014


WEATHER ITEM   OBSERVED TIME   RECORD YEAR NORMAL DEPARTURE LAST
                VALUE   (LST)  VALUE       VALUE  FROM      YEAR
                                                  NORMAL
..................................................................
TEMPERATURE (F)
 TODAY
  MAXIMUM         64    313 PM  85    1989  64      0       52
                                      1910
  MINIMUM         32    646 AM  21    1903  42    -10       27
  AVERAGE         48                        53     -5       40

PRECIPITATION (IN)
  TODAY            0.00          2.98 2001   0.25  -0.25     0.00
  MONTH TO DATE    3.70                      4.95  -1.25     4.62
  SINCE SEP 1      9.12                     13.03  -3.91    14.90
  SINCE JAN 1     40.47                     49.26  -8.79    52.49

SNOWFALL (IN)
  TODAY            0.0           T    1912  MM     MM        0.0
  MONTH TO DATE    0.0                      MM     MM        0.0
  SINCE SEP 1      0.0                      MM     MM        0.0
  SINCE JUL 1      0.0                      MM     MM        0.0
  SNOW DEPTH       0

DEGREE DAYS
 HEATING
  TODAY           17                        12      5       25
  MONTH TO DATE  357                       227    130      293
  SINCE SEP 1    392                       300     92      336
  SINCE JUL 1    392                       300     92      336
..................................................................


WIND (MPH)
  HIGHEST WIND SPEED    17   HIGHEST WIND DIRECTION    SE (140)
  HIGHEST GUST SPEED    22   HIGHEST GUST DIRECTION    SE (130)
  AVERAGE WIND SPEED     5.6


SKY COVER
  POSSIBLE SUNSHINE  MM
  AVERAGE SKY COVER 0.0


WEATHER CONDITIONS
 THE FOLLOWING WEATHER WAS RECORDED TODAY.
  FOG


RELATIVE HUMIDITY (PERCENT)
 HIGHEST    96           500 AM
 LOWEST     39           200 PM
 AVERAGE    68

..........................................................


THE ALEXANDRIA CLIMATE NORMALS FOR TOMORROW
                         NORMAL    RECORD    YEAR
 MAXIMUM TEMPERATURE (F)   64        83      1960
 MINIMUM TEMPERATURE (F)   42        23      1976


SUNRISE AND SUNSET
NOVEMBER 28 2014......SUNRISE   649 AM CST   SUNSET   507 PM CST
NOVEMBER 29 2014......SUNRISE   650 AM CST   SUNSET   507 PM CST


-  INDICATES NEGATIVE NUMBERS.
R  INDICATES RECORD WAS SET OR TIED.
MM INDICATES DATA IS MISSING.
T  INDICATES TRACE AMOUNT.




$$
