000
CDUS44 KLCH 260827
CLIAEX


CLIMATE REPORT
NATIONAL WEATHER SERVICE LAKE CHARLES, LA
326 AM CDT FRI AUG 26 2016


...................................

...THE ALEXANDRIA CLIMATE SUMMARY FOR AUGUST 25 2016...

CLIMATE NORMAL PERIOD 1981 TO 2010
CLIMATE RECORD PERIOD 1892 TO 2016


WEATHER ITEM   OBSERVED TIME   RECORD YEAR NORMAL DEPARTURE LAST
                VALUE   (LST)  VALUE       VALUE  FROM      YEAR
                                                  NORMAL
..................................................................
TEMPERATURE (F)
 YESTERDAY
  MAXIMUM         91   1151 AM 104    1906  93     -2       90
  MINIMUM         73   1159 PM  60    1917  71      2       61
                                      1916
  AVERAGE         82                        82      0       76

PRECIPITATION (IN)
  YESTERDAY        0.58          1.24 1977   0.12   0.46     0.00
  MONTH TO DATE    8.57                      2.81   5.76     0.97
  SINCE JUN 1     16.61                     11.54   5.07     9.31
  SINCE JAN 1     38.96                     35.54   3.42    34.56

DEGREE DAYS
 COOLING
  YESTERDAY       17                        17      0       11
  MONTH TO DATE  458                       445     13      486
  SINCE JUN 1   1528                      1437     91     1579
  SINCE JAN 1   1995                      1891    104     2101
..................................................................


WIND (MPH)
  HIGHEST WIND SPEED    20   HIGHEST WIND DIRECTION     E (100)
  HIGHEST GUST SPEED    24   HIGHEST GUST DIRECTION     E (100)
  AVERAGE WIND SPEED     3.8


SKY COVER
  POSSIBLE SUNSHINE  MM
  AVERAGE SKY COVER 0.2


WEATHER CONDITIONS
 THE FOLLOWING WEATHER WAS RECORDED YESTERDAY.
  THUNDERSTORM
  HEAVY RAIN
  RAIN
  LIGHT RAIN
  FOG


RELATIVE HUMIDITY (PERCENT)
 HIGHEST   100           200 AM
 LOWEST     68          1000 AM
 AVERAGE    84

..........................................................


THE ALEXANDRIA CLIMATE NORMALS FOR TODAY
                         NORMAL    RECORD    YEAR
 MAXIMUM TEMPERATURE (F)   93       106      1902
 MINIMUM TEMPERATURE (F)   71        57      2015


SUNRISE AND SUNSET
AUGUST 26 2016........SUNRISE   643 AM CDT   SUNSET   740 PM CDT
AUGUST 27 2016........SUNRISE   643 AM CDT   SUNSET   739 PM CDT


-  INDICATES NEGATIVE NUMBERS.
R  INDICATES RECORD WAS SET OR TIED.
MM INDICATES DATA IS MISSING.
T  INDICATES TRACE AMOUNT.




$$
