000
CDUS44 KLCH 040920
CLIAEX


CLIMATE REPORT
NATIONAL WEATHER SERVICE LAKE CHARLES, LA
418 AM CDT SAT JUL 4 2015


...................................

...THE ALEXANDRIA CLIMATE SUMMARY FOR JULY 3 2015...

CLIMATE NORMAL PERIOD 1981 TO 2010
CLIMATE RECORD PERIOD 1892 TO 2015


WEATHER ITEM   OBSERVED TIME   RECORD YEAR NORMAL DEPARTURE LAST
                VALUE   (LST)  VALUE       VALUE  FROM      YEAR
                                                  NORMAL
..................................................................
TEMPERATURE (F)
 YESTERDAY
  MAXIMUM         91    325 PM 102    1980  92     -1       93
  MINIMUM         74    535 AM  60    1924  72      2       69
  AVERAGE         83                        82      1       81

PRECIPITATION (IN)
  YESTERDAY        0.00          2.25 1915   0.17  -0.17     0.00
  MONTH TO DATE    0.50                      0.52  -0.02      T
  SINCE JUN 1      5.30                      5.62  -0.32     2.88
  SINCE JAN 1     30.55                     29.62   0.93    21.10

DEGREE DAYS
 COOLING
  YESTERDAY       18                        17      1       16
  MONTH TO DATE   48                        51     -3       52
  SINCE JUN 1    533                       504     29      525
  SINCE JAN 1   1055                       958     97      936
..................................................................


WIND (MPH)
  HIGHEST WIND SPEED    14   HIGHEST WIND DIRECTION    SW (220)
  HIGHEST GUST SPEED    18   HIGHEST GUST DIRECTION    SW (230)
  AVERAGE WIND SPEED     6.2


SKY COVER
  POSSIBLE SUNSHINE  MM
  AVERAGE SKY COVER 0.0


WEATHER CONDITIONS
 THE FOLLOWING WEATHER WAS RECORDED YESTERDAY.
  FOG


RELATIVE HUMIDITY (PERCENT)
 HIGHEST    94           100 AM
 LOWEST     56           300 PM
 AVERAGE    75

..........................................................


THE ALEXANDRIA CLIMATE NORMALS FOR TODAY
                         NORMAL    RECORD    YEAR
 MAXIMUM TEMPERATURE (F)   92       102      1969
 MINIMUM TEMPERATURE (F)   72        62      1924


SUNRISE AND SUNSET
JULY  4 2015..........SUNRISE   611 AM CDT   SUNSET   818 PM CDT
JULY  5 2015..........SUNRISE   611 AM CDT   SUNSET   818 PM CDT


-  INDICATES NEGATIVE NUMBERS.
R  INDICATES RECORD WAS SET OR TIED.
MM INDICATES DATA IS MISSING.
T  INDICATES TRACE AMOUNT.




$$
