496
CDUS44 KLCH 211245
CLIAEX


CLIMATE REPORT
NATIONAL WEATHER SERVICE LAKE CHARLES, LA
645 AM CST TUE FEB 21 2017


...................................

...THE ALEXANDRIA CLIMATE SUMMARY FOR FEBRUARY 20 2017...

CLIMATE NORMAL PERIOD 1981 TO 2010
CLIMATE RECORD PERIOD 1892 TO 2017


WEATHER ITEM   OBSERVED TIME   RECORD YEAR NORMAL DEPARTURE LAST
                VALUE   (LST)  VALUE       VALUE  FROM      YEAR
                                                  NORMAL
..................................................................
TEMPERATURE (F)
 YESTERDAY
  MAXIMUM         79    147 PM  82    1986  64     15       78
  MINIMUM         59   1159 PM  24    1910  42     17       53
                                      1895
  AVERAGE         69                        53     16       66

PRECIPITATION (IN)
  YESTERDAY        1.42          1.48 1967   0.17   1.25     0.00
  MONTH TO DATE    1.73                      3.18  -1.45     1.90
  SINCE DEC 1     16.55                     14.52   2.03    13.74
  SINCE JAN 1      7.50                      8.40  -0.90     5.68

SNOWFALL (IN)
  YESTERDAY        0.0           T    1959  MM     MM        0.0
                                      1953
  MONTH TO DATE    0.0                      MM     MM        0.0
  SINCE DEC 1      0.5                      MM     MM        0.0
  SINCE JUL 1      0.5                      MM     MM        0.0
  SNOW DEPTH       0

DEGREE DAYS
 HEATING
  YESTERDAY        0                        12    -12        0
  MONTH TO DATE  115                       284   -169      213
  SINCE DEC 1    780                      1250   -470      966
  SINCE JUL 1    955                      1575   -620     1117
..................................................................


WIND (MPH)
  HIGHEST WIND SPEED    32   HIGHEST WIND DIRECTION     W (290)
  HIGHEST GUST SPEED    41   HIGHEST GUST DIRECTION     W (280)
  AVERAGE WIND SPEED    10.2


SKY COVER
  POSSIBLE SUNSHINE  MM
  AVERAGE SKY COVER 0.9


WEATHER CONDITIONS
 THE FOLLOWING WEATHER WAS RECORDED YESTERDAY.
  THUNDERSTORM
  HEAVY RAIN
  RAIN
  LIGHT RAIN
  FOG


RELATIVE HUMIDITY (PERCENT)
 HIGHEST   100           900 PM
 LOWEST     62           200 PM
 AVERAGE    81

..........................................................


THE ALEXANDRIA CLIMATE NORMALS FOR TODAY
                         NORMAL    RECORD    YEAR
 MAXIMUM TEMPERATURE (F)   65        83      1986
 MINIMUM TEMPERATURE (F)   42        28      1978
                                             1964
                                             1901


SUNRISE AND SUNSET
FEBRUARY 21 2017......SUNRISE   645 AM CST   SUNSET   603 PM CST
FEBRUARY 22 2017......SUNRISE   644 AM CST   SUNSET   603 PM CST


-  INDICATES NEGATIVE NUMBERS.
R  INDICATES RECORD WAS SET OR TIED.
MM INDICATES DATA IS MISSING.
T  INDICATES TRACE AMOUNT.




$$
