000
CDUS44 KLCH 292205
CLIAEX


CLIMATE REPORT
NATIONAL WEATHER SERVICE LAKE CHARLES, LA
505 PM CDT FRI MAY 29 2015


...................................

...THE ALEXANDRIA CLIMATE SUMMARY FOR MAY 29 2015...
VALID TODAY AS OF 0500 PM LOCAL TIME.

CLIMATE NORMAL PERIOD 1981 TO 2010
CLIMATE RECORD PERIOD 1892 TO 2015


WEATHER ITEM   OBSERVED TIME   RECORD YEAR NORMAL DEPARTURE LAST
                VALUE   (LST)  VALUE       VALUE  FROM      YEAR
                                                  NORMAL
..................................................................
TEMPERATURE (F)
 TODAY
  MAXIMUM         88    234 PM  96    1989  88      0       85
                                      1906
  MINIMUM         71    512 AM  51    1901  67      4       68
  AVERAGE         80                        77      3       77

PRECIPITATION (IN)
  TODAY            0.00          1.43 1990   0.15  -0.15      T
  MONTH TO DATE    5.98                      4.38   1.60     4.11
  SINCE MAR 1     19.08                     13.98   5.10    11.81
  SINCE JAN 1     24.18                     23.66   0.52    18.19

DEGREE DAYS
 COOLING
  TODAY           15                        12      3       12
  MONTH TO DATE  287                       269     18      247
  SINCE MAR 1    483                       411     72      372
  SINCE JAN 1    484                       428     56      383
..................................................................


WIND (MPH)
  HIGHEST WIND SPEED    17   HIGHEST WIND DIRECTION    SE (130)
  HIGHEST GUST SPEED    22   HIGHEST GUST DIRECTION    SE (130)
  AVERAGE WIND SPEED     6.7


SKY COVER
  POSSIBLE SUNSHINE  MM
  AVERAGE SKY COVER 0.3


WEATHER CONDITIONS
 THE FOLLOWING WEATHER WAS RECORDED TODAY.
  FOG


RELATIVE HUMIDITY (PERCENT)
 HIGHEST   100           400 AM
 LOWEST     55          1200 PM
 AVERAGE    78

..........................................................


THE ALEXANDRIA CLIMATE NORMALS FOR TOMORROW
                         NORMAL    RECORD    YEAR
 MAXIMUM TEMPERATURE (F)   88        98      1921
                                             1896
 MINIMUM TEMPERATURE (F)   67        50      1984


SUNRISE AND SUNSET
MAY 29 2015...........SUNRISE   607 AM CDT   SUNSET   808 PM CDT
MAY 30 2015...........SUNRISE   607 AM CDT   SUNSET   809 PM CDT


-  INDICATES NEGATIVE NUMBERS.
R  INDICATES RECORD WAS SET OR TIED.
MM INDICATES DATA IS MISSING.
T  INDICATES TRACE AMOUNT.




$$
