000
CDUS44 KLCH 210910
CLIAEX


CLIMATE REPORT
NATIONAL WEATHER SERVICE LAKE CHARLES, LA
409 AM CDT MON AUG 21 2017


...................................

...THE ALEXANDRIA CLIMATE SUMMARY FOR AUGUST 20 2017...

CLIMATE NORMAL PERIOD 1981 TO 2010
CLIMATE RECORD PERIOD 1892 TO 2017


WEATHER ITEM   OBSERVED TIME   RECORD YEAR NORMAL DEPARTURE LAST
                VALUE   (LST)  VALUE       VALUE  FROM      YEAR
                                                  NORMAL
..................................................................
TEMPERATURE (F)
 YESTERDAY
  MAXIMUM         95        MM 105    1999  94      1       91
                                      1925
                                      1909
  MINIMUM         72        MM  63    1943  72      0       74
                                      1940
  AVERAGE         84                        82      2       83

PRECIPITATION (IN)
  YESTERDAY        0.01          1.84 2013   0.12  -0.11     0.03
  MONTH TO DATE    3.17                      2.18   0.99     7.14
  SINCE JUN 1     11.84                     10.91   0.93    15.18
  SINCE JAN 1     36.55                     34.91   1.64    37.53

DEGREE DAYS
 COOLING
  YESTERDAY       19                        18      1       18
  MONTH TO DATE  349                       360    -11      369
  SINCE JUN 1   1318                      1352    -34     1439
  SINCE JAN 1   1893                      1806     87     1906
..................................................................


WIND (MPH)
  HIGHEST WIND SPEED    10   HIGHEST WIND DIRECTION    NW (300)
  HIGHEST GUST SPEED    MM   HIGHEST GUST DIRECTION    MM
  AVERAGE WIND SPEED     2.2


SKY COVER
  POSSIBLE SUNSHINE  MM
  AVERAGE SKY COVER 0.2


WEATHER CONDITIONS
 THE FOLLOWING WEATHER WAS RECORDED YESTERDAY.
  THUNDERSTORM
  RAIN
  LIGHT RAIN
  FOG


RELATIVE HUMIDITY (PERCENT)
 HIGHEST   100          1200 AM
 LOWEST     53           400 PM
 AVERAGE    77

..........................................................


THE ALEXANDRIA CLIMATE NORMALS FOR TODAY
                         NORMAL    RECORD    YEAR
 MAXIMUM TEMPERATURE (F)   94       104      1999
 MINIMUM TEMPERATURE (F)   72        57      1940


SUNRISE AND SUNSET
AUGUST 21 2017........SUNRISE   640 AM CDT   SUNSET   746 PM CDT
AUGUST 22 2017........SUNRISE   640 AM CDT   SUNSET   745 PM CDT


-  INDICATES NEGATIVE NUMBERS.
R  INDICATES RECORD WAS SET OR TIED.
MM INDICATES DATA IS MISSING.
T  INDICATES TRACE AMOUNT.




$$
