000
CDUS44 KLCH 160812
CLIAEX


CLIMATE REPORT
NATIONAL WEATHER SERVICE LAKE CHARLES, LA
312 AM CDT TUE SEP 16 2014


...................................

...THE ALEXANDRIA CLIMATE SUMMARY FOR SEPTEMBER 15 2014...

CLIMATE NORMAL PERIOD 1981 TO 2010
CLIMATE RECORD PERIOD 1892 TO 2014


WEATHER ITEM   OBSERVED TIME   RECORD YEAR NORMAL DEPARTURE LAST
                VALUE   (LST)  VALUE       VALUE  FROM      YEAR
                                                  NORMAL
..................................................................
TEMPERATURE (F)
 YESTERDAY
  MAXIMUM         90    328 PM 100    1906  89      1       95
  MINIMUM         65    529 AM  43    1902  66     -1       65
  AVERAGE         78                        77      1       80

PRECIPITATION (IN)
  YESTERDAY        0.00          3.94 1901   0.08  -0.08     0.00
  MONTH TO DATE    0.87                      1.26  -0.39     0.02
  SINCE SEP 1      0.87                      1.26  -0.39     0.02
  SINCE JAN 1     32.22                     37.49  -5.27    37.61

DEGREE DAYS
 HEATING
  YESTERDAY        0                         0      0        0
  MONTH TO DATE    0                         0      0        0
  SINCE SEP 1      0                         0      0        0
  SINCE JUL 1      0                         0      0        0

 COOLING
  YESTERDAY       13                        12      1       15
  MONTH TO DATE  225                       215     10      272
  SINCE SEP 1    225                       215     10      272
  SINCE JAN 1   2133                      2202    -69     2237
..................................................................


WIND (MPH)
  HIGHEST WIND SPEED     9   HIGHEST WIND DIRECTION     N (20)
  HIGHEST GUST SPEED    12   HIGHEST GUST DIRECTION     N (10)
  AVERAGE WIND SPEED     3.1


SKY COVER
  POSSIBLE SUNSHINE  MM
  AVERAGE SKY COVER 0.0


WEATHER CONDITIONS
 THE FOLLOWING WEATHER WAS RECORDED YESTERDAY.
  FOG


RELATIVE HUMIDITY (PERCENT)
 HIGHEST   100           100 AM
 LOWEST     59          1200 PM
 AVERAGE    80

..........................................................


THE ALEXANDRIA CLIMATE NORMALS FOR TODAY
                         NORMAL    RECORD    YEAR
 MAXIMUM TEMPERATURE (F)   88       100      1906
                                             1900
 MINIMUM TEMPERATURE (F)   66        45      1902


SUNRISE AND SUNSET
SEPTEMBER 16 2014.....SUNRISE   655 AM CDT   SUNSET   715 PM CDT
SEPTEMBER 17 2014.....SUNRISE   655 AM CDT   SUNSET   713 PM CDT


-  INDICATES NEGATIVE NUMBERS.
R  INDICATES RECORD WAS SET OR TIED.
MM INDICATES DATA IS MISSING.
T  INDICATES TRACE AMOUNT.




$$
