000
CDUS44 KLCH 292204
CLIAEX


CLIMATE REPORT
NATIONAL WEATHER SERVICE LAKE CHARLES, LA
503 PM CDT SAT APR 29 2017


...................................

...THE ALEXANDRIA CLIMATE SUMMARY FOR APRIL 29 2017...
VALID TODAY AS OF 0500 PM LOCAL TIME.

CLIMATE NORMAL PERIOD 1981 TO 2010
CLIMATE RECORD PERIOD 1892 TO 2017


WEATHER ITEM   OBSERVED TIME   RECORD YEAR NORMAL DEPARTURE LAST
                VALUE   (LST)  VALUE       VALUE  FROM      YEAR
                                                  NORMAL
..................................................................
TEMPERATURE (F)
 TODAY
  MAXIMUM         83    333 PM  91    2002  82      1       88
                                      1901
                                      1899
  MINIMUM         77    442 AM  45    1965  59     18       74
                                      1916
  AVERAGE         80                        70     10       81

PRECIPITATION (IN)
  TODAY            T             8.55 1953   0.15  -0.15      T
  MONTH TO DATE   10.06                      4.39   5.67     3.31
  SINCE MAR 1     12.21                      9.44   2.77    12.06
  SINCE JAN 1     19.92                     19.12   0.80    18.54

SNOWFALL (IN)
  TODAY            0.0           0.0    MM  MM     MM        0.0
  MONTH TO DATE    0.0                      MM     MM        0.0
  SINCE MAR 1      0.0                      MM     MM        0.0
  SINCE JUL 1      0.5                      MM     MM        0.0
  SNOW DEPTH       0

DEGREE DAYS
 HEATING
  TODAY            0                         1     -1        0
  MONTH TO DATE   24                        67    -43       26
  SINCE MAR 1    153                       282   -129      125
  SINCE JUL 1   1129                      1947   -818     1325

 COOLING
  TODAY           15                         6      9       16
  MONTH TO DATE  154                       100     54      121
  SINCE MAR 1    259                       136    123      175
  SINCE JAN 1    341                       153    188      183
..................................................................


WIND (MPH)
  HIGHEST WIND SPEED    28   HIGHEST WIND DIRECTION     S (170)
  HIGHEST GUST SPEED    39   HIGHEST GUST DIRECTION     S (160)
  AVERAGE WIND SPEED    18.5


SKY COVER
  POSSIBLE SUNSHINE  MM
  AVERAGE SKY COVER 0.9


WEATHER CONDITIONS
 THE FOLLOWING WEATHER WAS RECORDED TODAY.
  THUNDERSTORM
  LIGHT RAIN
  HAZE


RELATIVE HUMIDITY (PERCENT)
 HIGHEST    85          1200 AM
 LOWEST     69          1000 AM
 AVERAGE    77

..........................................................


THE ALEXANDRIA CLIMATE NORMALS FOR TOMORROW
                         NORMAL    RECORD    YEAR
 MAXIMUM TEMPERATURE (F)   82        93      1952
                                             1901
 MINIMUM TEMPERATURE (F)   59        43      1965
                                             1908


SUNRISE AND SUNSET
APRIL 29 2017.........SUNRISE   627 AM CDT   SUNSET   748 PM CDT
APRIL 30 2017.........SUNRISE   626 AM CDT   SUNSET   749 PM CDT


-  INDICATES NEGATIVE NUMBERS.
R  INDICATES RECORD WAS SET OR TIED.
MM INDICATES DATA IS MISSING.
T  INDICATES TRACE AMOUNT.




$$
