000
CDUS44 KLCH 250828
CLIAEX


CLIMATE REPORT
NATIONAL WEATHER SERVICE LAKE CHARLES, LA
325 AM CDT SUN JUN 25 2017


...................................

...THE ALEXANDRIA CLIMATE SUMMARY FOR JUNE 24 2017...

CLIMATE NORMAL PERIOD 1981 TO 2010
CLIMATE RECORD PERIOD 1892 TO 2017


WEATHER ITEM   OBSERVED TIME   RECORD YEAR NORMAL DEPARTURE LAST
                VALUE   (LST)  VALUE       VALUE  FROM      YEAR
                                                  NORMAL
..................................................................
TEMPERATURE (F)
 YESTERDAY
  MAXIMUM         87   1239 PM 102    2009  91     -4       92
                                      1906
  MINIMUM         71    435 AM  60    1902  71      0       74
  AVERAGE         79                        81     -2       83

PRECIPITATION (IN)
  YESTERDAY        1.71          3.80 1970   0.20   1.51     0.00
  MONTH TO DATE    5.47                      4.00   1.47     2.12
  SINCE JUN 1      5.47                      4.00   1.47     2.12
  SINCE JAN 1     30.18                     28.00   2.18    24.47

DEGREE DAYS
 COOLING
  YESTERDAY       14                        16     -2       18
  MONTH TO DATE  329                       353    -24      369
  SINCE JUN 1    329                       353    -24      369
  SINCE JAN 1    904                       807     97      836
..................................................................


WIND (MPH)
  HIGHEST WIND SPEED    25   HIGHEST WIND DIRECTION     W (290)
  HIGHEST GUST SPEED    30   HIGHEST GUST DIRECTION     W (270)
  AVERAGE WIND SPEED     4.0


SKY COVER
  POSSIBLE SUNSHINE  MM
  AVERAGE SKY COVER 0.4


WEATHER CONDITIONS
 THE FOLLOWING WEATHER WAS RECORDED YESTERDAY.
  THUNDERSTORM
  HEAVY RAIN
  RAIN
  LIGHT RAIN
  FOG


RELATIVE HUMIDITY (PERCENT)
 HIGHEST   100           300 AM
 LOWEST     70           100 PM
 AVERAGE    85

..........................................................


THE ALEXANDRIA CLIMATE NORMALS FOR TODAY
                         NORMAL    RECORD    YEAR
 MAXIMUM TEMPERATURE (F)   91       103      1906
 MINIMUM TEMPERATURE (F)   71        57      1974


SUNRISE AND SUNSET
JUNE 25 2017..........SUNRISE   608 AM CDT   SUNSET   818 PM CDT
JUNE 26 2017..........SUNRISE   608 AM CDT   SUNSET   818 PM CDT


-  INDICATES NEGATIVE NUMBERS.
R  INDICATES RECORD WAS SET OR TIED.
MM INDICATES DATA IS MISSING.
T  INDICATES TRACE AMOUNT.




$$
