000
CDUS44 KLCH 150842
CLIAEX


CLIMATE REPORT
NATIONAL WEATHER SERVICE LAKE CHARLES, LA
242 AM CST FRI DEC 15 2017


...................................

...THE ALEXANDRIA CLIMATE SUMMARY FOR DECEMBER 14 2017...

CLIMATE NORMAL PERIOD 1981 TO 2010
CLIMATE RECORD PERIOD 1892 TO 2017


WEATHER ITEM   OBSERVED TIME   RECORD YEAR NORMAL DEPARTURE LAST
                VALUE   (LST)  VALUE       VALUE  FROM      YEAR
                                                  NORMAL
..................................................................
TEMPERATURE (F)
 YESTERDAY
  MAXIMUM         55    416 PM  80    1922  60     -5       54
  MINIMUM         34    640 AM  14    1962  40     -6       42
  AVERAGE         45                        50     -5       48

PRECIPITATION (IN)
  YESTERDAY        0.00          2.63 2005   0.17  -0.17     0.00
  MONTH TO DATE    0.11                      3.28  -3.17     7.73
  SINCE DEC 1      0.11                      3.28  -3.17     7.73
  SINCE JAN 1     45.75                     53.08  -7.33    54.70

SNOWFALL (IN)
  YESTERDAY        0.0           0.0    MM  MM     MM        0.0
  MONTH TO DATE    2.1                      MM     MM        0.0
  SINCE DEC 1      2.1                      MM     MM        0.0
  SINCE JUL 1      2.1                      MM     MM        0.0
  SNOW DEPTH       0

DEGREE DAYS
 HEATING
  YESTERDAY       20                        15      5       17
  MONTH TO DATE  213                       199     14      198
  SINCE DEC 1    213                       199     14      198
  SINCE JUL 1    483                       524    -41      373
..................................................................


WIND (MPH)
  HIGHEST WIND SPEED     6   HIGHEST WIND DIRECTION    NE (30)
  HIGHEST GUST SPEED     9   HIGHEST GUST DIRECTION    NW (310)
  AVERAGE WIND SPEED     1.5


SKY COVER
  POSSIBLE SUNSHINE  MM
  AVERAGE SKY COVER 0.0


WEATHER CONDITIONS
 THE FOLLOWING WEATHER WAS RECORDED YESTERDAY.
  FOG


RELATIVE HUMIDITY (PERCENT)
 HIGHEST    92           300 AM
 LOWEST     55           300 PM
 AVERAGE    74

..........................................................


THE ALEXANDRIA CLIMATE NORMALS FOR TODAY
                         NORMAL    RECORD    YEAR
 MAXIMUM TEMPERATURE (F)   60        80      1987
                                             1984
                                             1933
 MINIMUM TEMPERATURE (F)   40        20      1901


SUNRISE AND SUNSET
DECEMBER 15 2017......SUNRISE   702 AM CST   SUNSET   509 PM CST
DECEMBER 16 2017......SUNRISE   702 AM CST   SUNSET   510 PM CST


-  INDICATES NEGATIVE NUMBERS.
R  INDICATES RECORD WAS SET OR TIED.
MM INDICATES DATA IS MISSING.
T  INDICATES TRACE AMOUNT.




$$
