000
CDUS42 KCAE 292144
CLIAGS


CLIMATE REPORT
NATIONAL WEATHER SERVICE COLUMBIA SC
544 PM EDT WED JUN 29 2016


...................................

...THE AUGUSTA BUSH FIELD GA CLIMATE SUMMARY FOR JUNE 29 2016...
VALID TODAY AS OF 0500 PM LOCAL TIME.

CLIMATE NORMAL PERIOD 1981 TO 2010
CLIMATE RECORD PERIOD 1873 TO 2016


WEATHER ITEM   OBSERVED TIME   RECORD YEAR NORMAL DEPARTURE LAST
                VALUE   (LST)  VALUE       VALUE  FROM      YEAR
                                                  NORMAL
..................................................................
TEMPERATURE (F)
 TODAY
  MAXIMUM         87    433 PM 106    2012  93     -6       92
  MINIMUM         73    603 AM  56    1979  69      4       59
                                      1970
                                      1968
  AVERAGE         80                        81     -1       76

PRECIPITATION (IN)
  TODAY            0.14          2.41 1895   0.14   0.00     0.00
  MONTH TO DATE    2.87                      4.58  -1.71     3.09
  SINCE JUN 1      2.87                      4.58  -1.71     3.09
  SINCE JAN 1     21.60                     22.08  -0.48    18.72

SNOWFALL (IN)
  TODAY            0.0          MM      MM   0.0             0.0
  MONTH TO DATE    0.0                       0.0             0.0
  SINCE JUN 1      0.0                       0.0             0.0
  SINCE JUL 1      0.5                       0.9              T

DEGREE DAYS
 HEATING
  TODAY            0                         0      0        0
  MONTH TO DATE    0                         0      0        0
  SINCE JUN 1      0                         0      0        0
  SINCE JUL 1   1856                      2471   -615     2563

 COOLING
  TODAY           15                        16     -1       11
  MONTH TO DATE  457                       393     64      463
  SINCE JUN 1    457                       393     64      463
  SINCE JAN 1    772                       676     96      824
..................................................................


WIND (MPH)
  HIGHEST WIND SPEED     9   HIGHEST WIND DIRECTION    SE (120)
  HIGHEST GUST SPEED    14   HIGHEST GUST DIRECTION    SE (140)
  AVERAGE WIND SPEED     4.1


SKY COVER
  AVERAGE SKY COVER 0.4


WEATHER CONDITIONS
 THE FOLLOWING WEATHER WAS RECORDED TODAY.
  RAIN
  LIGHT RAIN
  FOG
  HAZE


RELATIVE HUMIDITY (PERCENT)
 HIGHEST   100           300 AM
 LOWEST     61           300 PM
 AVERAGE    81

..........................................................


THE AUGUSTA BUSH FIELD GA CLIMATE NORMALS FOR TOMORROW
                         NORMAL    RECORD    YEAR
 MAXIMUM TEMPERATURE (F)   93       106      2012
 MINIMUM TEMPERATURE (F)   69        52      1962


SUNRISE AND SUNSET
JUNE 29 2016..........SUNRISE   621 AM EDT   SUNSET   841 PM EDT
JUNE 30 2016..........SUNRISE   622 AM EDT   SUNSET   841 PM EDT


-  INDICATES NEGATIVE NUMBERS.
R  INDICATES RECORD WAS SET OR TIED.
MM INDICATES DATA IS MISSING.
T  INDICATES TRACE AMOUNT.




$$
