000
CDUS42 KCAE 312123
CLIAGS


CLIMATE REPORT
NATIONAL WEATHER SERVICE COLUMBIA SC
522 PM EDT THU JUL 31 2014


...................................

...THE AUGUSTA BUSH FIELD GA CLIMATE SUMMARY FOR JULY 31 2014...
VALID TODAY AS OF 0500 PM LOCAL TIME.

CLIMATE NORMAL PERIOD 1981 TO 2010
CLIMATE RECORD PERIOD 1873 TO 2014


WEATHER ITEM   OBSERVED TIME   RECORD YEAR NORMAL DEPARTURE LAST
                VALUE   (LST)  VALUE       VALUE  FROM      YEAR
                                                  NORMAL
..................................................................
TEMPERATURE (F)
 TODAY
  MAXIMUM         82   1150 AM 101    1999  93    -11       82
                                      1986
  MINIMUM         70    246 AM  59    1936  70      0       71
  AVERAGE         76                        82     -6       77

PRECIPITATION (IN)
  TODAY            0.29          2.00 2002   0.15   0.14     0.71
  MONTH TO DATE    5.53                      4.33   1.20     9.05
  SINCE JUN 1      7.80                      9.05  -1.25    19.88
  SINCE JAN 1     26.66                     26.55   0.11    39.48

SNOWFALL (IN)
  TODAY            0.0          MM      MM   0.0             0.0
  MONTH TO DATE    0.0                       0.0             0.0
  SINCE JUN 1      0.0                       0.0             0.0
  SINCE JUL 1      0.0                       0.0             0.0

DEGREE DAYS
 HEATING
  TODAY            0                         0      0        0
  MONTH TO DATE    0                         0      0        0
  SINCE JUN 1      0                         0      0        0
  SINCE JUL 1      0                         0      0        0

 COOLING
  TODAY           11                        17     -6       12
  MONTH TO DATE  480                       515    -35      457
  SINCE JUN 1    904                       923    -19      849
  SINCE JAN 1   1188                      1206    -18     1058
..................................................................


WIND (MPH)
  HIGHEST WIND SPEED    14   HIGHEST WIND DIRECTION    SE (150)
  HIGHEST GUST SPEED    21   HIGHEST GUST DIRECTION    SE (150)
  AVERAGE WIND SPEED     3.6


SKY COVER
  AVERAGE SKY COVER 0.5


WEATHER CONDITIONS
 THE FOLLOWING WEATHER WAS RECORDED TODAY.
  THUNDERSTORM
  HEAVY RAIN
  RAIN
  LIGHT RAIN
  FOG
  HAZE


RELATIVE HUMIDITY (PERCENT)
 HIGHEST    93           500 AM
 LOWEST     69          1100 AM
 AVERAGE    81

..........................................................


THE AUGUSTA BUSH FIELD GA CLIMATE NORMALS FOR TOMORROW
                         NORMAL    RECORD    YEAR
 MAXIMUM TEMPERATURE (F)   93       107      1999
 MINIMUM TEMPERATURE (F)   70        56      1997


SUNRISE AND SUNSET
JULY 31 2014..........SUNRISE   640 AM EDT   SUNSET   828 PM EDT
AUGUST  1 2014........SUNRISE   641 AM EDT   SUNSET   827 PM EDT


-  INDICATES NEGATIVE NUMBERS.
R  INDICATES RECORD WAS SET OR TIED.
MM INDICATES DATA IS MISSING.
T  INDICATES TRACE AMOUNT.




$$
