000
CDUS42 KCAE 210543
CLIAGS


CLIMATE REPORT
NATIONAL WEATHER SERVICE COLUMBIA SC
143 AM EDT SUN SEP 21 2014


...................................

...THE AUGUSTA REGIONAL BUSH FIELD GA CLIMATE SUMMARY FOR SEPTEMBER 20 2014...

CLIMATE NORMAL PERIOD 1981 TO 2010
CLIMATE RECORD PERIOD 1873 TO 2014


WEATHER ITEM   OBSERVED TIME   RECORD YEAR NORMAL DEPARTURE LAST
                VALUE   (LST)  VALUE       VALUE  FROM      YEAR
                                                  NORMAL
..................................................................
TEMPERATURE (F)
 YESTERDAY
  MAXIMUM         85    224 PM 102    1925  86     -1       90
  MINIMUM         61   1049 PM  45    1984  61      0       58
                                      1981
  AVERAGE         73                        73      0       74

PRECIPITATION (IN)
  YESTERDAY        0.00          4.55 1975   0.10  -0.10     0.00
  MONTH TO DATE    1.95                      2.13  -0.18     0.22
  SINCE SEP 1      1.95                      2.13  -0.18     0.22
  SINCE JAN 1     30.37                     33.00  -2.63    45.54

SNOWFALL (IN)
  YESTERDAY        0.0          MM      MM   0.0             0.0
  MONTH TO DATE    0.0                       0.0             0.0
  SINCE SEP 1      0.0                       0.0             0.0
  SINCE JUL 1      0.0                       0.0             0.0

DEGREE DAYS
 HEATING
  YESTERDAY        0                         0      0        0
  MONTH TO DATE    0                         0      0        0
  SINCE SEP 1      0                         0      0        0
  SINCE JUL 1      0                         0      0        0

 COOLING
  YESTERDAY        8                         9     -1        9
  MONTH TO DATE  276                       227     49      248
  SINCE SEP 1    276                       227     49      248
  SINCE JAN 1   1927                      1915     12     1723
..................................................................


WIND (MPH)
  HIGHEST WIND SPEED    17   HIGHEST WIND DIRECTION    NE (60)
  HIGHEST GUST SPEED    21   HIGHEST GUST DIRECTION    NE (50)
  AVERAGE WIND SPEED     7.1


SKY COVER
  AVERAGE SKY COVER 0.1


WEATHER CONDITIONS
 THE FOLLOWING WEATHER WAS RECORDED YESTERDAY.
  NO SIGNIFICANT WEATHER WAS OBSERVED.


RELATIVE HUMIDITY (PERCENT)
 HIGHEST    93           400 AM
 LOWEST     44           300 PM
 AVERAGE    69

..........................................................


THE AUGUSTA REGIONAL BUSH FIELD GA CLIMATE NORMALS FOR TODAY
                         NORMAL    RECORD    YEAR
 MAXIMUM TEMPERATURE (F)   85       103      1925
 MINIMUM TEMPERATURE (F)   61        48      1981
                                             1962
                                             1918


SUNRISE AND SUNSET
SEPTEMBER 21 2014.....SUNRISE   715 AM EDT   SUNSET   726 PM EDT
SEPTEMBER 22 2014.....SUNRISE   716 AM EDT   SUNSET   725 PM EDT


-  INDICATES NEGATIVE NUMBERS.
R  INDICATES RECORD WAS SET OR TIED.
MM INDICATES DATA IS MISSING.
T  INDICATES TRACE AMOUNT.




$$
