000
CDUS42 KCAE 202129
CLIAGS


CLIMATE REPORT
NATIONAL WEATHER SERVICE COLUMBIA SC
528 PM EDT SUN APR 20 2014


...................................

...THE AUGUSTA BUSH FIELD GA CLIMATE SUMMARY FOR APRIL 20 2014...
VALID TODAY AS OF 0500 PM LOCAL TIME.

CLIMATE NORMAL PERIOD 1981 TO 2010
CLIMATE RECORD PERIOD 1873 TO 2014


WEATHER ITEM   OBSERVED TIME   RECORD YEAR NORMAL DEPARTURE LAST
                VALUE   (LST)  VALUE       VALUE  FROM      YEAR
                                                  NORMAL
..................................................................
TEMPERATURE (F)
 TODAY
  MAXIMUM         74    359 PM  94    1925  78     -4       68
  MINIMUM         50    509 AM  27    1983  49      1       43
  AVERAGE         62                        64     -2       56

PRECIPITATION (IN)
  TODAY            0.02          2.37 1900   0.09  -0.07     0.00
  MONTH TO DATE    4.24                      2.00   2.24     1.63
  SINCE MAR 1      6.80                      6.18   0.62     4.74
  SINCE JAN 1     13.01                     14.01  -1.00    14.74

SNOWFALL (IN)
  TODAY            0.0          MM      MM   0.0             0.0
  MONTH TO DATE    0.0                       0.0             0.0
  SINCE MAR 1      0.0                       0.0             0.0
  SINCE JUL 1      3.3                       0.9             0.0

DEGREE DAYS
 HEATING
  TODAY            3                         3      0        9
  MONTH TO DATE   95                        98     -3       85
  SINCE MAR 1    495                       394    101      520
  SINCE JUL 1   2657                      2426    231     2324

 COOLING
  TODAY            0                         2     -2        0
  MONTH TO DATE   18                        28    -10       37
  SINCE MAR 1     18                        43    -25       43
  SINCE JAN 1     20                        46    -26       58
..................................................................


WIND (MPH)
  HIGHEST WIND SPEED    18   HIGHEST WIND DIRECTION    NE (60)
  HIGHEST GUST SPEED    25   HIGHEST GUST DIRECTION    NE (30)
  AVERAGE WIND SPEED    12.1


SKY COVER
  AVERAGE SKY COVER 0.8


WEATHER CONDITIONS
 THE FOLLOWING WEATHER WAS RECORDED TODAY.
  LIGHT RAIN
  FOG


RELATIVE HUMIDITY (PERCENT)
 HIGHEST    89          1200 AM
 LOWEST     35           200 PM
 AVERAGE    62

..........................................................


THE AUGUSTA BUSH FIELD GA CLIMATE NORMALS FOR TOMORROW
                         NORMAL    RECORD    YEAR
 MAXIMUM TEMPERATURE (F)   79        92      2002
 MINIMUM TEMPERATURE (F)   49        30      1953


SUNRISE AND SUNSET
APRIL 20 2014.........SUNRISE   652 AM EDT   SUNSET   802 PM EDT
APRIL 21 2014.........SUNRISE   651 AM EDT   SUNSET   803 PM EDT


-  INDICATES NEGATIVE NUMBERS.
R  INDICATES RECORD WAS SET OR TIED.
MM INDICATES DATA IS MISSING.
T  INDICATES TRACE AMOUNT.




$$
