000
CDUS42 KCAE 150635
CLIAGS


CLIMATE REPORT
NATIONAL WEATHER SERVICE COLUMBIA SC
235 AM EDT MON SEP 15 2014


...................................

...THE AUGUSTA REGIONAL BUSH FIELD GA CLIMATE SUMMARY FOR SEPTEMBER 14 2014...

CLIMATE NORMAL PERIOD 1981 TO 2010
CLIMATE RECORD PERIOD 1873 TO 2014


WEATHER ITEM   OBSERVED TIME   RECORD YEAR NORMAL DEPARTURE LAST
                VALUE   (LST)  VALUE       VALUE  FROM      YEAR
                                                  NORMAL
..................................................................
TEMPERATURE (F)
 YESTERDAY
  MAXIMUM         76    934 AM  99    1927  87    -11       86
  MINIMUM         70   1159 PM  47    1985  63      7       64
                                      1953
  AVERAGE         73                        75     -2       75

PRECIPITATION (IN)
  YESTERDAY        0.05          3.70 2002   0.11  -0.06     0.00
  MONTH TO DATE    1.37                      1.52  -0.15     0.14
  SINCE SEP 1      1.37                      1.52  -0.15     0.14
  SINCE JAN 1     29.79                     32.39  -2.60    45.46

SNOWFALL (IN)
  YESTERDAY        0.0          MM      MM   0.0             0.0
  MONTH TO DATE    0.0                       0.0             0.0
  SINCE SEP 1      0.0                       0.0             0.0
  SINCE JUL 1      0.0                       0.0             0.0

DEGREE DAYS
 HEATING
  YESTERDAY        0                         0      0        0
  MONTH TO DATE    0                         0      0        0
  SINCE SEP 1      0                         0      0        0
  SINCE JUL 1      0                         0      0        0

 COOLING
  YESTERDAY        8                        10     -2       10
  MONTH TO DATE  212                       170     42      192
  SINCE SEP 1    212                       170     42      192
  SINCE JAN 1   1863                      1858      5     1667
..................................................................


WIND (MPH)
  HIGHEST WIND SPEED    13   HIGHEST WIND DIRECTION    NE (60)
  HIGHEST GUST SPEED    16   HIGHEST GUST DIRECTION    NE (60)
  AVERAGE WIND SPEED     4.9


SKY COVER
  AVERAGE SKY COVER 1.0


WEATHER CONDITIONS
 THE FOLLOWING WEATHER WAS RECORDED YESTERDAY.
  THUNDERSTORM
  RAIN
  LIGHT RAIN
  FOG
  HAZE


RELATIVE HUMIDITY (PERCENT)
 HIGHEST   100           400 AM
 LOWEST     79           900 PM
 AVERAGE    90

..........................................................


THE AUGUSTA REGIONAL BUSH FIELD GA CLIMATE NORMALS FOR TODAY
                         NORMAL    RECORD    YEAR
 MAXIMUM TEMPERATURE (F)   87       100      1980
                                             1927
 MINIMUM TEMPERATURE (F)   63        47      1967


SUNRISE AND SUNSET
SEPTEMBER 15 2014.....SUNRISE   711 AM EDT   SUNSET   734 PM EDT
SEPTEMBER 16 2014.....SUNRISE   712 AM EDT   SUNSET   733 PM EDT


-  INDICATES NEGATIVE NUMBERS.
R  INDICATES RECORD WAS SET OR TIED.
MM INDICATES DATA IS MISSING.
T  INDICATES TRACE AMOUNT.




$$
