000
CDUS42 KCAE 230624
CLIAGS


CLIMATE REPORT
NATIONAL WEATHER SERVICE COLUMBIA SC
223 AM EDT WED JUL 23 2014


...................................

...THE AUGUSTA REGIONAL BUSH FIELD GA CLIMATE SUMMARY FOR JULY 22 2014...

CLIMATE NORMAL PERIOD 1981 TO 2010
CLIMATE RECORD PERIOD 1873 TO 2014


WEATHER ITEM   OBSERVED TIME   RECORD YEAR NORMAL DEPARTURE LAST
                VALUE   (LST)  VALUE       VALUE  FROM      YEAR
                                                  NORMAL
..................................................................
TEMPERATURE (F)
 YESTERDAY
  MAXIMUM         89    424 PM 105    1983  94     -5       89
                                      1878
  MINIMUM         72    621 AM  61    2001  70      2       71
  AVERAGE         81                        82     -1       80

PRECIPITATION (IN)
  YESTERDAY        0.02          3.25 1970   0.14  -0.12     0.00
  MONTH TO DATE    3.43                      3.02   0.41     7.22
  SINCE JUN 1      5.70                      7.74  -2.04    18.05
  SINCE JAN 1     24.56                     25.24  -0.68    37.65

SNOWFALL (IN)
  YESTERDAY        0.0          MM      MM   0.0             0.0
  MONTH TO DATE    0.0                       0.0             0.0
  SINCE JUN 1      0.0                       0.0             0.0
  SINCE JUL 1      0.0                       0.0             0.0

DEGREE DAYS
 HEATING
  YESTERDAY        0                         0      0        0
  MONTH TO DATE    0                         0      0        0
  SINCE JUN 1      0                         0      0        0
  SINCE JUL 1      0                         0      0        0

 COOLING
  YESTERDAY       16                        17     -1       15
  MONTH TO DATE  342                       366    -24      319
  SINCE JUN 1    766                       774     -8      711
  SINCE JAN 1   1050                      1057     -7      920
..................................................................


WIND (MPH)
  HIGHEST WIND SPEED    13   HIGHEST WIND DIRECTION    NE (30)
  HIGHEST GUST SPEED    19   HIGHEST GUST DIRECTION    NE (60)
  AVERAGE WIND SPEED     3.7


SKY COVER
  AVERAGE SKY COVER 0.4


WEATHER CONDITIONS
 THE FOLLOWING WEATHER WAS RECORDED YESTERDAY.
  LIGHT RAIN
  FOG


RELATIVE HUMIDITY (PERCENT)
 HIGHEST    94          1000 PM
 LOWEST     52           400 PM
 AVERAGE    73

..........................................................


THE AUGUSTA REGIONAL BUSH FIELD GA CLIMATE NORMALS FOR TODAY
                         NORMAL    RECORD    YEAR
 MAXIMUM TEMPERATURE (F)   94       105      1952
 MINIMUM TEMPERATURE (F)   70        59      2007


SUNRISE AND SUNSET
JULY 23 2014..........SUNRISE   634 AM EDT   SUNSET   834 PM EDT
JULY 24 2014..........SUNRISE   635 AM EDT   SUNSET   833 PM EDT


-  INDICATES NEGATIVE NUMBERS.
R  INDICATES RECORD WAS SET OR TIED.
MM INDICATES DATA IS MISSING.
T  INDICATES TRACE AMOUNT.




$$
