000
CDUS42 KCAE 260545
CLIAGS


CLIMATE REPORT
NATIONAL WEATHER SERVICE COLUMBIA SC
145 AM EDT FRI MAY 26 2017


...................................

...THE AUGUSTA REGIONAL BUSH FIELD GA CLIMATE SUMMARY FOR MAY 25 2017...

CLIMATE NORMAL PERIOD 1981 TO 2010
CLIMATE RECORD PERIOD 1873 TO 2017


WEATHER ITEM   OBSERVED TIME   RECORD YEAR NORMAL DEPARTURE LAST
                VALUE   (LST)  VALUE       VALUE  FROM      YEAR
                                                  NORMAL
..................................................................
TEMPERATURE (F)
 YESTERDAY
  MAXIMUM         79    442 PM  99    2000  87     -8       89
                                      1878
  MINIMUM         61    637 AM  43    1951  60      1       56
  AVERAGE         70                        74     -4       73

PRECIPITATION (IN)
  YESTERDAY        0.00          2.08 1938   0.10  -0.10     0.00
  MONTH TO DATE    3.34                      1.97   1.37     3.02
  SINCE MAR 1      7.71                      8.99  -1.28    10.62
  SINCE JAN 1     19.95                     16.82   3.13    16.04

SNOWFALL (IN)
  YESTERDAY        0.0          MM      MM   0.0             0.0
  MONTH TO DATE    0.0                       0.0             0.0
  SINCE MAR 1      0.0                       0.0             0.0
  SINCE JUL 1      T                         0.9             0.5

DEGREE DAYS
 HEATING
  YESTERDAY        0                         0      0        0
  MONTH TO DATE    3                        18    -15       13
  SINCE MAR 1    272                       438   -166      279
  SINCE JUL 1   1407                      2470  -1063     1856

 COOLING
  YESTERDAY        5                         9     -4        8
  MONTH TO DATE  214                       151     63      141
  SINCE MAR 1    434                       221    213      256
  SINCE JAN 1    464                       224    240      259
..................................................................


WIND (MPH)
  HIGHEST WIND SPEED    25   HIGHEST WIND DIRECTION     W (270)
  HIGHEST GUST SPEED    35   HIGHEST GUST DIRECTION     W (270)
  AVERAGE WIND SPEED    10.6


SKY COVER
  AVERAGE SKY COVER 0.2


WEATHER CONDITIONS
 THE FOLLOWING WEATHER WAS RECORDED YESTERDAY.
  NO SIGNIFICANT WEATHER WAS OBSERVED.


RELATIVE HUMIDITY (PERCENT)
 HIGHEST    93          1200 AM
 LOWEST     39           400 PM
 AVERAGE    66

..........................................................


THE AUGUSTA REGIONAL BUSH FIELD GA CLIMATE NORMALS FOR TODAY
                         NORMAL    RECORD    YEAR
 MAXIMUM TEMPERATURE (F)   88       100      1926
                                             1878
 MINIMUM TEMPERATURE (F)   61        44      1979


SUNRISE AND SUNSET
MAY 26 2017...........SUNRISE   621 AM EDT   SUNSET   829 PM EDT
MAY 27 2017...........SUNRISE   621 AM EDT   SUNSET   830 PM EDT


-  INDICATES NEGATIVE NUMBERS.
R  INDICATES RECORD WAS SET OR TIED.
MM INDICATES DATA IS MISSING.
T  INDICATES TRACE AMOUNT.




$$
