000
CDUS42 KCAE 230635
CLIAGS


CLIMATE REPORT
NATIONAL WEATHER SERVICE COLUMBIA SC
135 AM EST SUN NOV 23 2014


...................................

...THE AUGUSTA REGIONAL BUSH FIELD GA CLIMATE SUMMARY FOR NOVEMBER 22 2014...

CLIMATE NORMAL PERIOD 1981 TO 2010
CLIMATE RECORD PERIOD 1873 TO 2014


WEATHER ITEM   OBSERVED TIME   RECORD YEAR NORMAL DEPARTURE LAST
                VALUE   (LST)  VALUE       VALUE  FROM      YEAR
                                                  NORMAL
..................................................................
TEMPERATURE (F)
 YESTERDAY
  MAXIMUM         66    239 PM  82    2011  67     -1       75
  MINIMUM         27    547 AM  18    2008  40    -13       50
  AVERAGE         47                        53     -6       63

PRECIPITATION (IN)
  YESTERDAY        0.01          3.43 1985   0.10  -0.09      T
  MONTH TO DATE    0.74                      2.00  -1.26     0.94
  SINCE SEP 1      3.61                      8.49  -4.88     2.42
  SINCE JAN 1     32.03                     39.36  -7.33    47.74

SNOWFALL (IN)
  YESTERDAY        0.0          MM      MM   0.0             0.0
  MONTH TO DATE    0.0                       0.0             0.0
  SINCE SEP 1      0.0                       0.0             0.0
  SINCE JUL 1      0.0                       0.0             0.0

DEGREE DAYS
 HEATING
  YESTERDAY       18                        12      6        2
  MONTH TO DATE  360                       203    157      218
  SINCE SEP 1    451                       317    134      294
  SINCE JUL 1    451                       317    134      294

 COOLING
  YESTERDAY        0                         0      0        0
  MONTH TO DATE    3                        15    -12       10
  SINCE SEP 1    444                       397     47      390
  SINCE JAN 1   2095                      2085     10     1865
..................................................................


WIND (MPH)
  HIGHEST WIND SPEED    12   HIGHEST WIND DIRECTION     E (100)
  HIGHEST GUST SPEED    15   HIGHEST GUST DIRECTION    SE (120)
  AVERAGE WIND SPEED     3.0


SKY COVER
  AVERAGE SKY COVER 0.2


WEATHER CONDITIONS
 THE FOLLOWING WEATHER WAS RECORDED YESTERDAY.
  LIGHT RAIN


RELATIVE HUMIDITY (PERCENT)
 HIGHEST    86          1100 PM
 LOWEST     19           200 PM
 AVERAGE    53

..........................................................


THE AUGUSTA REGIONAL BUSH FIELD GA CLIMATE NORMALS FOR TODAY
                         NORMAL    RECORD    YEAR
 MAXIMUM TEMPERATURE (F)   67        80      2010
                                             1979
                                             1900
 MINIMUM TEMPERATURE (F)   39        21      1956


SUNRISE AND SUNSET
NOVEMBER 23 2014......SUNRISE   706 AM EST   SUNSET   522 PM EST
NOVEMBER 24 2014......SUNRISE   707 AM EST   SUNSET   522 PM EST


-  INDICATES NEGATIVE NUMBERS.
R  INDICATES RECORD WAS SET OR TIED.
MM INDICATES DATA IS MISSING.
T  INDICATES TRACE AMOUNT.




$$
