000
CDUS42 KCAE 030643
CLIAGS


CLIMATE REPORT
NATIONAL WEATHER SERVICE COLUMBIA SC
243 AM EDT THU SEP 3 2015


...................................

...THE AUGUSTA REGIONAL BUSH FIELD GA CLIMATE SUMMARY FOR SEPTEMBER 2 2015...

CLIMATE NORMAL PERIOD 1981 TO 2010
CLIMATE RECORD PERIOD 1873 TO 2015


WEATHER ITEM   OBSERVED TIME   RECORD YEAR NORMAL DEPARTURE LAST
                VALUE   (LST)  VALUE       VALUE  FROM      YEAR
                                                  NORMAL
..................................................................
TEMPERATURE (F)
 YESTERDAY
  MAXIMUM         92    411 PM 101    1957  90      2       95
  MINIMUM         68    615 AM  54    1999  67      1       70
  AVERAGE         80                        78      2       83

PRECIPITATION (IN)
  YESTERDAY        0.00          1.12 2014   0.11  -0.11     1.12
  MONTH TO DATE    0.00                      0.22  -0.22     1.24
  SINCE SEP 1      0.00                      0.22  -0.22     1.24
  SINCE JAN 1     26.39                     31.09  -4.70    29.66

SNOWFALL (IN)
  YESTERDAY        0.0          MM      MM   0.0             0.0
  MONTH TO DATE    0.0                       0.0             0.0
  SINCE SEP 1      0.0                       0.0             0.0
  SINCE JUL 1      0.0                       0.0             0.0

DEGREE DAYS
 HEATING
  YESTERDAY        0                         0      0        0
  MONTH TO DATE    0                         0      0        0
  SINCE SEP 1      0                         0      0        0
  SINCE JUL 1      0                         0      0        0

 COOLING
  YESTERDAY       15                        13      2       18
  MONTH TO DATE   29                        27      2       37
  SINCE SEP 1     29                        27      2       37
  SINCE JAN 1   1942                      1715    227     1688
..................................................................


WIND (MPH)
  HIGHEST WIND SPEED    12   HIGHEST WIND DIRECTION     S (180)
  HIGHEST GUST SPEED    13   HIGHEST GUST DIRECTION     S (180)
  AVERAGE WIND SPEED     2.3


SKY COVER
  AVERAGE SKY COVER 0.3


WEATHER CONDITIONS
 THE FOLLOWING WEATHER WAS RECORDED YESTERDAY.
  FOG


RELATIVE HUMIDITY (PERCENT)
 HIGHEST   100          1200 AM
 LOWEST     44           200 PM
 AVERAGE    72

..........................................................


THE AUGUSTA REGIONAL BUSH FIELD GA CLIMATE NORMALS FOR TODAY
                         NORMAL    RECORD    YEAR
 MAXIMUM TEMPERATURE (F)   90       101      1925
 MINIMUM TEMPERATURE (F)   67        54      1954


SUNRISE AND SUNSET
SEPTEMBER  3 2015.....SUNRISE   703 AM EDT   SUNSET   751 PM EDT
SEPTEMBER  4 2015.....SUNRISE   704 AM EDT   SUNSET   749 PM EDT


-  INDICATES NEGATIVE NUMBERS.
R  INDICATES RECORD WAS SET OR TIED.
MM INDICATES DATA IS MISSING.
T  INDICATES TRACE AMOUNT.




$$
