000
CDUS42 KCAE 230627
CLIAGS


CLIMATE REPORT
NATIONAL WEATHER SERVICE COLUMBIA SC
227 AM EDT SAT SEP 23 2017


...................................

...THE AUGUSTA REGIONAL BUSH FIELD GA CLIMATE SUMMARY FOR SEPTEMBER 22 2017...

CLIMATE NORMAL PERIOD 1981 TO 2010
CLIMATE RECORD PERIOD 1873 TO 2017


WEATHER ITEM   OBSERVED TIME   RECORD YEAR NORMAL DEPARTURE LAST
                VALUE   (LST)  VALUE       VALUE  FROM      YEAR
                                                  NORMAL
..................................................................
TEMPERATURE (F)
 YESTERDAY
  MAXIMUM         91   1241 PM  99    1925  85      6       82
  MINIMUM         66    551 AM  46    1897  60      6       69
  AVERAGE         79                        73      6       76

PRECIPITATION (IN)
  YESTERDAY        T             3.17 1897   0.10  -0.10      T
                                      1892
  MONTH TO DATE    4.28                      2.33   1.95     4.58
  SINCE SEP 1      4.28                      2.33   1.95     4.58
  SINCE JAN 1     38.66                     33.20   5.46    31.15

SNOWFALL (IN)
  YESTERDAY        0.0          MM      MM   0.0             0.0
  MONTH TO DATE    0.0                       0.0             0.0
  SINCE SEP 1      0.0                       0.0             0.0
  SINCE JUL 1      0.0                       0.0             0.0

DEGREE DAYS
 HEATING
  YESTERDAY        0                         0      0        0
  MONTH TO DATE    0                         0      0        0
  SINCE SEP 1      0                         0      0        0
  SINCE JUL 1      0                         0      0        0

 COOLING
  YESTERDAY       14                         8      6       11
  MONTH TO DATE  240                       243     -3      295
  SINCE SEP 1    240                       243     -3      295
  SINCE JAN 1   2368                      1931    437     2266
..................................................................


WIND (MPH)
  HIGHEST WIND SPEED    17   HIGHEST WIND DIRECTION     N (20)
  HIGHEST GUST SPEED    22   HIGHEST GUST DIRECTION    NE (30)
  AVERAGE WIND SPEED     1.9


SKY COVER
  AVERAGE SKY COVER 0.1


WEATHER CONDITIONS
 THE FOLLOWING WEATHER WAS RECORDED YESTERDAY.
  THUNDERSTORM
  LIGHT RAIN
  FOG


RELATIVE HUMIDITY (PERCENT)
 HIGHEST    97          1000 PM
 LOWEST     52           100 PM
 AVERAGE    75

..........................................................


THE AUGUSTA REGIONAL BUSH FIELD GA CLIMATE NORMALS FOR TODAY
                         NORMAL    RECORD    YEAR
 MAXIMUM TEMPERATURE (F)   85        98      1980
                                             1931
 MINIMUM TEMPERATURE (F)   60        42      1999


SUNRISE AND SUNSET
SEPTEMBER 23 2017.....SUNRISE   717 AM EDT   SUNSET   723 PM EDT
SEPTEMBER 24 2017.....SUNRISE   717 AM EDT   SUNSET   721 PM EDT


-  INDICATES NEGATIVE NUMBERS.
R  INDICATES RECORD WAS SET OR TIED.
MM INDICATES DATA IS MISSING.
T  INDICATES TRACE AMOUNT.




$$
