000
CDUS42 KCAE 280606
CLIAGS


CLIMATE REPORT
NATIONAL WEATHER SERVICE COLUMBIA SC
206 AM EDT TUE APR 28 2015


...................................

...THE AUGUSTA REGIONAL BUSH FIELD GA CLIMATE SUMMARY FOR APRIL 27 2015...

CLIMATE NORMAL PERIOD 1981 TO 2010
CLIMATE RECORD PERIOD 1873 TO 2015


WEATHER ITEM   OBSERVED TIME   RECORD YEAR NORMAL DEPARTURE LAST
                VALUE   (LST)  VALUE       VALUE  FROM      YEAR
                                                  NORMAL
..................................................................
TEMPERATURE (F)
 YESTERDAY
  MAXIMUM         74    427 PM  96    1986  80     -6       87
  MINIMUM         51    510 AM  38    2000  51      0       49
                                      1977
                                      1972
  AVERAGE         63                        66     -3       68

PRECIPITATION (IN)
  YESTERDAY        0.01          2.71 1961   0.08  -0.07     0.00
  MONTH TO DATE    4.50                      2.59   1.91     4.24
  SINCE MAR 1      7.54                      6.77   0.77     6.80
  SINCE JAN 1     14.34                     14.60  -0.26    13.01

SNOWFALL (IN)
  YESTERDAY        0.0          MM      MM   0.0             0.0
  MONTH TO DATE    0.0                       0.0             0.0
  SINCE MAR 1      0.0                       0.0             0.0
  SINCE JUL 1      T                         0.9             3.3

DEGREE DAYS
 HEATING
  YESTERDAY        2                         2      0        0
  MONTH TO DATE   38                       117    -79      101
  SINCE MAR 1    251                       413   -162      501
  SINCE JUL 1   2537                      2445     92     2663

 COOLING
  YESTERDAY        0                         3     -3        3
  MONTH TO DATE  102                        45     57       30
  SINCE MAR 1    114                        60     54       30
  SINCE JAN 1    114                        63     51       32
..................................................................


WIND (MPH)
  HIGHEST WIND SPEED    15   HIGHEST WIND DIRECTION    NW (330)
  HIGHEST GUST SPEED    22   HIGHEST GUST DIRECTION     W (260)
  AVERAGE WIND SPEED     3.2


SKY COVER
  AVERAGE SKY COVER 0.2


WEATHER CONDITIONS
 THE FOLLOWING WEATHER WAS RECORDED YESTERDAY.
  LIGHT RAIN


RELATIVE HUMIDITY (PERCENT)
 HIGHEST    93          1100 PM
 LOWEST     35           400 PM
 AVERAGE    64

..........................................................


THE AUGUSTA REGIONAL BUSH FIELD GA CLIMATE NORMALS FOR TODAY
                         NORMAL    RECORD    YEAR
 MAXIMUM TEMPERATURE (F)   80        91      2012
                                             1986
                                             1985
 MINIMUM TEMPERATURE (F)   51        37      2005


SUNRISE AND SUNSET
APRIL 28 2015.........SUNRISE   643 AM EDT   SUNSET   808 PM EDT
APRIL 29 2015.........SUNRISE   642 AM EDT   SUNSET   809 PM EDT


-  INDICATES NEGATIVE NUMBERS.
R  INDICATES RECORD WAS SET OR TIED.
MM INDICATES DATA IS MISSING.
T  INDICATES TRACE AMOUNT.




$$
