000
CDUS42 KCAE 230552
CLIAGS


CLIMATE REPORT
NATIONAL WEATHER SERVICE COLUMBIA SC
144 AM EDT SAT MAY 23 2015


...................................

...THE AUGUSTA REGIONAL BUSH FIELD GA CLIMATE SUMMARY FOR MAY 22 2015...

CLIMATE NORMAL PERIOD 1981 TO 2010
CLIMATE RECORD PERIOD 1873 TO 2015


WEATHER ITEM   OBSERVED TIME   RECORD YEAR NORMAL DEPARTURE LAST
                VALUE   (LST)  VALUE       VALUE  FROM      YEAR
                                                  NORMAL
..................................................................
TEMPERATURE (F)
 YESTERDAY
  MAXIMUM         81    443 PM  97    1941  87     -6       93
                                      1933
  MINIMUM         56   1159 PM  42    1954  59     -3       61
  AVERAGE         69                        73     -4       77

PRECIPITATION (IN)
  YESTERDAY        0.00          3.39 1967   0.09  -0.09     0.00
  MONTH TO DATE    0.49                      1.68  -1.19     3.83
  SINCE MAR 1      8.39                      8.70  -0.31    10.98
  SINCE JAN 1     15.19                     16.53  -1.34    17.19

SNOWFALL (IN)
  YESTERDAY        0.0          MM      MM   0.0             0.0
  MONTH TO DATE    0.0                       0.0             0.0
  SINCE MAR 1      0.0                       0.0             0.0
  SINCE JUL 1      T                         0.9             3.3

DEGREE DAYS
 HEATING
  YESTERDAY        0                         0      0        0
  MONTH TO DATE   10                        18     -8       13
  SINCE MAR 1    277                       438   -161      514
  SINCE JUL 1   2563                      2470     93     2676

 COOLING
  YESTERDAY        4                         8     -4       12
  MONTH TO DATE  156                       124     32      124
  SINCE MAR 1    270                       194     76      177
  SINCE JAN 1    270                       197     73      179
..................................................................


WIND (MPH)
  HIGHEST WIND SPEED    18   HIGHEST WIND DIRECTION    NW (310)
  HIGHEST GUST SPEED    23   HIGHEST GUST DIRECTION    NW (310)
  AVERAGE WIND SPEED     6.0


SKY COVER
  AVERAGE SKY COVER 0.3


WEATHER CONDITIONS
 THE FOLLOWING WEATHER WAS RECORDED YESTERDAY.
  NO SIGNIFICANT WEATHER WAS OBSERVED.


RELATIVE HUMIDITY (PERCENT)
 HIGHEST    86          1100 PM
 LOWEST     33           500 PM
 AVERAGE    60

..........................................................


THE AUGUSTA REGIONAL BUSH FIELD GA CLIMATE NORMALS FOR TODAY
                         NORMAL    RECORD    YEAR
 MAXIMUM TEMPERATURE (F)   87        99      2011
                                             1941
 MINIMUM TEMPERATURE (F)   60        41      2002


SUNRISE AND SUNSET
MAY 23 2015...........SUNRISE   623 AM EDT   SUNSET   827 PM EDT
MAY 24 2015...........SUNRISE   622 AM EDT   SUNSET   827 PM EDT


-  INDICATES NEGATIVE NUMBERS.
R  INDICATES RECORD WAS SET OR TIED.
MM INDICATES DATA IS MISSING.
T  INDICATES TRACE AMOUNT.




$$
