000
CDUS42 KCAE 110622
CLIAGS


CLIMATE REPORT
NATIONAL WEATHER SERVICE COLUMBIA SC
122 AM EST THU FEB 11 2016


...................................

...THE AUGUSTA REGIONAL BUSH FIELD GA CLIMATE SUMMARY FOR FEBRUARY 10 2016...

CLIMATE NORMAL PERIOD 1981 TO 2010
CLIMATE RECORD PERIOD 1873 TO 2016


WEATHER ITEM   OBSERVED TIME   RECORD YEAR NORMAL DEPARTURE LAST
                VALUE   (LST)  VALUE       VALUE  FROM      YEAR
                                                  NORMAL
..................................................................
TEMPERATURE (F)
 YESTERDAY
  MAXIMUM         41    449 PM  79    1959  61    -20       59
  MINIMUM         26    610 AM  14    1971  35     -9       35
  AVERAGE         34                        48    -14       47

PRECIPITATION (IN)
  YESTERDAY        0.00          2.35 1981   0.14  -0.14      T
  MONTH TO DATE    2.14                      1.32   0.82     0.56
  SINCE DEC 1     10.72                      8.62   2.10     6.87
  SINCE JAN 1      3.80                      5.23  -1.43     2.66

SNOWFALL (IN)
  YESTERDAY        0.0           6.0  1973   0.0             0.0
  MONTH TO DATE    0.0                       0.1             0.0
  SINCE DEC 1      0.5                       0.6             0.0
  SINCE JUL 1      0.5                       0.6             0.0

DEGREE DAYS
 HEATING
  YESTERDAY       31                        17     14       18
  MONTH TO DATE  159                       176    -17      190
  SINCE DEC 1   1013                      1339   -326     1297
  SINCE JUL 1   1300                      1761   -461     1861

 COOLING
  YESTERDAY        0                         0      0        0
  MONTH TO DATE    3                         0      3        0
  SINCE DEC 1     50                         4     46        0
  SINCE JAN 1      3                         1      2        0
..................................................................


WIND (MPH)
  HIGHEST WIND SPEED    26   HIGHEST WIND DIRECTION     W (290)
  HIGHEST GUST SPEED    34   HIGHEST GUST DIRECTION     W (290)
  AVERAGE WIND SPEED    12.6


SKY COVER
  AVERAGE SKY COVER 0.3


WEATHER CONDITIONS
 THE FOLLOWING WEATHER WAS RECORDED YESTERDAY.
  NO SIGNIFICANT WEATHER WAS OBSERVED.


RELATIVE HUMIDITY (PERCENT)
 HIGHEST    68           500 AM
 LOWEST     27           400 PM
 AVERAGE    48

..........................................................


THE AUGUSTA REGIONAL BUSH FIELD GA CLIMATE NORMALS FOR TODAY
                         NORMAL    RECORD    YEAR
 MAXIMUM TEMPERATURE (F)   61        81      1932
 MINIMUM TEMPERATURE (F)   35        12      1973


SUNRISE AND SUNSET
FEBRUARY 11 2016......SUNRISE   716 AM EST   SUNSET   609 PM EST
FEBRUARY 12 2016......SUNRISE   715 AM EST   SUNSET   609 PM EST


-  INDICATES NEGATIVE NUMBERS.
R  INDICATES RECORD WAS SET OR TIED.
MM INDICATES DATA IS MISSING.
T  INDICATES TRACE AMOUNT.




$$
