286
CDUS42 KCAE 212223
CLIAGS


CLIMATE REPORT
NATIONAL WEATHER SERVICE COLUMBIA SC
522 PM EST TUE FEB 21 2017


...................................

...THE AUGUSTA BUSH FIELD GA CLIMATE SUMMARY FOR FEBRUARY 21 2017...
VALID TODAY AS OF 0500 PM LOCAL TIME.

CLIMATE NORMAL PERIOD 1981 TO 2010
CLIMATE RECORD PERIOD 1873 TO 2017


WEATHER ITEM   OBSERVED TIME   RECORD YEAR NORMAL DEPARTURE LAST
                VALUE   (LST)  VALUE       VALUE  FROM      YEAR
                                                  NORMAL
..................................................................
TEMPERATURE (F)
 TODAY
  MAXIMUM         75    409 PM  80    2011  64     11       69
                                      1997
  MINIMUM         46    752 AM  15    1896  37      9       47
  AVERAGE         61                        50     11       58

PRECIPITATION (IN)
  TODAY            0.00          2.47 1932   0.14  -0.14      T
  MONTH TO DATE    1.90                      2.89  -0.99     2.74
  SINCE DEC 1     16.44                     10.19   6.25    11.32
  SINCE JAN 1     12.03                      6.80   5.23     4.40

SNOWFALL (IN)
  TODAY            0.0           0.7  1968   0.0             0.0
  MONTH TO DATE    0.0                       0.3             0.0
  SINCE DEC 1      T                         0.8             0.5
  SINCE JUL 1      T                         0.8             0.5

DEGREE DAYS
 HEATING
  TODAY            4                        15    -11        7
  MONTH TO DATE  174                       350   -176      354
  SINCE DEC 1    840                      1513   -673     1208
  SINCE JUL 1   1111                      1935   -824     1495

 COOLING
  TODAY            0                         0      0        0
  MONTH TO DATE    6                         0      6        3
  SINCE DEC 1     27                         4     23       50
  SINCE JAN 1     20                         1     19        3
..................................................................


WIND (MPH)
  HIGHEST WIND SPEED    13   HIGHEST WIND DIRECTION    SE (130)
  HIGHEST GUST SPEED    23   HIGHEST GUST DIRECTION    SE (130)
  AVERAGE WIND SPEED     3.6


SKY COVER
  AVERAGE SKY COVER 0.3


WEATHER CONDITIONS
 THE FOLLOWING WEATHER WAS RECORDED TODAY.
  FOG
  HAZE


RELATIVE HUMIDITY (PERCENT)
 HIGHEST    93           400 AM
 LOWEST     49           100 PM
 AVERAGE    71

..........................................................


THE AUGUSTA BUSH FIELD GA CLIMATE NORMALS FOR TOMORROW
                         NORMAL    RECORD    YEAR
 MAXIMUM TEMPERATURE (F)   64        83      2011
 MINIMUM TEMPERATURE (F)   37        20      1970
                                             1896


SUNRISE AND SUNSET
FEBRUARY 21 2017......SUNRISE   705 AM EST   SUNSET   618 PM EST
FEBRUARY 22 2017......SUNRISE   704 AM EST   SUNSET   619 PM EST


-  INDICATES NEGATIVE NUMBERS.
R  INDICATES RECORD WAS SET OR TIED.
MM INDICATES DATA IS MISSING.
T  INDICATES TRACE AMOUNT.




$$
