000
CDUS42 KCAE 242219
CLIAGS


CLIMATE REPORT
NATIONAL WEATHER SERVICE COLUMBIA SC
519 PM EST SAT FEB 24 2018


...................................

...THE AUGUSTA BUSH FIELD GA CLIMATE SUMMARY FOR FEBRUARY 24 2018...
VALID TODAY AS OF 0500 PM LOCAL TIME.

CLIMATE NORMAL PERIOD 1981 TO 2010
CLIMATE RECORD PERIOD 1873 TO 2018


WEATHER ITEM   OBSERVED TIME   RECORD YEAR NORMAL DEPARTURE LAST
                VALUE   (LST)  VALUE       VALUE  FROM      YEAR
                                                  NORMAL
..................................................................
TEMPERATURE (F)
 TODAY
  MAXIMUM         84R   347 PM  84    2017  65     19       84
  MINIMUM         54    511 AM  19    1901  38     16       50
  AVERAGE         69                        51     18       67

PRECIPITATION (IN)
  TODAY            0.00          3.00 1961   0.15  -0.15     0.00
  MONTH TO DATE    1.45                      3.34  -1.89     2.05
  SINCE DEC 1      7.65                     10.64  -2.99    16.59
  SINCE JAN 1      3.54                      7.25  -3.71    12.18

SNOWFALL (IN)
  TODAY            0.0          MM      MM   0.1             0.0
  MONTH TO DATE    0.0                       0.4             0.0
  SINCE DEC 1      T                         0.9              T
  SINCE JUL 1      T                         0.9              T

DEGREE DAYS
 HEATING
  TODAY            0                        14    -14        0
  MONTH TO DATE  158                       392   -234      174
  SINCE DEC 1   1301                      1555   -254      840
  SINCE JUL 1   1666                      1977   -311     1111

 COOLING
  TODAY            4                         0      4        2
  MONTH TO DATE   45                         0     45       12
  SINCE DEC 1     47                         4     43       33
  SINCE JAN 1     47                         1     46       26
..................................................................


WIND (MPH)
  HIGHEST WIND SPEED    16   HIGHEST WIND DIRECTION     S (190)
  HIGHEST GUST SPEED    20   HIGHEST GUST DIRECTION     S (190)
  AVERAGE WIND SPEED     5.1


SKY COVER
  AVERAGE SKY COVER 0.7


WEATHER CONDITIONS
 THE FOLLOWING WEATHER WAS RECORDED TODAY.
  FOG
  FOG W/VISIBILITY <= 1/4 MILE


RELATIVE HUMIDITY (PERCENT)
 HIGHEST   100           200 AM
 LOWEST     43           500 PM
 AVERAGE    72

..........................................................


THE AUGUSTA BUSH FIELD GA CLIMATE NORMALS FOR TOMORROW
                         NORMAL    RECORD    YEAR
 MAXIMUM TEMPERATURE (F)   65        84      1890
 MINIMUM TEMPERATURE (F)   38        14      1967


SUNRISE AND SUNSET
FEBRUARY 24 2018......SUNRISE   702 AM EST   SUNSET   621 PM EST
FEBRUARY 25 2018......SUNRISE   701 AM EST   SUNSET   621 PM EST


-  INDICATES NEGATIVE NUMBERS.
R  INDICATES RECORD WAS SET OR TIED.
MM INDICATES DATA IS MISSING.
T  INDICATES TRACE AMOUNT.




$$
