000
CDUS42 KCAE 012129
CLIAGS


CLIMATE REPORT
NATIONAL WEATHER SERVICE COLUMBIA SC
528 PM EDT WED APR 1 2015


...................................

...THE AUGUSTA BUSH FIELD GA CLIMATE SUMMARY FOR APRIL 1 2015...
VALID TODAY AS OF 0500 PM LOCAL TIME.

CLIMATE NORMAL PERIOD 1981 TO 2010
CLIMATE RECORD PERIOD 1873 TO 2015


WEATHER ITEM   OBSERVED TIME   RECORD YEAR NORMAL DEPARTURE LAST
                VALUE   (LST)  VALUE       VALUE  FROM      YEAR
                                                  NORMAL
..................................................................
TEMPERATURE (F)
 TODAY
  MAXIMUM         82    322 PM  88    1896  74      8       85
  MINIMUM         58    658 AM  28    1987  45     13       39
  AVERAGE         70                        60     10       62

PRECIPITATION (IN)
  TODAY            0.01          2.14 1936   0.12  -0.11     0.00
  MONTH TO DATE    0.01                      0.12  -0.11     0.00
  SINCE MAR 1      3.05                      4.30  -1.25     2.56
  SINCE JAN 1      9.85                     12.13  -2.28     8.77

SNOWFALL (IN)
  TODAY            0.0          MM      MM   0.0             0.0
  MONTH TO DATE    0.0                       0.0             0.0
  SINCE MAR 1      0.0                       0.0             0.0
  SINCE JUL 1      T                         0.9             3.3

DEGREE DAYS
 HEATING
  TODAY            0                         6     -6        3
  MONTH TO DATE    0                         6     -6        3
  SINCE MAR 1    213                       302    -89      403
  SINCE JUL 1   2499                      2334    165     2565

 COOLING
  TODAY            5                         1      4        0
  MONTH TO DATE    5                         1      4        0
  SINCE MAR 1     17                        16      1        0
  SINCE JAN 1     17                        19     -2        2
..................................................................


WIND (MPH)
  HIGHEST WIND SPEED    13   HIGHEST WIND DIRECTION    NW (300)
  HIGHEST GUST SPEED    16   HIGHEST GUST DIRECTION     W (260)
  AVERAGE WIND SPEED     6.4


SKY COVER
  AVERAGE SKY COVER 0.3


WEATHER CONDITIONS
 THE FOLLOWING WEATHER WAS RECORDED TODAY.
  LIGHT RAIN


RELATIVE HUMIDITY (PERCENT)
 HIGHEST    73           900 AM
 LOWEST     33           300 PM
 AVERAGE    53

..........................................................


THE AUGUSTA BUSH FIELD GA CLIMATE NORMALS FOR TOMORROW
                         NORMAL    RECORD    YEAR
 MAXIMUM TEMPERATURE (F)   74        91      1940
 MINIMUM TEMPERATURE (F)   45        29      1887


SUNRISE AND SUNSET
APRIL  1 2015.........SUNRISE   716 AM EDT   SUNSET   748 PM EDT
APRIL  2 2015.........SUNRISE   715 AM EDT   SUNSET   749 PM EDT


-  INDICATES NEGATIVE NUMBERS.
R  INDICATES RECORD WAS SET OR TIED.
MM INDICATES DATA IS MISSING.
T  INDICATES TRACE AMOUNT.




$$
