000
CDUS42 KCAE 312133
CLIAGS


CLIMATE REPORT
NATIONAL WEATHER SERVICE COLUMBIA SC
533 PM EDT FRI OCT 31 2014


...................................

...THE AUGUSTA BUSH FIELD GA CLIMATE SUMMARY FOR OCTOBER 31 2014...
VALID TODAY AS OF 0500 PM LOCAL TIME.

CLIMATE NORMAL PERIOD 1981 TO 2010
CLIMATE RECORD PERIOD 1873 TO 2014


WEATHER ITEM   OBSERVED TIME   RECORD YEAR NORMAL DEPARTURE LAST
                VALUE   (LST)  VALUE       VALUE  FROM      YEAR
                                                  NORMAL
..................................................................
TEMPERATURE (F)
 TODAY
  MAXIMUM         71    255 PM  89    1961  74     -3       82
  MINIMUM         39    720 AM  29    1963  46     -7       47
                                      1952
  AVERAGE         55                        60     -5       65

PRECIPITATION (IN)
  TODAY            0.00          1.67 1988   0.09  -0.09      T
  MONTH TO DATE    0.61                      3.27  -2.66     0.36
  SINCE SEP 1      2.87                      6.49  -3.62     1.48
  SINCE JAN 1     31.29                     37.36  -6.07    46.80

SNOWFALL (IN)
  TODAY            0.0          MM      MM   0.0             0.0
  MONTH TO DATE    0.0                       0.0             0.0
  SINCE SEP 1      0.0                       0.0             0.0
  SINCE JUL 1      0.0                       0.0             0.0

DEGREE DAYS
 HEATING
  TODAY           10                         6      4        0
  MONTH TO DATE   89                       105    -16       76
  SINCE SEP 1     91                       114    -23       76
  SINCE JUL 1     91                       114    -23       76

 COOLING
  TODAY            0                         1     -1        0
  MONTH TO DATE  108                        86     22       87
  SINCE SEP 1    441                       382     59      380
  SINCE JAN 1   2092                      2070     22     1855
..................................................................


WIND (MPH)
  HIGHEST WIND SPEED    12   HIGHEST WIND DIRECTION     N (350)
  HIGHEST GUST SPEED    13   HIGHEST GUST DIRECTION     N (350)
  AVERAGE WIND SPEED     2.4


SKY COVER
  AVERAGE SKY COVER 0.2


WEATHER CONDITIONS
 THE FOLLOWING WEATHER WAS RECORDED TODAY.
  FOG


RELATIVE HUMIDITY (PERCENT)
 HIGHEST   100           100 AM
 LOWEST     35           300 PM
 AVERAGE    68

..........................................................


THE AUGUSTA BUSH FIELD GA CLIMATE NORMALS FOR TOMORROW
                         NORMAL    RECORD    YEAR
 MAXIMUM TEMPERATURE (F)   73        89      1961
 MINIMUM TEMPERATURE (F)   46        27      1954


SUNRISE AND SUNSET
OCTOBER 31 2014.......SUNRISE   746 AM EDT   SUNSET   637 PM EDT
NOVEMBER  1 2014......SUNRISE   746 AM EDT   SUNSET   636 PM EDT


-  INDICATES NEGATIVE NUMBERS.
R  INDICATES RECORD WAS SET OR TIED.
MM INDICATES DATA IS MISSING.
T  INDICATES TRACE AMOUNT.




$$
