000
CDUS42 KCAE 302148
CLIAGS


CLIMATE REPORT
NATIONAL WEATHER SERVICE COLUMBIA SC
548 PM EDT TUE JUN 30 2015


...................................

...THE AUGUSTA BUSH FIELD GA CLIMATE SUMMARY FOR JUNE 30 2015...
VALID TODAY AS OF 0500 PM LOCAL TIME.

CLIMATE NORMAL PERIOD 1981 TO 2010
CLIMATE RECORD PERIOD 1873 TO 2015


WEATHER ITEM   OBSERVED TIME   RECORD YEAR NORMAL DEPARTURE LAST
                VALUE   (LST)  VALUE       VALUE  FROM      YEAR
                                                  NORMAL
..................................................................
TEMPERATURE (F)
 TODAY
  MAXIMUM         94   1258 PM 106    2012  93      1       92
  MINIMUM         67    551 AM  52    1962  69     -2       68
  AVERAGE         81                        81      0       80

PRECIPITATION (IN)
  TODAY            0.38          2.44 1894   0.14   0.24      T
  MONTH TO DATE    3.47                      4.72  -1.25     2.27
  SINCE JUN 1      3.47                      4.72  -1.25     2.27
  SINCE JAN 1     19.10                     22.22  -3.12    21.13

SNOWFALL (IN)
  TODAY            0.0          MM      MM   0.0             0.0
  MONTH TO DATE    0.0                       0.0             0.0
  SINCE JUN 1      0.0                       0.0             0.0
  SINCE JUL 1      T                         0.9             3.3

DEGREE DAYS
 HEATING
  TODAY            0                         0      0        0
  MONTH TO DATE    0                         0      0        0
  SINCE JUN 1      0                         0      0        0
  SINCE JUL 1   2563                      2471     92     2676

 COOLING
  TODAY           16                        16      0       15
  MONTH TO DATE  479                       408     71      424
  SINCE JUN 1    479                       408     71      424
  SINCE JAN 1    840                       691    149      708
..................................................................


WIND (MPH)
  HIGHEST WIND SPEED    36   HIGHEST WIND DIRECTION     W (290)
  HIGHEST GUST SPEED    49   HIGHEST GUST DIRECTION     W (290)
  AVERAGE WIND SPEED     6.0


SKY COVER
  AVERAGE SKY COVER 0.2


WEATHER CONDITIONS
 THE FOLLOWING WEATHER WAS RECORDED TODAY.
  THUNDERSTORM
  RAIN
  LIGHT RAIN
  FOG
  HAZE


RELATIVE HUMIDITY (PERCENT)
 HIGHEST    87           600 AM
 LOWEST     41           100 PM
 AVERAGE    64

..........................................................


THE AUGUSTA BUSH FIELD GA CLIMATE NORMALS FOR TOMORROW
                         NORMAL    RECORD    YEAR
 MAXIMUM TEMPERATURE (F)   93       104      2012
 MINIMUM TEMPERATURE (F)   69        57      1958


SUNRISE AND SUNSET
JUNE 30 2015..........SUNRISE   621 AM EDT   SUNSET   841 PM EDT
JULY  1 2015..........SUNRISE   622 AM EDT   SUNSET   841 PM EDT


-  INDICATES NEGATIVE NUMBERS.
R  INDICATES RECORD WAS SET OR TIED.
MM INDICATES DATA IS MISSING.
T  INDICATES TRACE AMOUNT.




$$
