000
CDUS42 KCAE 220614
CLIAGS


CLIMATE REPORT
NATIONAL WEATHER SERVICE COLUMBIA SC
213 AM EDT SAT JUL 22 2017


...................................

...THE AUGUSTA REGIONAL BUSH FIELD GA CLIMATE SUMMARY FOR JULY 21 2017...

CLIMATE NORMAL PERIOD 1981 TO 2010
CLIMATE RECORD PERIOD 1873 TO 2017


WEATHER ITEM   OBSERVED TIME   RECORD YEAR NORMAL DEPARTURE LAST
                VALUE   (LST)  VALUE       VALUE  FROM      YEAR
                                                  NORMAL
..................................................................
TEMPERATURE (F)
 YESTERDAY
  MAXIMUM         97    320 PM 105    1986  94      3       94
  MINIMUM         73    603 AM  63    2001  70      3       73
                                      1987
  AVERAGE         85                        82      3       84

PRECIPITATION (IN)
  YESTERDAY        T             3.67 1979   0.14  -0.14     0.00
  MONTH TO DATE    4.14                      2.88   1.26     1.03
  SINCE JUN 1      7.66                      7.60   0.06     3.90
  SINCE JAN 1     27.61                     25.10   2.51    22.63

SNOWFALL (IN)
  YESTERDAY        0.0          MM      MM   0.0             0.0
  MONTH TO DATE    0.0                       0.0             0.0
  SINCE JUN 1      0.0                       0.0             0.0
  SINCE JUL 1      0.0                       0.0             0.0

DEGREE DAYS
 HEATING
  YESTERDAY        0                         0      0        0
  MONTH TO DATE    0                         0      0        0
  SINCE JUN 1      0                         0      0        0
  SINCE JUL 1      0                         0      0        0

 COOLING
  YESTERDAY       20                        17      3       19
  MONTH TO DATE  403                       349     54      407
  SINCE JUN 1    862                       757    105      878
  SINCE JAN 1   1403                      1040    363     1193
..................................................................


WIND (MPH)
  HIGHEST WIND SPEED    17   HIGHEST WIND DIRECTION    SW (220)
  HIGHEST GUST SPEED    25   HIGHEST GUST DIRECTION    SW (220)
  AVERAGE WIND SPEED     2.7


SKY COVER
  AVERAGE SKY COVER 0.1


WEATHER CONDITIONS
 THE FOLLOWING WEATHER WAS RECORDED YESTERDAY.
  THUNDERSTORM
  LIGHT RAIN
  FOG
  HAZE


RELATIVE HUMIDITY (PERCENT)
 HIGHEST    94          1200 AM
 LOWEST     48           200 PM
 AVERAGE    71

..........................................................


THE AUGUSTA REGIONAL BUSH FIELD GA CLIMATE NORMALS FOR TODAY
                         NORMAL    RECORD    YEAR
 MAXIMUM TEMPERATURE (F)   94       105      1983
                                             1878
 MINIMUM TEMPERATURE (F)   70        61      2001


SUNRISE AND SUNSET
JULY 22 2017..........SUNRISE   634 AM EDT   SUNSET   834 PM EDT
JULY 23 2017..........SUNRISE   635 AM EDT   SUNSET   834 PM EDT


-  INDICATES NEGATIVE NUMBERS.
R  INDICATES RECORD WAS SET OR TIED.
MM INDICATES DATA IS MISSING.
T  INDICATES TRACE AMOUNT.




$$
