000
CDUS42 KCAE 182229
CLIAGS


CLIMATE REPORT
NATIONAL WEATHER SERVICE COLUMBIA SC
529 PM EST THU DEC 18 2014


...................................

...THE AUGUSTA BUSH FIELD GA CLIMATE SUMMARY FOR DECEMBER 18 2014...
VALID TODAY AS OF 0500 PM LOCAL TIME.

CLIMATE NORMAL PERIOD 1981 TO 2010
CLIMATE RECORD PERIOD 1873 TO 2014


WEATHER ITEM   OBSERVED TIME   RECORD YEAR NORMAL DEPARTURE LAST
                VALUE   (LST)  VALUE       VALUE  FROM      YEAR
                                                  NORMAL
..................................................................
TEMPERATURE (F)
 TODAY
  MAXIMUM         62    405 PM  82    2008  59      3       57
  MINIMUM         31    645 AM  17    1953  34     -3       28
  AVERAGE         47                        46      1       43

PRECIPITATION (IN)
  TODAY            0.00          1.75 2009   0.11  -0.11     0.00
  MONTH TO DATE    0.10                      1.90  -1.80     3.11
  SINCE DEC 1      0.10                      1.90  -1.80     3.11
  SINCE JAN 1     34.58                     42.08  -7.50    51.73

SNOWFALL (IN)
  TODAY            0.0           0.2  1989   0.0             0.0
  MONTH TO DATE    0.0                       0.0             0.0
  SINCE DEC 1      0.0                       0.0             0.0
  SINCE JUL 1      0.0                       0.0             0.0

DEGREE DAYS
 HEATING
  TODAY           18                        19     -1       22
  MONTH TO DATE  271                       301    -30      257
  SINCE DEC 1    271                       301    -30      257
  SINCE JUL 1    835                       723    112      716

 COOLING
  TODAY            0                         0      0        0
  MONTH TO DATE    0                         0      0        4
  SINCE DEC 1      0                         0      0        4
  SINCE JAN 1   2099                      2086     13     1869
..................................................................


WIND (MPH)
  HIGHEST WIND SPEED     8   HIGHEST WIND DIRECTION     N (340)
  HIGHEST GUST SPEED     9   HIGHEST GUST DIRECTION     N (340)
  AVERAGE WIND SPEED     1.2


SKY COVER
  AVERAGE SKY COVER 0.0


WEATHER CONDITIONS
 THE FOLLOWING WEATHER WAS RECORDED TODAY.
  FOG


RELATIVE HUMIDITY (PERCENT)
 HIGHEST   100           100 AM
 LOWEST     39           300 PM
 AVERAGE    70

..........................................................


THE AUGUSTA BUSH FIELD GA CLIMATE NORMALS FOR TOMORROW
                         NORMAL    RECORD    YEAR
 MAXIMUM TEMPERATURE (F)   59        82      1967
 MINIMUM TEMPERATURE (F)   34        13      1953


SUNRISE AND SUNSET
DECEMBER 18 2014......SUNRISE   726 AM EST   SUNSET   523 PM EST
DECEMBER 19 2014......SUNRISE   727 AM EST   SUNSET   523 PM EST


-  INDICATES NEGATIVE NUMBERS.
R  INDICATES RECORD WAS SET OR TIED.
MM INDICATES DATA IS MISSING.
T  INDICATES TRACE AMOUNT.




$$
