000
CDUS42 KCAE 240531
CLIAGS


CLIMATE REPORT
NATIONAL WEATHER SERVICE COLUMBIA SC
130 AM EDT FRI OCT 24 2014


...................................

...THE AUGUSTA REGIONAL BUSH FIELD GA CLIMATE SUMMARY FOR OCTOBER 23 2014...

CLIMATE NORMAL PERIOD 1981 TO 2010
CLIMATE RECORD PERIOD 1873 TO 2014


WEATHER ITEM   OBSERVED TIME   RECORD YEAR NORMAL DEPARTURE LAST
                VALUE   (LST)  VALUE       VALUE  FROM      YEAR
                                                  NORMAL
..................................................................
TEMPERATURE (F)
 YESTERDAY
  MAXIMUM         74    244 PM  91    2007  76     -2       73
  MINIMUM         36    703 AM  28    1987  48    -12       46
                                      1974
  AVERAGE         55                        62     -7       60

PRECIPITATION (IN)
  YESTERDAY        0.00          1.91 1983   0.10  -0.10      T
  MONTH TO DATE    0.51                      2.60  -2.09     0.36
  SINCE SEP 1      2.77                      5.82  -3.05     1.48
  SINCE JAN 1     31.19                     36.69  -5.50    46.80

SNOWFALL (IN)
  YESTERDAY        0.0          MM      MM   0.0             0.0
  MONTH TO DATE    0.0                       0.0             0.0
  SINCE SEP 1      0.0                       0.0             0.0
  SINCE JUL 1      0.0                       0.0             0.0

DEGREE DAYS
 HEATING
  YESTERDAY       10                         5      5        5
  MONTH TO DATE   60                        61     -1       14
  SINCE SEP 1     62                        68     -6       14
  SINCE JUL 1     62                        68     -6       14

 COOLING
  YESTERDAY        0                         2     -2        0
  MONTH TO DATE   98                        77     21       87
  SINCE SEP 1    431                       373     58      380
  SINCE JAN 1   2082                      2061     21     1855
..................................................................


WIND (MPH)
  HIGHEST WIND SPEED    12   HIGHEST WIND DIRECTION    NW (330)
  HIGHEST GUST SPEED    17   HIGHEST GUST DIRECTION     W (290)
  AVERAGE WIND SPEED     3.0


SKY COVER
  AVERAGE SKY COVER 0.0


WEATHER CONDITIONS
 THE FOLLOWING WEATHER WAS RECORDED YESTERDAY.
  NO SIGNIFICANT WEATHER WAS OBSERVED.


RELATIVE HUMIDITY (PERCENT)
 HIGHEST   100           700 AM
 LOWEST     27           400 PM
 AVERAGE    64

..........................................................


THE AUGUSTA REGIONAL BUSH FIELD GA CLIMATE NORMALS FOR TODAY
                         NORMAL    RECORD    YEAR
 MAXIMUM TEMPERATURE (F)   75        90      1927
 MINIMUM TEMPERATURE (F)   48        30      1974


SUNRISE AND SUNSET
OCTOBER 24 2014.......SUNRISE   740 AM EDT   SUNSET   644 PM EDT
OCTOBER 25 2014.......SUNRISE   740 AM EDT   SUNSET   643 PM EDT


-  INDICATES NEGATIVE NUMBERS.
R  INDICATES RECORD WAS SET OR TIED.
MM INDICATES DATA IS MISSING.
T  INDICATES TRACE AMOUNT.




$$
