000
CDUS42 KFFC 282034
CLIAHN


CLIMATE REPORT
NATIONAL WEATHER SERVICE PEACHTREE CITY GA
434 PM EDT THU APR 28 2016


...................................

...THE ATHENS CLIMATE SUMMARY FOR APRIL 28 2016...
VALID TODAY AS OF 0400 PM LOCAL TIME.

CLIMATE NORMAL PERIOD 1981 TO 2010
CLIMATE RECORD PERIOD 1898 TO 2016


WEATHER ITEM   OBSERVED TIME   RECORD YEAR NORMAL DEPARTURE LAST
                VALUE   (LST)  VALUE       VALUE  FROM      YEAR
                                                  NORMAL
..................................................................
TEMPERATURE (F)
 TODAY
  MAXIMUM         87    322 PM  92    1915  77     10       73
  MINIMUM         64    437 AM  38    1967  53     11       50
                                      1928
  AVERAGE         76                        65     11       62

PRECIPITATION (IN)
  TODAY            T             2.54 1963   0.10  -0.10     0.00
  MONTH TO DATE    1.98                      2.95  -0.97     7.39
  SINCE MAR 1      3.93                      7.38  -3.45    10.18
  SINCE JAN 1     12.10                     15.91  -3.81    17.15

SNOWFALL (IN)
  TODAY            0.0           0.0  2002   0.0    0.0      0.0
                                      2001
                                      2000
  MONTH TO DATE    0.0                       0.1   -0.1      0.0
  SINCE MAR 1      0.0                       0.9   -0.9      0.0
  SINCE JUL 1      0.1                       3.0   -2.9       T
  SNOW DEPTH       0

DEGREE DAYS
 HEATING
  TODAY            0                         3     -3        3
  MONTH TO DATE  110                       142    -32       55
  SINCE MAR 1    297                       482   -185      308
  SINCE JUL 1   2140                      2737   -597     2814

 COOLING
  TODAY           11                         3      8        0
  MONTH TO DATE   51                        41     10       72
  SINCE MAR 1     88                        51     37       79
  SINCE JAN 1     88                        52     36       79
..................................................................


WIND (MPH)
  HIGHEST WIND SPEED    12   HIGHEST WIND DIRECTION     W (260)
  HIGHEST GUST SPEED    20   HIGHEST GUST DIRECTION     W (260)
  AVERAGE WIND SPEED     4.9


SKY COVER
  AVERAGE SKY COVER 0.6


WEATHER CONDITIONS
 THE FOLLOWING WEATHER WAS RECORDED TODAY.
  NO SIGNIFICANT WEATHER WAS OBSERVED.


RELATIVE HUMIDITY (PERCENT)
 HIGHEST    93           300 AM
 LOWEST     42           300 PM
 AVERAGE    68

..........................................................


THE ATHENS CLIMATE NORMALS FOR TOMORROW
                         NORMAL    RECORD    YEAR
 MAXIMUM TEMPERATURE (F)   77        90      1915
 MINIMUM TEMPERATURE (F)   53        38      1973
                                             1928


SUNRISE AND SUNSET
APRIL 28 2016.........SUNRISE   647 AM EDT   SUNSET   815 PM EDT
APRIL 29 2016.........SUNRISE   646 AM EDT   SUNSET   816 PM EDT


-  INDICATES NEGATIVE NUMBERS.
R  INDICATES RECORD WAS SET OR TIED.
MM INDICATES DATA IS MISSING.
T  INDICATES TRACE AMOUNT.




$$
