000
CDUS42 KFFC 220830
CLIAHN


CLIMATE REPORT
NATIONAL WEATHER SERVICE PEACHTREE CITY GA
429 AM EDT TUE AUG 22 2017


...................................

...THE ATHENS CLIMATE SUMMARY FOR AUGUST 21 2017...

CLIMATE NORMAL PERIOD 1981 TO 2010
CLIMATE RECORD PERIOD 1898 TO 2017


WEATHER ITEM   OBSERVED TIME   RECORD YEAR NORMAL DEPARTURE LAST
                VALUE   (LST)  VALUE       VALUE  FROM      YEAR
                                                  NORMAL
..................................................................
TEMPERATURE (F)
 YESTERDAY
  MAXIMUM         92    353 PM 107    1983  90      2       89
  MINIMUM         71    628 AM  55    1918  69      2       73
  AVERAGE         82                        79      3       81

PRECIPITATION (IN)
  YESTERDAY        0.00          2.88 1901   0.12  -0.12     0.01
  MONTH TO DATE    4.28                      2.49   1.79     9.72
  SINCE JUN 1     15.69                     11.14   4.55    15.41
  SINCE JAN 1     40.80                     30.25  10.55    30.59

DEGREE DAYS
 COOLING
  YESTERDAY       17                        14      3       16
  MONTH TO DATE  306                       315     -9      378
  SINCE JUN 1   1151                      1177    -26     1454
  SINCE JAN 1   1516                      1417     99     1755
..................................................................


WIND (MPH)
  RESULTANT WIND SPEED   1   RESULTANT WIND DIRECTION   E (100)
  HIGHEST WIND SPEED     7   HIGHEST WIND DIRECTION     E (100)
  HIGHEST GUST SPEED    10   HIGHEST GUST DIRECTION     S (160)
  AVERAGE WIND SPEED     1.7


SKY COVER
  POSSIBLE SUNSHINE  MM
  AVERAGE SKY COVER 0.1


WEATHER CONDITIONS
 THE FOLLOWING WEATHER WAS RECORDED YESTERDAY.
  NO SIGNIFICANT WEATHER WAS OBSERVED.


RELATIVE HUMIDITY (PERCENT)
 HIGHEST   100           400 AM
 LOWEST     52           400 PM
 AVERAGE    76

..........................................................


THE ATHENS CLIMATE NORMALS FOR TODAY
                         NORMAL    RECORD    YEAR
 MAXIMUM TEMPERATURE (F)   90       106      2007
                                             1983
 MINIMUM TEMPERATURE (F)   69        54      1918


SUNRISE AND SUNSET
AUGUST 22 2017........SUNRISE   700 AM EDT   SUNSET   811 PM EDT
AUGUST 23 2017........SUNRISE   701 AM EDT   SUNSET   810 PM EDT


-  INDICATES NEGATIVE NUMBERS.
R  INDICATES RECORD WAS SET OR TIED.
MM INDICATES DATA IS MISSING.
T  INDICATES TRACE AMOUNT.




$$
