000
CDUS42 KFFC 300819
CLIAHN


CLIMATE REPORT
NATIONAL WEATHER SERVICE PEACHTREE CITY GA
419 AM EDT TUE JUN 30 2015


...................................

...THE ATHENS CLIMATE SUMMARY FOR JUNE 29 2015...

CLIMATE NORMAL PERIOD 1981 TO 2010
CLIMATE RECORD PERIOD 1898 TO 2015


WEATHER ITEM   OBSERVED TIME   RECORD YEAR NORMAL DEPARTURE LAST
                VALUE   (LST)  VALUE       VALUE  FROM      YEAR
                                                  NORMAL
..................................................................
TEMPERATURE (F)
 YESTERDAY
  MAXIMUM         90    322 PM 109    2012  91     -1       91
  MINIMUM         60    521 AM  58    1970  69     -9       69
                                      1968
  AVERAGE         75                        80     -5       80

PRECIPITATION (IN)
  YESTERDAY        0.00          1.25 1921   0.16  -0.16     0.42
  MONTH TO DATE    2.26                      4.04  -1.78     3.60
  SINCE JUN 1      2.26                      4.04  -1.78     3.60
  SINCE JAN 1     22.66                     23.15  -0.49    23.24

DEGREE DAYS
 COOLING
  YESTERDAY       10                        15     -5       15
  MONTH TO DATE  456                       363     93      406
  SINCE JUN 1    456                       363     93      406
  SINCE JAN 1    781                       603    178      676
..................................................................


WIND (MPH)
  RESULTANT WIND SPEED   0   RESULTANT WIND DIRECTION  SE (140)
  HIGHEST WIND SPEED    13   HIGHEST WIND DIRECTION    NW (300)
  HIGHEST GUST SPEED    17   HIGHEST GUST DIRECTION    NW (300)
  AVERAGE WIND SPEED     3.6


SKY COVER
  POSSIBLE SUNSHINE  MM
  AVERAGE SKY COVER 0.2


WEATHER CONDITIONS
 THE FOLLOWING WEATHER WAS RECORDED YESTERDAY.
  NO SIGNIFICANT WEATHER WAS OBSERVED.


RELATIVE HUMIDITY (PERCENT)
 HIGHEST    90           600 AM
 LOWEST     36           100 PM
 AVERAGE    63

..........................................................


THE ATHENS CLIMATE NORMALS FOR TODAY
                         NORMAL    RECORD    YEAR
 MAXIMUM TEMPERATURE (F)   91       107      2012
 MINIMUM TEMPERATURE (F)   69        52      1923


SUNRISE AND SUNSET
JUNE 30 2015..........SUNRISE   625 AM EDT   SUNSET   848 PM EDT
JULY  1 2015..........SUNRISE   626 AM EDT   SUNSET   848 PM EDT


-  INDICATES NEGATIVE NUMBERS.
R  INDICATES RECORD WAS SET OR TIED.
MM INDICATES DATA IS MISSING.
T  INDICATES TRACE AMOUNT.




$$
