000
CDUS42 KFFC 200921
CLIAHN


CLIMATE REPORT
NATIONAL WEATHER SERVICE PEACHTREE CITY GA
420 AM EST MON FEB 20 2017


...................................

...THE ATHENS CLIMATE SUMMARY FOR FEBRUARY 19 2017...

CLIMATE NORMAL PERIOD 1981 TO 2010
CLIMATE RECORD PERIOD 1898 TO 2017


WEATHER ITEM   OBSERVED TIME   RECORD YEAR NORMAL DEPARTURE LAST
                VALUE   (LST)  VALUE       VALUE  FROM      YEAR
                                                  NORMAL
..................................................................
TEMPERATURE (F)
 YESTERDAY
  MAXIMUM         74    155 PM  79    1939  59     15       65
  MINIMUM         44    707 AM  14    1958  37      7       32
  AVERAGE         59                        48     11       49

PRECIPITATION (IN)
  YESTERDAY        0.00          1.79 1946   0.17  -0.17     0.00
  MONTH TO DATE    1.15                      3.04  -1.89     2.30
  SINCE DEC 1     10.08                     10.82  -0.74    18.35
  SINCE JAN 1      7.66                      7.09   0.57     5.98

SNOWFALL (IN)
  YESTERDAY        0.0           0.0  2002   0.0    0.0      0.0
  MONTH TO DATE    0.0                       0.4   -0.4       T
  SINCE DEC 1      0.0                       1.9   -1.9      0.1
  SINCE JUL 1      0.0                       1.9   -1.9      0.1
  SNOW DEPTH       0

DEGREE DAYS
 HEATING
  YESTERDAY        6                        17    -11       16
  MONTH TO DATE  222                       356   -134      377
  SINCE DEC 1   1183                      1633   -450     1362
  SINCE JUL 1   1469                      2113   -644     1722
..................................................................


WIND (MPH)
  RESULTANT WIND SPEED   3   RESULTANT WIND DIRECTION  NW (300)
  HIGHEST WIND SPEED    14   HIGHEST WIND DIRECTION    NW (310)
  HIGHEST GUST SPEED    19   HIGHEST GUST DIRECTION     W (280)
  AVERAGE WIND SPEED     4.0


SKY COVER
  POSSIBLE SUNSHINE  MM
  AVERAGE SKY COVER 0.1


WEATHER CONDITIONS
 THE FOLLOWING WEATHER WAS RECORDED YESTERDAY.
  FOG


RELATIVE HUMIDITY (PERCENT)
 HIGHEST   100           200 AM
 LOWEST     41           300 PM
 AVERAGE    71

..........................................................


THE ATHENS CLIMATE NORMALS FOR TODAY
                         NORMAL    RECORD    YEAR
 MAXIMUM TEMPERATURE (F)   59        78      1986
 MINIMUM TEMPERATURE (F)   37        14      2015


SUNRISE AND SUNSET
FEBRUARY 20 2017......SUNRISE   712 AM EST   SUNSET   622 PM EST
FEBRUARY 21 2017......SUNRISE   711 AM EST   SUNSET   623 PM EST


-  INDICATES NEGATIVE NUMBERS.
R  INDICATES RECORD WAS SET OR TIED.
MM INDICATES DATA IS MISSING.
T  INDICATES TRACE AMOUNT.




$$
