000
CDUS42 KFFC 210819
CLIAHN


CLIMATE REPORT
NATIONAL WEATHER SERVICE PEACHTREE CITY GA
419 AM EDT THU AUG 21 2014


...................................

...THE ATHENS CLIMATE SUMMARY FOR AUGUST 20 2014...

CLIMATE NORMAL PERIOD 1981 TO 2010
CLIMATE RECORD PERIOD 1898 TO 2014


WEATHER ITEM   OBSERVED TIME   RECORD YEAR NORMAL DEPARTURE LAST
                VALUE   (LST)  VALUE       VALUE  FROM      YEAR
                                                  NORMAL
..................................................................
TEMPERATURE (F)
 YESTERDAY
  MAXIMUM         95    207 PM 107    1925  90      5       82
  MINIMUM         69    535 AM  59    1943  69      0       69
  AVERAGE         82                        80      2       76

PRECIPITATION (IN)
  YESTERDAY        0.00          2.00 1999   0.11  -0.11     0.00
  MONTH TO DATE    1.42                      2.37  -0.95     4.30
  SINCE JUN 1      9.38                     11.02  -1.64    21.70
  SINCE JAN 1     29.02                     30.13  -1.11    44.78

DEGREE DAYS
 COOLING
  YESTERDAY       17                        14      3       11
  MONTH TO DATE  278                       301    -23      244
  SINCE JUN 1   1145                      1163    -18     1014
  SINCE JAN 1   1415                      1403     12     1193
..................................................................


WIND (MPH)
  RESULTANT WIND SPEED   1   RESULTANT WIND DIRECTION  NW (300)
  HIGHEST WIND SPEED    10   HIGHEST WIND DIRECTION    NW (330)
  HIGHEST GUST SPEED    18   HIGHEST GUST DIRECTION     W (260)
  AVERAGE WIND SPEED     3.9


SKY COVER
  POSSIBLE SUNSHINE  MM
  AVERAGE SKY COVER 0.1


WEATHER CONDITIONS
 THE FOLLOWING WEATHER WAS RECORDED YESTERDAY.
  FOG
  HAZE


RELATIVE HUMIDITY (PERCENT)
 HIGHEST    97           600 AM
 LOWEST     46           200 PM
 AVERAGE    72

..........................................................


THE ATHENS CLIMATE NORMALS FOR TODAY
                         NORMAL    RECORD    YEAR
 MAXIMUM TEMPERATURE (F)   90       107      1983
 MINIMUM TEMPERATURE (F)   69        55      1918


SUNRISE AND SUNSET
AUGUST 21 2014........SUNRISE   659 AM EDT   SUNSET   813 PM EDT
AUGUST 22 2014........SUNRISE   700 AM EDT   SUNSET   812 PM EDT


-  INDICATES NEGATIVE NUMBERS.
R  INDICATES RECORD WAS SET OR TIED.
MM INDICATES DATA IS MISSING.
T  INDICATES TRACE AMOUNT.




$$
