000
CDUS42 KFFC 300819
CLIAHN


CLIMATE REPORT
NATIONAL WEATHER SERVICE PEACHTREE CITY GA
418 AM EDT SUN APR 30 2017


...................................

...THE ATHENS CLIMATE SUMMARY FOR APRIL 29 2017...

CLIMATE NORMAL PERIOD 1981 TO 2010
CLIMATE RECORD PERIOD 1898 TO 2017


WEATHER ITEM   OBSERVED TIME   RECORD YEAR NORMAL DEPARTURE LAST
                VALUE   (LST)  VALUE       VALUE  FROM      YEAR
                                                  NORMAL
..................................................................
TEMPERATURE (F)
 YESTERDAY
  MAXIMUM         88    252 PM  90    2016  77     11       90
                                      1915
  MINIMUM         64    526 AM  38    1973  53     11       59
                                      1928
  AVERAGE         76                        65     11       75

PRECIPITATION (IN)
  YESTERDAY        0.00          2.98 1963   0.10  -0.10     0.00
  MONTH TO DATE    6.86                      3.05   3.81     1.98
  SINCE MAR 1     11.17                      7.48   3.69     3.93
  SINCE JAN 1     18.87                     16.01   2.86    12.10

SNOWFALL (IN)
  YESTERDAY        0.0           0.0  2002   0.0    0.0      0.0
                                      2001
                                      2000
  MONTH TO DATE    0.0                       0.1   -0.1      0.0
  SINCE MAR 1      0.0                       0.9   -0.9      0.0
  SINCE JUL 1      0.0                       3.0   -3.0      0.1
  SNOW DEPTH       0

DEGREE DAYS
 HEATING
  YESTERDAY        0                         3     -3        0
  MONTH TO DATE   60                       145    -85      110
  SINCE MAR 1    341                       485   -144      297
  SINCE JUL 1   1865                      2740   -875     2140

 COOLING
  YESTERDAY       11                         3      8       10
  MONTH TO DATE  106                        44     62       61
  SINCE MAR 1    144                        54     90       98
  SINCE JAN 1    153                        55     98       98
..................................................................


WIND (MPH)
  RESULTANT WIND SPEED   3   RESULTANT WIND DIRECTION   E (100)
  HIGHEST WIND SPEED     8   HIGHEST WIND DIRECTION     S (170)
  HIGHEST GUST SPEED    13   HIGHEST GUST DIRECTION     S (180)
  AVERAGE WIND SPEED     3.1


SKY COVER
  POSSIBLE SUNSHINE  MM
  AVERAGE SKY COVER 0.4


WEATHER CONDITIONS
 THE FOLLOWING WEATHER WAS RECORDED YESTERDAY.
  NO SIGNIFICANT WEATHER WAS OBSERVED.


RELATIVE HUMIDITY (PERCENT)
 HIGHEST   100          1200 AM
 LOWEST     59           300 PM
 AVERAGE    80

..........................................................


THE ATHENS CLIMATE NORMALS FOR TODAY
                         NORMAL    RECORD    YEAR
 MAXIMUM TEMPERATURE (F)   78        91      1917
 MINIMUM TEMPERATURE (F)   53        37      2008


SUNRISE AND SUNSET
APRIL 30 2017.........SUNRISE   645 AM EDT   SUNSET   816 PM EDT
MAY  1 2017...........SUNRISE   644 AM EDT   SUNSET   817 PM EDT


-  INDICATES NEGATIVE NUMBERS.
R  INDICATES RECORD WAS SET OR TIED.
MM INDICATES DATA IS MISSING.
T  INDICATES TRACE AMOUNT.




$$
