822
CDUS42 KFFC 162142
CLIAHN


CLIMATE REPORT
NATIONAL WEATHER SERVICE PEACHTREE CITY GA
442 PM EST SAT DEC 16 2017


...................................

...THE ATHENS CLIMATE SUMMARY FOR DECEMBER 16 2017...
VALID TODAY AS OF 0400 PM LOCAL TIME.

CLIMATE NORMAL PERIOD 1981 TO 2010
CLIMATE RECORD PERIOD 1898 TO 2017


WEATHER ITEM   OBSERVED TIME   RECORD YEAR NORMAL DEPARTURE LAST
                VALUE   (LST)  VALUE       VALUE  FROM      YEAR
                                                  NORMAL
..................................................................
TEMPERATURE (F)
 TODAY
  MAXIMUM         54    330 PM  78    1971  55     -1       42
  MINIMUM         25    635 AM  13    1951  35    -10       26
  AVERAGE         40                        45     -5       34

PRECIPITATION (IN)
  TODAY            0.00          1.86 2000   0.11  -0.11     0.00
  MONTH TO DATE    0.95                      1.97  -1.02     1.96
  SINCE DEC 1      0.95                      1.97  -1.02     1.96
  SINCE JAN 1     54.06                     44.57   9.49    36.42

SNOWFALL (IN)
  TODAY            0.0           0.0  2001   0.0    0.0      0.0
  MONTH TO DATE    T                         0.0    0.0      0.0
  SINCE DEC 1      T                         0.0    0.0      0.0
  SINCE JUL 1      T                         0.0    0.0      0.0
  SNOW DEPTH       0

DEGREE DAYS
 HEATING
  TODAY           25                        20      5       31
  MONTH TO DATE  293                       293      0      329
  SINCE DEC 1    293                       293      0      329
  SINCE JUL 1    751                       773    -22      615

 COOLING
  TODAY            0                         0      0        0
  MONTH TO DATE    0                         0      0        0
  SINCE DEC 1      0                         0      0        0
  SINCE JAN 1   2019                      1886    133     2444
..................................................................


WIND (MPH)
  HIGHEST WIND SPEED     7   HIGHEST WIND DIRECTION    NW (310)
  HIGHEST GUST SPEED    10   HIGHEST GUST DIRECTION     W (290)
  AVERAGE WIND SPEED     3.1


SKY COVER
  AVERAGE SKY COVER 0.0


WEATHER CONDITIONS
 THE FOLLOWING WEATHER WAS RECORDED TODAY.
  NO SIGNIFICANT WEATHER WAS OBSERVED.


RELATIVE HUMIDITY (PERCENT)
 HIGHEST    84           600 AM
 LOWEST     29           300 PM
 AVERAGE    57

..........................................................


THE ATHENS CLIMATE NORMALS FOR TOMORROW
                         NORMAL    RECORD    YEAR
 MAXIMUM TEMPERATURE (F)   55        77      1933
                                             1924
 MINIMUM TEMPERATURE (F)   35        14      1943


SUNRISE AND SUNSET
DECEMBER 16 2017......SUNRISE   732 AM EST   SUNSET   526 PM EST
DECEMBER 17 2017......SUNRISE   733 AM EST   SUNSET   527 PM EST


-  INDICATES NEGATIVE NUMBERS.
R  INDICATES RECORD WAS SET OR TIED.
MM INDICATES DATA IS MISSING.
T  INDICATES TRACE AMOUNT.




$$
