000
CDUS42 KFFC 080022
CLIAHN


CLIMATE REPORT
NATIONAL WEATHER SERVICE PEACHTREE CITY GA
722 PM EST WED DEC 7 2016


...................................

...THE ATHENS CLIMATE SUMMARY FOR DECEMBER 7 2016...
VALID AS OF 0700 PM LOCAL TIME.

CLIMATE NORMAL PERIOD 1981 TO 2010
CLIMATE RECORD PERIOD 1898 TO 2016


WEATHER ITEM   OBSERVED TIME   RECORD YEAR NORMAL DEPARTURE LAST
                VALUE   (LST)  VALUE       VALUE  FROM      YEAR
                                                  NORMAL
..................................................................
TEMPERATURE (F)
 TODAY
  MAXIMUM         53    454 PM  75    1980  58     -5       68
  MINIMUM         40    726 AM  11    1937  37      3       36
  AVERAGE         47                        47      0       52

PRECIPITATION (IN)
  TODAY            0.00          2.10 1950   0.12  -0.12     0.00
  MONTH TO DATE    1.87                      0.88   0.99     0.06
  SINCE DEC 1      1.87                      0.88   0.99     0.06
  SINCE JAN 1     36.33                     43.48  -7.15    52.86

SNOWFALL (IN)
  TODAY            0.0           0.0  2001   0.0    0.0      0.0
  MONTH TO DATE    0.0                       0.0    0.0      0.0
  SINCE DEC 1      0.0                       0.0    0.0      0.0
  SINCE JUL 1      0.0                       0.0    0.0      0.0
  SNOW DEPTH       0

DEGREE DAYS
 HEATING
  TODAY           18                        18      0       13
  MONTH TO DATE  116                       120     -4      104
  SINCE DEC 1    116                       120     -4      104
  SINCE JUL 1    402                       600   -198      464

 COOLING
  TODAY            0                         0      0        0
  MONTH TO DATE    0                         0      0        0
  SINCE DEC 1      0                         0      0        0
  SINCE JAN 1   2444                      1886    558     2094
..................................................................


WIND (MPH)
  HIGHEST WIND SPEED     7   HIGHEST WIND DIRECTION    NE (50)
  HIGHEST GUST SPEED    11   HIGHEST GUST DIRECTION     W (270)
  AVERAGE WIND SPEED     2.2


SKY COVER
  AVERAGE SKY COVER 0.5


WEATHER CONDITIONS
 THE FOLLOWING WEATHER WAS RECORDED TODAY.
  FOG
  FOG W/VISIBILITY <= 1/4 MILE


RELATIVE HUMIDITY (PERCENT)
 HIGHEST   100          1200 AM
 LOWEST     83           500 PM

..........................................................


THE ATHENS CLIMATE NORMALS FOR TOMORROW
                         NORMAL    RECORD    YEAR
 MAXIMUM TEMPERATURE (F)   57        78      1943
 MINIMUM TEMPERATURE (F)   36        16      2010


SUNRISE AND SUNSET
DECEMBER  7 2016......SUNRISE   726 AM EST   SUNSET   524 PM EST
DECEMBER  8 2016......SUNRISE   726 AM EST   SUNSET   524 PM EST


-  INDICATES NEGATIVE NUMBERS.
R  INDICATES RECORD WAS SET OR TIED.
MM INDICATES DATA IS MISSING.
T  INDICATES TRACE AMOUNT.




$$
