000
CDUS42 KFFC 301245
CLIAHN


CLIMATE REPORT
NATIONAL WEATHER SERVICE PEACHTREE CITY GA
845 AM EDT FRI SEP 30 2016


...................................

...THE ATHENS CLIMATE SUMMARY FOR SEPTEMBER 29 2016...

CLIMATE NORMAL PERIOD 1981 TO 2010
CLIMATE RECORD PERIOD 1898 TO 2016


WEATHER ITEM   OBSERVED TIME   RECORD YEAR NORMAL DEPARTURE LAST
                VALUE   (LST)  VALUE       VALUE  FROM      YEAR
                                                  NORMAL
..................................................................
TEMPERATURE (F)
 YESTERDAY
  MAXIMUM         85    230 PM  95    1933  80      5       80
  MINIMUM         56    649 AM  42    1967  58     -2       70
  AVERAGE         71                        69      2       75

PRECIPITATION (IN)
  YESTERDAY        0.00          3.87 1890   0.15  -0.15     0.32
  MONTH TO DATE    1.22                      3.78  -2.56     3.27
  SINCE SEP 1      1.22                      3.78  -2.56     3.27
  SINCE JAN 1     32.19                     35.07  -2.88    38.29

DEGREE DAYS
 HEATING
  YESTERDAY        0                         1     -1        0
  MONTH TO DATE    0                         7     -7        2
  SINCE SEP 1      0                         7     -7        2
  SINCE JUL 1      0                         7     -7        2

 COOLING
  YESTERDAY        6                         5      1       10
  MONTH TO DATE  386                       255    131      247
  SINCE SEP 1    386                       255    131      247
  SINCE JAN 1   2300                      1810    490     2044
..................................................................


WIND (MPH)
  RESULTANT WIND SPEED   3   RESULTANT WIND DIRECTION   W (280)
  HIGHEST WIND SPEED    14   HIGHEST WIND DIRECTION    NW (300)
  HIGHEST GUST SPEED    21   HIGHEST GUST DIRECTION    NW (300)
  AVERAGE WIND SPEED     4.6


SKY COVER
  POSSIBLE SUNSHINE  MM
  AVERAGE SKY COVER 0.0


WEATHER CONDITIONS
 THE FOLLOWING WEATHER WAS RECORDED YESTERDAY.
  NO SIGNIFICANT WEATHER WAS OBSERVED.


RELATIVE HUMIDITY (PERCENT)
 HIGHEST    86           600 AM
 LOWEST     32           500 PM
 AVERAGE    59

..........................................................


THE ATHENS CLIMATE NORMALS FOR TODAY
                         NORMAL    RECORD    YEAR
 MAXIMUM TEMPERATURE (F)   79        96      1933
                                             1911
 MINIMUM TEMPERATURE (F)   57        36      1967


SUNRISE AND SUNSET
SEPTEMBER 30 2016.....SUNRISE   727 AM EDT   SUNSET   718 PM EDT
OCTOBER  1 2016.......SUNRISE   728 AM EDT   SUNSET   717 PM EDT


-  INDICATES NEGATIVE NUMBERS.
R  INDICATES RECORD WAS SET OR TIED.
MM INDICATES DATA IS MISSING.
T  INDICATES TRACE AMOUNT.




$$
