000
CDUS42 KFFC 290028
CLIAHN


CLIMATE REPORT
NATIONAL WEATHER SERVICE PEACHTREE CITY GA
828 PM EDT THU JUL 28 2016


...................................

...THE ATHENS CLIMATE SUMMARY FOR JULY 28 2016...
VALID AS OF 0800 PM LOCAL TIME.

CLIMATE NORMAL PERIOD 1981 TO 2010
CLIMATE RECORD PERIOD 1898 TO 2016


WEATHER ITEM   OBSERVED TIME   RECORD YEAR NORMAL DEPARTURE LAST
                VALUE   (LST)  VALUE       VALUE  FROM      YEAR
                                                  NORMAL
..................................................................
TEMPERATURE (F)
 TODAY
  MAXIMUM         94    432 PM 103    1952  91      3       98
  MINIMUM         73    550 AM  59    1911  70      3       74
  AVERAGE         84                        81      3       86

PRECIPITATION (IN)
  TODAY            0.01          3.85 1926   0.14  -0.13     0.00
  MONTH TO DATE    0.36                      4.05  -3.69     5.08
  SINCE JUN 1      4.45                      8.23  -3.78     7.84
  SINCE JAN 1     19.63                     27.34  -7.71    28.24

SNOWFALL (IN)
  TODAY            0.0           0.0  2002   0.0    0.0      0.0
                                      2001
  MONTH TO DATE    0.0                       0.0    0.0      0.0
  SINCE JUN 1      0.0                       0.0    0.0      0.0
  SINCE JUL 1      0.0                       0.0    0.0      0.0
  SNOW DEPTH       0

DEGREE DAYS
 HEATING
  TODAY            0                         0      0        0
  MONTH TO DATE    0                         0      0        0
  SINCE JUN 1      0                         1     -1        0
  SINCE JUL 1      0                         0      0        0

 COOLING
  TODAY           19                        16      3       21
  MONTH TO DATE  535                       441     94      473
  SINCE JUN 1   1015                       819    196      943
  SINCE JAN 1   1316                      1059    257     1268
..................................................................


WIND (MPH)
  HIGHEST WIND SPEED    22   HIGHEST WIND DIRECTION     W (280)
  HIGHEST GUST SPEED    33   HIGHEST GUST DIRECTION     W (270)
  AVERAGE WIND SPEED     6.3


SKY COVER
  AVERAGE SKY COVER 0.3


WEATHER CONDITIONS
 THE FOLLOWING WEATHER WAS RECORDED TODAY.
  THUNDERSTORM
  FOG


RELATIVE HUMIDITY (PERCENT)
 HIGHEST    87           500 AM
 LOWEST     49           200 PM

..........................................................


THE ATHENS CLIMATE NORMALS FOR TOMORROW
                         NORMAL    RECORD    YEAR
 MAXIMUM TEMPERATURE (F)   91       103      1952
 MINIMUM TEMPERATURE (F)   70        60      1911


SUNRISE AND SUNSET
JULY 28 2016..........SUNRISE   642 AM EDT   SUNSET   837 PM EDT
JULY 29 2016..........SUNRISE   643 AM EDT   SUNSET   836 PM EDT


-  INDICATES NEGATIVE NUMBERS.
R  INDICATES RECORD WAS SET OR TIED.
MM INDICATES DATA IS MISSING.
T  INDICATES TRACE AMOUNT.




$$
