000
CDUS42 KFFC 280921
CLIAHN


CLIMATE REPORT
NATIONAL WEATHER SERVICE PEACHTREE CITY GA
421 AM EST FRI NOV 28 2014


...................................

...THE ATHENS CLIMATE SUMMARY FOR NOVEMBER 27 2014...

CLIMATE NORMAL PERIOD 1981 TO 2010
CLIMATE RECORD PERIOD 1898 TO 2014


WEATHER ITEM   OBSERVED TIME   RECORD YEAR NORMAL DEPARTURE LAST
                VALUE   (LST)  VALUE       VALUE  FROM      YEAR
                                                  NORMAL
..................................................................
TEMPERATURE (F)
 YESTERDAY
  MAXIMUM         50    159 PM  79    1973  61    -11       48
  MINIMUM         34   1137 PM  19    1903  39     -5       28
  AVERAGE         42                        50     -8       38

PRECIPITATION (IN)
  YESTERDAY        0.00          4.05 1948   0.13  -0.13     0.23
  MONTH TO DATE    3.04                      3.41  -0.37     2.42
  SINCE SEP 1     11.27                     10.90   0.37     6.11
  SINCE JAN 1     40.76                     42.19  -1.43    52.27

SNOWFALL (IN)
  YESTERDAY        0.0           0.0  2001   0.0    0.0      0.0
  MONTH TO DATE    0.0                       0.0    0.0      0.0
  SINCE SEP 1      0.0                       0.0    0.0      0.0
  SINCE JUL 1      0.0                       0.0    0.0      0.0
  SNOW DEPTH       0

DEGREE DAYS
 HEATING
  YESTERDAY       23                        15      8       27
  MONTH TO DATE  444                       298    146      376
  SINCE SEP 1    553                       433    120      485
  SINCE JUL 1    553                       433    120      488
..................................................................


WIND (MPH)
  RESULTANT WIND SPEED   8   RESULTANT WIND DIRECTION   W (290)
  HIGHEST WIND SPEED    20   HIGHEST WIND DIRECTION    NW (300)
  HIGHEST GUST SPEED    29   HIGHEST GUST DIRECTION     W (290)
  AVERAGE WIND SPEED     9.7


SKY COVER
  POSSIBLE SUNSHINE  MM
  AVERAGE SKY COVER 0.2


WEATHER CONDITIONS
 THE FOLLOWING WEATHER WAS RECORDED YESTERDAY.
  NO SIGNIFICANT WEATHER WAS OBSERVED.


RELATIVE HUMIDITY (PERCENT)
 HIGHEST    70          1200 AM
 LOWEST     39           100 PM
 AVERAGE    55

..........................................................


THE ATHENS CLIMATE NORMALS FOR TODAY
                         NORMAL    RECORD    YEAR
 MAXIMUM TEMPERATURE (F)   61        80      1990
 MINIMUM TEMPERATURE (F)   39        18      1938


SUNRISE AND SUNSET
NOVEMBER 28 2014......SUNRISE   718 AM EST   SUNSET   525 PM EST
NOVEMBER 29 2014......SUNRISE   719 AM EST   SUNSET   524 PM EST


-  INDICATES NEGATIVE NUMBERS.
R  INDICATES RECORD WAS SET OR TIED.
MM INDICATES DATA IS MISSING.
T  INDICATES TRACE AMOUNT.




$$
