000
CDUS45 KCYS 240734
CLIAIA


CLIMATE REPORT
NATIONAL WEATHER SERVICE CHEYENNE WY
130 AM MDT TUE MAY 24 2016


...................................

...THE ALLIANCE NE AIRPORT CLIMATE SUMMARY FOR MAY 23 2016...

CLIMATE NORMAL PERIOD 1981 TO 2010
CLIMATE RECORD PERIOD 1896 TO 2016


WEATHER ITEM   OBSERVED TIME   RECORD YEAR NORMAL DEPARTURE LAST
                VALUE   (LST)  VALUE       VALUE  FROM      YEAR
                                                  NORMAL
..................................................................
TEMPERATURE (F)
 YESTERDAY
  MAXIMUM         74    215 PM  94    1926  73      1       57
  MINIMUM         36   1159 PM  32    1930  42     -6       46
  AVERAGE         55                        57     -2       52

PRECIPITATION (IN)
  YESTERDAY        0.06          2.30 1965   0.09  -0.03     0.29
  MONTH TO DATE    1.05                      1.79  -0.74     5.57
  SINCE JAN 1      6.71                      4.65   2.06     9.00

DEGREE DAYS
 HEATING
  YESTERDAY       10                         8      2       13
  MONTH TO DATE  333                       271     62      343
  SINCE MAR 1   1714                      1756    -42     1611
  SINCE JUL 1   6789                      7160   -371     6838

 COOLING
  YESTERDAY        0                         0      0        0
  MONTH TO DATE    0                         0      0        0
  SINCE MAR 1      0                         0      0        0
  SINCE JAN 1      0                         0      0        0
..................................................................


WIND (MPH)
  HIGHEST WIND SPEED    32   HIGHEST WIND DIRECTION     W (270)
  HIGHEST GUST SPEED    38   HIGHEST GUST DIRECTION     W (270)
  AVERAGE WIND SPEED    10.9


SKY COVER
  AVERAGE SKY COVER 0.3


WEATHER CONDITIONS
 THE FOLLOWING WEATHER WAS RECORDED YESTERDAY.
  LIGHT RAIN


RELATIVE HUMIDITY (PERCENT)
 HIGHEST   100          1000 PM
 LOWEST     22          1100 AM
 AVERAGE    61

..........................................................


THE ALLIANCE NE AIRPORT CLIMATE NORMALS FOR TODAY
                         NORMAL    RECORD    YEAR
 MAXIMUM TEMPERATURE (F)   73        93      1989
 MINIMUM TEMPERATURE (F)   42        23      2001


SUNRISE AND SUNSET
MAY 24 2016...........SUNRISE   522 AM MDT   SUNSET   814 PM MDT
MAY 25 2016...........SUNRISE   522 AM MDT   SUNSET   815 PM MDT


-  INDICATES NEGATIVE NUMBERS.
R  INDICATES RECORD WAS SET OR TIED.
MM INDICATES DATA IS MISSING.
T  INDICATES TRACE AMOUNT.




$$
