000
CDAK48 PAFC 171244
CLIAKN


CLIMATE REPORT
NATIONAL WEATHER SERVICE ANCHORAGE, AK
344 AM AKST FRI NOV 17 2017


...................................

...THE KING SALMON CLIMATE SUMMARY FOR NOVEMBER 16 2017...

CLIMATE NORMAL PERIOD 1981 TO 2010
CLIMATE RECORD PERIOD 1917 TO 2017


WEATHER ITEM   OBSERVED TIME   RECORD YEAR NORMAL DEPARTURE LAST
                VALUE   (LST)  VALUE       VALUE  FROM      YEAR
                                                  NORMAL
..................................................................
TEMPERATURE (F)
 YESTERDAY
  MAXIMUM         38    422 PM  50    2014  30      8       21
  MINIMUM         15    943 AM -25    1977  15      0        3
                                      1956
  AVERAGE         27                        22      5       12

PRECIPITATION (IN)
  YESTERDAY        T             0.91 1972   0.05  -0.05     0.00
  MONTH TO DATE    0.17                      0.77  -0.60     0.58
  SINCE SEP 1      7.48                      6.04   1.44     6.53
  SINCE JAN 1     18.17                     17.64   0.53    24.50

SNOWFALL (IN)
  YESTERDAY        T             5.0  1979   0.2   -0.2      0.0
  MONTH TO DATE    0.6                       3.0   -2.4      0.8
  SINCE SEP 1      3.2                       5.9   -2.7      0.8
  SINCE JUL 1      3.2                       5.9   -2.7      0.8
  SNOW DEPTH       T

DEGREE DAYS
 HEATING
  YESTERDAY       38                        43     -5       53
  MONTH TO DATE  578                       650    -72      537
  SINCE SEP 1   1874                      2148   -274     1691
  SINCE JUL 1   2371                      2764   -393     2008

 COOLING
  YESTERDAY        0                         0      0        0
  MONTH TO DATE    0                         0      0        0
  SINCE SEP 1      0                         0      0        0
  SINCE JAN 1      1                         1      0        0
..................................................................


WIND (MPH)
  RESULTANT WIND SPEED   3   RESULTANT WIND DIRECTION  SW (240)
  HIGHEST WIND SPEED    28   HIGHEST WIND DIRECTION     W (270)
  HIGHEST GUST SPEED    36   HIGHEST GUST DIRECTION     W (280)
  AVERAGE WIND SPEED     8.3



WEATHER CONDITIONS
 THE FOLLOWING WEATHER WAS RECORDED YESTERDAY.
  LIGHT RAIN
  FOG
  FOG W/VISIBILITY <= 1/4 MILE


RELATIVE HUMIDITY (PERCENT)
 HIGHEST   100
 LOWEST     89
 AVERAGE    95

..........................................................


THE KING SALMON CLIMATE NORMALS FOR TODAY
                         NORMAL    RECORD    YEAR
 MAXIMUM TEMPERATURE (F)   30        48      2014
 MINIMUM TEMPERATURE (F)   15       -20      2009


SUNRISE AND SUNSET
NOVEMBER 17 2017......SUNRISE   923 AM AKST  SUNSET   500 PM AKST
NOVEMBER 18 2017......SUNRISE   925 AM AKST  SUNSET   458 PM AKST


-  INDICATES NEGATIVE NUMBERS.
R  INDICATES RECORD WAS SET OR TIED.
MM INDICATES DATA IS MISSING.
T  INDICATES TRACE AMOUNT.




$$
