426
CDAK48 PAKN 050000
CLIAKN

CLIMATE REPORT
NATIONAL WEATHER SERVICE KING SALMON, AK
400 PM AKDT WED MAY 4 2016

...................................
...THE KING SALMON AP CLIMATE SUMMARY FOR MAY 4 2016...
VALID TODAY AS OF 2:00 PM LOCAL TIME

CLIMATE NORMAL PERIOD  1981 TO  2016
CLIMATE RECORD PERIOD  1917 TO  2016

WEATHER ITEM   OBSERVED TIME    RECORD YEAR NORMAL DEPARTURE LAST
               VALUE    (LST)   VALUE       VALUE  FROM      YEAR
                                                   NORMAL
...................................................................
TEMPERATURE
TODAY
 MAXIMUM            54  0201 PM    63  1961     50       4     51
 MINIMUM            35  0652 AM     4  1945     32       3     34
 AVERAGE            45                          41       4     43

PRECIPITATION
(INCHES)
 TODAY            0.00           0.58  1919   0.03   -0.03   0.06
 MONTH TO DATE    0.67                        0.13    0.54   0.76
 SINCE MAR 1      3.47                        1.80    1.67   3.89
 SINCE JAN 1      4.91                        3.58    1.33   4.68

SNOWFALL
(INCHES)
 TODAY             0.0            1.8  2012    0.1    -0.1    0.0
 MONTH TO DATE     0.0                         0.2    -0.2    0.0
 SINCE MAR 1       4.2                        10.5    -6.3   12.4
 SINCE JUL 1      38.8                        46.0    -7.2   26.1
 SNOW DEPTH (IN)     0                                          0

DEGREE DAYS
 HEATING
  TODAY             20                          24      -4     22
  MONTH TO DATE     79                          99     -20     89
  SINCE MAR 1     1711                        2304    -593   2014
  SINCE JUL 1     7645                        9922   -2277   8212

 COOLING
  TODAY              0                           0       0      0
  MONTH TO DATE      0                           0       0      0
  SINCE MAR 1        0                           0       0      0
  SINCE JAN 1        0                           0       0      0
...................................................................

WIND (MPH)
 HIGHEST WIND SPEED    15     HIGHEST WIND DIRECTION    170
 HIGHEST GUST SPEED    20     HIGHEST GUST DIRECTION    170
 AVERAGE WIND SPEED    MM

SKY COVER
  POSSIBLE SUNSHINE  MM            AVERAGE SKY COVER MM

WEATHER CONDITIONS
 THE FOLLOWING WEATHER WAS RECORDED TODAY.
 NONE.

RELATIVE HUMIDITY
 HIGHEST RH     MM PERCENT       MM
 LOWEST  RH     MM PERCENT       MM
 AVERAGE RH     MM PERCENT       MM
...................................................................

THE KING SALMON CLIMATE NORMALS FOR TOMORROW
                        NORMAL    RECORD   YEAR
 MAXIMUM TEMPERATURE      50        68     2004
 MINIMUM TEMPERATURE      32        14     1992

SUNRISE AND SUNSET
 MAY 4 2016..........SUNRISE  6:22 AM      SUNSET 10:27 PM
 MAY 5 2016..........SUNRISE  6:20 AM      SUNSET 10:29 PM

-  INDICATES NEGATIVE NUMBERS.
R  INDICATES RECORD HAS BEEN SET OR TIED.
MM INDICATES DATA IS MISSING.
T  INDICATES TRACE OF PRECIPITATION.

&&
-------------------------------------------------------------------

AMOUNT OF DAYLIGHT TODAY  (HOUR:MIN)........16 HOURS 5 MINUTES
GAIN SINCE YESTERDAY (HOUR:MIN:SEC).........+0:04:45

$$

DT MAY 16
