000
CDAK48 PAKN 300915
CLIAKN

CLIMATE REPORT
NATIONAL WEATHER SERVICE KING SALMON, AK
115 AM AKDT SAT AUG 30 2014

...................................
...THE KING SALMON AP CLIMATE SUMMARY FOR AUGUST 29 2014...

CLIMATE NORMAL PERIOD  1981 TO  2010
CLIMATE RECORD PERIOD  1949 TO  2014

WEATHER ITEM   OBSERVED TIME    RECORD YEAR NORMAL DEPARTURE LAST
               VALUE    (LST)   VALUE       VALUE  FROM      YEAR
                                                   NORMAL
...................................................................
TEMPERATURE
YESTERDAY
 MAXIMUM            63  0347 PM    74  1987     61       2     64
 MINIMUM            39  1159 PM    29  1994     45      -6     49
 AVERAGE            51                          53      -2     57

PRECIPITATION
(INCHES)
 YESTERDAY        0.01           0.96  1934   0.10   -0.09      T
 MONTH TO DATE    3.51                        2.75    0.76   5.29
 SINCE JUN 1      9.14                        6.70    2.44   7.64
 SINCE JAN 1     14.27                       11.40    2.87  14.00

SNOWFALL
(INCHES)
 YESTERDAY         0.0            0.0  2014    0.0     0.0    0.0
 MONTH TO DATE     0.0                         0.0     0.0    0.0
 SINCE JUN 1       0.0                         0.0     0.0    0.0
 SINCE JUL 1       0.0                         0.0     0.0    0.0
 SNOW DEPTH (IN)     0                                          0

DEGREE DAYS
 HEATING
  YESTERDAY         14                          12       2      8
  MONTH TO DATE    200                         298     -98    258
  SINCE JUN 1      869                         995    -126    762
  SINCE JUL 1      438                         588    -150    480

 COOLING
  YESTERDAY          0                           0       0      0
  MONTH TO DATE      0                           0       0      0
  SINCE JUN 1        0                           0       0      4
  SINCE JAN 1        0                           0       0      4
...................................................................

WIND (MPH)
 HIGHEST WIND SPEED    14     HIGHEST WIND DIRECTION    330
 HIGHEST GUST SPEED    17     HIGHEST GUST DIRECTION    330
 AVERAGE WIND SPEED   5.5

SKY COVER
  POSSIBLE SUNSHINE    MM          AVERAGE SKY COVER     MM

WEATHER CONDITIONS
 THE FOLLOWING WEATHER WAS RECORDED YESTERDAY.
  FOG
RAIN


RELATIVE HUMIDITY
 HIGHEST RH     MM PERCENT       MM
 LOWEST  RH     MM PERCENT       MM
 AVERAGE RH     MM PERCENT       MM
...................................................................

THE KING SALMON CLIMATE NORMALS FOR TODAY
                           NORMAL    RECORD   YEAR
 MAXIMUM TEMPERATURE (F)     61        67     2007
 MINIMUM TEMPERATURE (F)     45        31     1984

SUNRISE AND SUNSET
 AUG 30 2014..........SUNRISE  7:21 AM      SUNSET  9:32 PM
 AUG 31 2014..........SUNRISE  7:24 AM      SUNSET  9:29 PM

-  INDICATES NEGATIVE NUMBERS.
R  INDICATES RECORD HAS BEEN SET OR TIED.
MM INDICATES DATA IS MISSING.
T  INDICATES TRACE OF PRECIPITATION.

&&
-------------------------------------------------------------------

AMOUNT OF DAYLIGHT TODAY  (HOUR:MIN)........14 HOURS 11 MINUTES
GAIN/LOSS SINCE YESTERDAY (HOUR:MIN:SEC)....-0:05:03

$$
DJH AUG 14
