000
CDAK48 PAKN 261023
CLIAKN

CLIMATE REPORT
NATIONAL WEATHER SERVICE KING SALMON, AK
123 AM AKST THU FEB 26 2015

...................................
...THE KING SALMON AP CLIMATE SUMMARY FOR FEBRUARY 25 2015...

CLIMATE NORMAL PERIOD  1981 TO  2010
CLIMATE RECORD PERIOD  1917 TO  2015

WEATHER ITEM   OBSERVED TIME    RECORD YEAR NORMAL DEPARTURE LAST
               VALUE    (LST)   VALUE       VALUE  FROM      YEAR
                                                   NORMAL
...................................................................
TEMPERATURE
YESTERDAY
 MAXIMUM            43  0348 PM    46  1997     29      14     41
 MINIMUM            23  1159 PM   -35  1954     12      11     30
 AVERAGE            33                          21      12     36

PRECIPITATION
(INCHES)
 YESTERDAY        0.00           0.32  1955   0.03   -0.03   0.00
 MONTH TO DATE    0.23                        0.69   -0.46   0.06
 SINCE DEC 1      2.71                        2.94   -0.23   2.94
 SINCE JAN 1      0.75                        1.71   -0.96   1.81

SNOWFALL
(INCHES)
 YESTERDAY         0.0            4.0  1938    0.3    -0.3    0.0
 MONTH TO DATE       T                         5.4    -5.4    1.3
 SINCE DEC 1       8.2                        25.1   -16.9   15.1
 SINCE JUL 1      11.7                        34.9   -23.2   26.7
 SNOW DEPTH (IN)     0                                          0

DEGREE DAYS
 HEATING
  YESTERDAY         32                          44     -12     29
  MONTH TO DATE    959                        1160    -201   1111
  SINCE DEC 1     3342                        4111    -769   3378
  SINCE JUL 1     6093                        7486   -1393   6284

 COOLING
  YESTERDAY          0                           0       0      0
  MONTH TO DATE      0                           0       0      0
  SINCE DEC 1        0                           0       0      0
  SINCE JAN 1        0                           0       0      0
...................................................................

WIND (MPH)
 HIGHEST WIND SPEED    15     HIGHEST WIND DIRECTION    350
 HIGHEST GUST SPEED    19     HIGHEST GUST DIRECTION     10
 AVERAGE WIND SPEED   9.9

SKY COVER
  POSSIBLE SUNSHINE    MM          AVERAGE SKY COVER     MM

WEATHER CONDITIONS
 THE FOLLOWING WEATHER WAS RECORDED YESTERDAY.
  NO SIGNIFICANT WEATHER WAS OBSERVED.

RELATIVE HUMIDITY
 HIGHEST RH     MM PERCENT       MM
 LOWEST  RH     MM PERCENT       MM
 AVERAGE RH     MM PERCENT       MM
...................................................................

THE KING SALMON CLIMATE NORMALS FOR TODAY
                           NORMAL    RECORD   YEAR
 MAXIMUM TEMPERATURE (F)     29        48     1991
 MINIMUM TEMPERATURE (F)     13       -36     1954

SUNRISE AND SUNSET
 FEB 26 2015..........SUNRISE  8:31 AM      SUNSET  6:50 PM
 FEB 27 2015..........SUNRISE  8:28 AM      SUNSET  6:52 PM

-  INDICATES NEGATIVE NUMBERS.
R  INDICATES RECORD HAS BEEN SET OR TIED.
MM INDICATES DATA IS MISSING.
T  INDICATES TRACE OF PRECIPITATION.

&&
-------------------------------------------------------------------

AMOUNT OF DAYLIGHT TODAY  (HOUR:MIN)........10 HOURS 19 MINUTES
GAIN/LOSS SINCE YESTERDAY (HOUR:MIN:SEC)....+0:05:08

$$
FS FEB 15
