000
CDAK48 PAKN 291111
CLIAKN

CLIMATE REPORT
NATIONAL WEATHER SERVICE KING SALMON, AK
311 AM AKDT SAT AUG 29 2015

...................................
...THE KING SALMON AP CLIMATE SUMMARY FOR AUGUST 28 2015...

CLIMATE NORMAL PERIOD  1981 TO  2010
CLIMATE RECORD PERIOD  1949 TO  2015

WEATHER ITEM   OBSERVED TIME    RECORD YEAR NORMAL DEPARTURE LAST
               VALUE    (LST)   VALUE       VALUE  FROM      YEAR
                                                   NORMAL
...................................................................
TEMPERATURE
YESTERDAY
 MAXIMUM            58  0439 PM    78  1962     61      -3     64
 MINIMUM            35  0647 AM    31  1960     45     -10     48
 AVERAGE            47                          53      -6     56

PRECIPITATION
(INCHES)
 YESTERDAY        0.02           1.45  1949   0.10   -0.08   0.01
 MONTH TO DATE    1.44                        2.65   -1.21   3.50
 SINCE JUN 1      5.39                        6.60   -1.21   9.13
 SINCE JAN 1     12.63                       11.30    1.33  14.26

SNOWFALL
(INCHES)
 YESTERDAY         0.0            0.0  2015    0.0     0.0    0.0
 MONTH TO DATE     0.0                         0.0     0.0    0.0
 SINCE JUN 1       0.0                         0.0     0.0    0.0
 SINCE JUL 1       0.0                         0.0     0.0    0.0
 SNOW DEPTH (IN)     0                                          0

DEGREE DAYS
 HEATING
  YESTERDAY         18                          12       6      9
  MONTH TO DATE    239                         286     -47    186
  SINCE JUN 1      718                         983    -265    855
  SINCE JUL 1      469                         576    -107    424

 COOLING
  YESTERDAY          0                           0       0      0
  MONTH TO DATE      0                           0       0      0
  SINCE JUN 1        2                           0       2      0
  SINCE JAN 1        2                           0       2      0
...................................................................

WIND (MPH)
 HIGHEST WIND SPEED    18     HIGHEST WIND DIRECTION    340
 HIGHEST GUST SPEED    24     HIGHEST GUST DIRECTION    340
 AVERAGE WIND SPEED   8.2

SKY COVER
  POSSIBLE SUNSHINE    MM          AVERAGE SKY COVER     MM

WEATHER CONDITIONS
 THE FOLLOWING WEATHER WAS RECORDED YESTERDAY.
  RAIN


RELATIVE HUMIDITY
 HIGHEST RH     MM PERCENT       MM
 LOWEST  RH     MM PERCENT       MM
 AVERAGE RH     MM PERCENT       MM
...................................................................

THE KING SALMON CLIMATE NORMALS FOR TODAY
                           NORMAL    RECORD   YEAR
 MAXIMUM TEMPERATURE (F)     61        74     1987
 MINIMUM TEMPERATURE (F)     45        29     1994

SUNRISE AND SUNSET
 AUG 29 2015..........SUNRISE  7:19 AM      SUNSET  9:36 PM
 AUG 30 2015..........SUNRISE  7:21 AM      SUNSET  9:33 PM

-  INDICATES NEGATIVE NUMBERS.
R  INDICATES RECORD HAS BEEN SET OR TIED.
MM INDICATES DATA IS MISSING.
T  INDICATES TRACE OF PRECIPITATION.

&&
-------------------------------------------------------------------

AMOUNT OF DAYLIGHT TODAY  (HOUR:MIN)........14 HOURS 17 MINUTES
LOSS SINCE YESTERDAY (HOUR:MIN:SEC).........-0:05:02

$$
AM AUG 15
