000
CDAK48 PAKN 240113
CLIAKN


CLIMATE REPORT
NATIONAL WEATHER SERVICE ANCHORAGE, AK
459 PM AKDT SUN APR 23 2017


...................................

...THE KING SALMON CLIMATE SUMMARY FOR APRIL 23 2017...
VALID TODAY AS OF 0400 PM LOCAL TIME.

CLIMATE NORMAL PERIOD 1981 TO 2010
CLIMATE RECORD PERIOD 1917 TO 2017


WEATHER ITEM   OBSERVED TIME   RECORD YEAR NORMAL DEPARTURE LAST
                VALUE   (LST)  VALUE       VALUE  FROM      YEAR
                                                  NORMAL
..................................................................
TEMPERATURE (F)
 TODAY
  MAXIMUM         56    118 PM  64    1936  46     10       56
  MINIMUM         42    632 AM   7    1948  28     14       40
  AVERAGE         49                        37     12       48

PRECIPITATION (IN)
  TODAY            T             0.18 2001   0.03  -0.03      T
                                      1957
  MONTH TO DATE    0.49                      0.72  -0.23     0.64
  SINCE MAR 1      0.54                      1.42  -0.88     2.59
  SINCE JAN 1      1.74                      3.20  -1.46     4.03

SNOWFALL (IN)
  TODAY            0.0          MM      MM   0.1   -0.1     MM
  MONTH TO DATE    2.9                       3.4   -0.5      0.0
  SINCE MAR 1      3.3                       9.8   -6.5      0.0
  SINCE JUL 1     26.0                      45.3  -19.3     13.1
  SNOW DEPTH       0

DEGREE DAYS
 HEATING
  TODAY           16                        28    -12       17
  MONTH TO DATE  607                       752   -145      506
  SINCE MAR 1   2231                      2018    213     1455
  SINCE JUL 1   9364                      9638   -274     7146

 COOLING
  TODAY            0                         0      0        0
  MONTH TO DATE    0                         0      0        0
  SINCE MAR 1      0                         0      0        0
  SINCE JAN 1      0                         0      0        0
..................................................................


WIND (MPH)
  RESULTANT WIND SPEED  11   RESULTANT WIND DIRECTION   E (90)
  HIGHEST WIND SPEED    22   HIGHEST WIND DIRECTION     E (100)
  HIGHEST GUST SPEED    29   HIGHEST GUST DIRECTION     E (100)
  AVERAGE WIND SPEED    11.4



WEATHER CONDITIONS
 THE FOLLOWING WEATHER WAS RECORDED TODAY.
  NO SIGNIFICANT WEATHER WAS OBSERVED.


RELATIVE HUMIDITY (PERCENT)
 HIGHEST    76
 LOWEST     47
 AVERAGE    62

..........................................................


THE KING SALMON CLIMATE NORMALS FOR TOMORROW
                         NORMAL    RECORD    YEAR
 MAXIMUM TEMPERATURE (F)   46        59      1936
 MINIMUM TEMPERATURE (F)   28        10      1955


SUNRISE AND SUNSET
APRIL 23 2017.........SUNRISE   651 AM AKDT  SUNSET  1001 PM AKDT
APRIL 24 2017.........SUNRISE   648 AM AKDT  SUNSET  1003 PM AKDT


-  INDICATES NEGATIVE NUMBERS.
R  INDICATES RECORD WAS SET OR TIED.
MM INDICATES DATA IS MISSING.
T  INDICATES TRACE AMOUNT.




$$
