000
CDAK48 PAKN 031128
CLIAKN

CLIMATE REPORT
NATIONAL WEATHER SERVICE KING SALMON, AK
328 AM AKDT FRI JUL 3 2015

...................................
...THE KING SALMON AP CLIMATE SUMMARY FOR JULY 2 2015...

CLIMATE NORMAL PERIOD  1981 TO  2010
CLIMATE RECORD PERIOD  1917 TO  2015

WEATHER ITEM   OBSERVED TIME    RECORD YEAR NORMAL DEPARTURE LAST
               VALUE    (LST)   VALUE       VALUE  FROM      YEAR
                                                   NORMAL
...................................................................
TEMPERATURE
YESTERDAY
 MAXIMUM            72  0457 PM    80  1953     63       9     72
 MINIMUM            49  1159 PM    36  2009     46       3     43
 AVERAGE            61                          55       6     58

PRECIPITATION
(INCHES)
 YESTERDAY        0.00           0.60  1943   0.06   -0.06   0.00
 MONTH TO DATE       T                        0.12   -0.12   0.00
 SINCE JUN 1      0.84                        1.77   -0.93   3.25
 SINCE JAN 1      8.08                        6.47    1.61   8.38

SNOWFALL
(INCHES)
 YESTERDAY         0.0            0.0  2015    0.0     0.0    0.0
 MONTH TO DATE     0.0                         0.0     0.0    0.0
 SINCE JUN 1       0.0                         0.0     0.0    0.0
 SINCE JUL 1       0.0                         0.0     0.0    0.0
 SNOW DEPTH (IN)     0                                          0

DEGREE DAYS
 HEATING
  YESTERDAY          4                          10      -6      7
  MONTH TO DATE     12                          21      -9     17
  SINCE JUN 1      261                         428    -167    448
  SINCE JUL 1       12                          21      -9     17

 COOLING
  YESTERDAY          0                           0       0      0
  MONTH TO DATE      0                           0       0      0
  SINCE JUN 1        2                           0       2      0
  SINCE JAN 1        2                           0       2      0
...................................................................

WIND (MPH)
 HIGHEST WIND SPEED    14     HIGHEST WIND DIRECTION    280
 HIGHEST GUST SPEED    18     HIGHEST GUST DIRECTION    270
 AVERAGE WIND SPEED   6.3

SKY COVER
  POSSIBLE SUNSHINE    MM          AVERAGE SKY COVER     MM

WEATHER CONDITIONS
 THE FOLLOWING WEATHER WAS RECORDED YESTERDAY.
  SMOKE OR HAZE


RELATIVE HUMIDITY
 HIGHEST RH     MM PERCENT       MM
 LOWEST  RH     MM PERCENT       MM
 AVERAGE RH     MM PERCENT       MM
...................................................................

THE KING SALMON CLIMATE NORMALS FOR TODAY
                           NORMAL    RECORD   YEAR
 MAXIMUM TEMPERATURE (F)     63        80     1989
 MINIMUM TEMPERATURE (F)     46        36     2009

SUNRISE AND SUNSET
 JUL 3 2015..........SUNRISE  5:25 AM      SUNSET 11:37 PM
 JUL 4 2015..........SUNRISE  5:26 AM      SUNSET 11:36 PM

-  INDICATES NEGATIVE NUMBERS.
R  INDICATES RECORD HAS BEEN SET OR TIED.
MM INDICATES DATA IS MISSING.
T  INDICATES TRACE OF PRECIPITATION.

&&
-------------------------------------------------------------------

AMOUNT OF DAYLIGHT TODAY  (HOUR:MIN)........18 HOURS 12 MINUTES
GAIN/LOSS SINCE YESTERDAY (HOUR:MIN:SEC)....-0:01:49

$$
AM JUL 15
