000
CDUS45 KBOU 240725
CLIAKO


CLIMATE REPORT
NATIONAL WEATHER SERVICE DENVER/BOULDER CO
125 AM MDT TUE MAY 24 2016


...................................

...THE AKRON CO CLIMATE SUMMARY FOR MAY 23 2016...

CLIMATE NORMAL PERIOD 1981 TO 2010
CLIMATE RECORD PERIOD 9999 TO 9999


WEATHER ITEM   OBSERVED TIME   RECORD YEAR NORMAL DEPARTURE LAST
                VALUE   (LST)  VALUE       VALUE  FROM      YEAR
                                                  NORMAL
..................................................................
TEMPERATURE (F)
 YESTERDAY
  MAXIMUM         73    232 PM  94    1989  73      0
  MINIMUM         45    207 AM  35    1971  46     -1
  AVERAGE         59                        59      0

PRECIPITATION (IN)
  YESTERDAY        0.18          1.82 1965   0.11   0.07     0.03
  MONTH TO DATE    1.24                      2.09  -0.85     5.31
  SINCE MAR 1      4.52                      4.61  -0.09     7.02
  SINCE JAN 1      4.63                      5.35  -0.72     7.30

DEGREE DAYS
 HEATING
  YESTERDAY        6
  MONTH TO DATE  278

 COOLING
  YESTERDAY        0
  MONTH TO DATE    5
..................................................................


WIND (MPH)
  HIGHEST WIND SPEED    33   HIGHEST WIND DIRECTION     W (280)
  HIGHEST GUST SPEED    50   HIGHEST GUST DIRECTION     W (270)




RELATIVE HUMIDITY (PERCENT)
 HIGHEST    77
 LOWEST     24
 AVERAGE    51

..........................................................


THE AKRON CO CLIMATE NORMALS FOR TODAY
                         NORMAL    RECORD    YEAR
 MAXIMUM TEMPERATURE (F)   73        92      1967
 MINIMUM TEMPERATURE (F)   46        36      1946


SUNRISE AND SUNSET
MAY 24 2016...........SUNRISE   530 AM MDT   SUNSET   810 PM MDT
MAY 25 2016...........SUNRISE   529 AM MDT   SUNSET   811 PM MDT


-  INDICATES NEGATIVE NUMBERS.
R  INDICATES RECORD WAS SET OR TIED.
MM INDICATES DATA IS MISSING.
T  INDICATES TRACE AMOUNT.




$$
