000
CDUS45 KBOU 190725
CLIAKO


CLIMATE REPORT
NATIONAL WEATHER SERVICE BOULDER, CO
125 AM MDT FRI SEP 19 2014


...................................

...THE AKRON CO CLIMATE SUMMARY FOR SEPTEMBER 18 2014...

CLIMATE NORMAL PERIOD 1981 TO 2010
CLIMATE RECORD PERIOD 9999 TO 9999


WEATHER ITEM   OBSERVED TIME   RECORD YEAR NORMAL DEPARTURE LAST
                VALUE   (LST)  VALUE       VALUE  FROM      YEAR
                                                  NORMAL
..................................................................
TEMPERATURE (F)
 YESTERDAY
  MAXIMUM         88    257 PM  95    2000  76     12
  MINIMUM         52    543 AM  30    1942  48      4
  AVERAGE         70                        62      8

PRECIPITATION (IN)
  YESTERDAY        0.00          0.53 2013   0.04  -0.04     0.53
  MONTH TO DATE    0.31                      0.73  -0.42     2.22
  SINCE SEP 1      0.31                      0.73  -0.42     2.22
  SINCE JAN 1     15.91                     14.22   1.69    13.64

DEGREE DAYS
 HEATING
  YESTERDAY        0
  MONTH TO DATE   89

 COOLING
  YESTERDAY        5
  MONTH TO DATE   43
..................................................................


WIND (MPH)
  HIGHEST WIND SPEED    23   HIGHEST WIND DIRECTION     S (200)
  HIGHEST GUST SPEED    31   HIGHEST GUST DIRECTION     S (190)




RELATIVE HUMIDITY (PERCENT)
 HIGHEST    73
 LOWEST     24
 AVERAGE    49

..........................................................


THE AKRON CO CLIMATE NORMALS FOR TODAY
                         NORMAL    RECORD    YEAR
 MAXIMUM TEMPERATURE (F)   75        94      1980
 MINIMUM TEMPERATURE (F)   48        27      1971


SUNRISE AND SUNSET
SEPTEMBER 19 2014.....SUNRISE   638 AM MDT   SUNSET   655 PM MDT
SEPTEMBER 20 2014.....SUNRISE   638 AM MDT   SUNSET   653 PM MDT


-  INDICATES NEGATIVE NUMBERS.
R  INDICATES RECORD WAS SET OR TIED.
MM INDICATES DATA IS MISSING.
T  INDICATES TRACE AMOUNT.




$$
