000
CDUS45 KBOU 270725
CLIAKO


CLIMATE REPORT
NATIONAL WEATHER SERVICE DENVER/BOULDER CO
125 AM MDT THU APR 27 2017


...................................

...THE AKRON CO CLIMATE SUMMARY FOR APRIL 26 2017...

CLIMATE NORMAL PERIOD 1981 TO 2010
CLIMATE RECORD PERIOD 9999 TO 9999


WEATHER ITEM   OBSERVED TIME   RECORD YEAR NORMAL DEPARTURE LAST
                VALUE   (LST)  VALUE       VALUE  FROM      YEAR
                                                  NORMAL
..................................................................
TEMPERATURE (F)
 YESTERDAY
  MAXIMUM         56    340 PM  86    1955  64     -8
  MINIMUM         27    317 AM  21    1988  37    -10
  AVERAGE         42                        50     -8

PRECIPITATION (IN)
  YESTERDAY        0.02          0.55 1972   0.07  -0.05     0.00
  MONTH TO DATE    1.39                      1.36   0.03     1.46
  SINCE MAR 1      2.95                      2.23   0.72     1.76
  SINCE JAN 1      3.06                      2.97   0.09     1.87

DEGREE DAYS
 HEATING
  YESTERDAY       23
  MONTH TO DATE  388

 COOLING
  YESTERDAY        0
  MONTH TO DATE    0
..................................................................


WIND (MPH)
  HIGHEST WIND SPEED    22   HIGHEST WIND DIRECTION    NW (320)
  HIGHEST GUST SPEED    29   HIGHEST GUST DIRECTION    NW (320)




RELATIVE HUMIDITY (PERCENT)
 HIGHEST    92
 LOWEST     35
 AVERAGE    64

..........................................................


THE AKRON CO CLIMATE NORMALS FOR TODAY
                         NORMAL    RECORD    YEAR
 MAXIMUM TEMPERATURE (F)   65        84      1953
 MINIMUM TEMPERATURE (F)   37        21      1994


SUNRISE AND SUNSET
APRIL 27 2017.........SUNRISE   557 AM MDT   SUNSET   744 PM MDT
APRIL 28 2017.........SUNRISE   556 AM MDT   SUNSET   745 PM MDT


-  INDICATES NEGATIVE NUMBERS.
R  INDICATES RECORD WAS SET OR TIED.
MM INDICATES DATA IS MISSING.
T  INDICATES TRACE AMOUNT.




$$
