000
CDUS45 KBOU 260725
CLIAKO


CLIMATE REPORT
NATIONAL WEATHER SERVICE BOULDER, CO
1225 AM MST FRI DEC 26 2014


...................................

...THE AKRON CO CLIMATE SUMMARY FOR DECEMBER 25 2014...

CLIMATE NORMAL PERIOD 1981 TO 2010
CLIMATE RECORD PERIOD 9999 TO 9999


WEATHER ITEM   OBSERVED TIME   RECORD YEAR NORMAL DEPARTURE LAST
                VALUE   (LST)  VALUE       VALUE  FROM      YEAR
                                                  NORMAL
..................................................................
TEMPERATURE (F)
 YESTERDAY
  MAXIMUM         42    932 AM  64    1950  40      2
  MINIMUM         20   1159 PM -10    1983  16      4
  AVERAGE         31                        28      3

PRECIPITATION (IN)
  YESTERDAY        T             1.80 1982   0.01  -0.01     0.00
  MONTH TO DATE    0.23                      0.34  -0.11     0.02
  SINCE DEC 1      0.23                      0.34  -0.11     0.02
  SINCE JAN 1     18.34                     16.68   1.66    16.98

DEGREE DAYS
 HEATING
  YESTERDAY       34
  MONTH TO DATE  784

 COOLING
  YESTERDAY        0
  MONTH TO DATE    0
..................................................................


WIND (MPH)
  HIGHEST WIND SPEED    26   HIGHEST WIND DIRECTION     N (20)
  HIGHEST GUST SPEED    32   HIGHEST GUST DIRECTION    NE (30)




RELATIVE HUMIDITY (PERCENT)
 HIGHEST   100
 LOWEST     49
 AVERAGE    75

..........................................................


THE AKRON CO CLIMATE NORMALS FOR TODAY
                         NORMAL    RECORD    YEAR
 MAXIMUM TEMPERATURE (F)   40        63      1980
 MINIMUM TEMPERATURE (F)   16        -8      1941


SUNRISE AND SUNSET
DECEMBER 26 2014......SUNRISE   714 AM MST   SUNSET   433 PM MST
DECEMBER 27 2014......SUNRISE   714 AM MST   SUNSET   434 PM MST


-  INDICATES NEGATIVE NUMBERS.
R  INDICATES RECORD WAS SET OR TIED.
MM INDICATES DATA IS MISSING.
T  INDICATES TRACE AMOUNT.




$$
