000
CDUS45 KBOU 290725
CLIAKO


CLIMATE REPORT
NATIONAL WEATHER SERVICE BOULDER, CO
125 AM MDT SAT AUG 29 2015


...................................

...THE AKRON CO CLIMATE SUMMARY FOR AUGUST 28 2015...

CLIMATE NORMAL PERIOD 1981 TO 2010
CLIMATE RECORD PERIOD 9999 TO 9999


WEATHER ITEM   OBSERVED TIME   RECORD YEAR NORMAL DEPARTURE LAST
                VALUE   (LST)  VALUE       VALUE  FROM      YEAR
                                                  NORMAL
..................................................................
TEMPERATURE (F)
 YESTERDAY
  MAXIMUM         87    325 PM  97    2011  84      3
  MINIMUM         58    403 AM  43    1964  56      2
  AVERAGE         73                        70      3

PRECIPITATION (IN)
  YESTERDAY        0.00          0.71 1991   0.06  -0.06     0.03
  MONTH TO DATE    0.65                      2.13  -1.48     4.81
  SINCE JUN 1      3.52                      7.14  -3.62    10.90
  SINCE JAN 1     11.53                     13.32  -1.79    15.60

DEGREE DAYS
 HEATING
  YESTERDAY        0
  MONTH TO DATE   14

 COOLING
  YESTERDAY        8
  MONTH TO DATE  258
..................................................................


WIND (MPH)
  HIGHEST WIND SPEED    23   HIGHEST WIND DIRECTION    NW (330)
  HIGHEST GUST SPEED    30   HIGHEST GUST DIRECTION     N (350)




RELATIVE HUMIDITY (PERCENT)
 HIGHEST    93
 LOWEST     15
 AVERAGE    54

..........................................................


THE AKRON CO CLIMATE NORMALS FOR TODAY
                         NORMAL    RECORD    YEAR
 MAXIMUM TEMPERATURE (F)   84        97      2013
                                             1943
 MINIMUM TEMPERATURE (F)   56        44      1978


SUNRISE AND SUNSET
AUGUST 29 2015........SUNRISE   617 AM MDT   SUNSET   730 PM MDT
AUGUST 30 2015........SUNRISE   618 AM MDT   SUNSET   728 PM MDT


-  INDICATES NEGATIVE NUMBERS.
R  INDICATES RECORD WAS SET OR TIED.
MM INDICATES DATA IS MISSING.
T  INDICATES TRACE AMOUNT.




$$
