000
CDUS45 KBOU 280725
CLIAKO


CLIMATE REPORT
NATIONAL WEATHER SERVICE BOULDER, CO
1225 AM MST WED JAN 28 2015


...................................

...THE AKRON CO CLIMATE SUMMARY FOR JANUARY 27 2015...

CLIMATE NORMAL PERIOD 1981 TO 2010
CLIMATE RECORD PERIOD 9999 TO 9999


WEATHER ITEM   OBSERVED TIME   RECORD YEAR NORMAL DEPARTURE LAST
                VALUE   (LST)  VALUE       VALUE  FROM      YEAR
                                                  NORMAL
..................................................................
TEMPERATURE (F)
 YESTERDAY
  MAXIMUM         72R   315 PM  70    1970  40     32
  MINIMUM         36   1136 PM -21    1948  17     19
  AVERAGE         54                        29     25

PRECIPITATION (IN)
  YESTERDAY        0.00          0.29 1995   0.01  -0.01     0.01
  MONTH TO DATE    0.16                      0.25  -0.09     0.12
  SINCE DEC 1      0.40                      0.65  -0.25     0.14
  SINCE JAN 1      0.16                      0.25  -0.09     0.12

DEGREE DAYS
 HEATING
  YESTERDAY       11
  MONTH TO DATE 1014

 COOLING
  YESTERDAY        0
  MONTH TO DATE    0
..................................................................


WIND (MPH)
  HIGHEST WIND SPEED    18   HIGHEST WIND DIRECTION     W (250)
  HIGHEST GUST SPEED    20   HIGHEST GUST DIRECTION     W (260)




RELATIVE HUMIDITY (PERCENT)
 HIGHEST    70
 LOWEST     17
 AVERAGE    44

..........................................................


THE AKRON CO CLIMATE NORMALS FOR TODAY
                         NORMAL    RECORD    YEAR
 MAXIMUM TEMPERATURE (F)   40        63      2011
 MINIMUM TEMPERATURE (F)   17       -24      1948


SUNRISE AND SUNSET
JANUARY 28 2015.......SUNRISE   705 AM MST   SUNSET   507 PM MST
JANUARY 29 2015.......SUNRISE   705 AM MST   SUNSET   508 PM MST


-  INDICATES NEGATIVE NUMBERS.
R  INDICATES RECORD WAS SET OR TIED.
MM INDICATES DATA IS MISSING.
T  INDICATES TRACE AMOUNT.




$$
