000
CDUS45 KBOU 270725
CLIAKO


CLIMATE REPORT
NATIONAL WEATHER SERVICE BOULDER, CO
125 AM MDT FRI MAR 27 2015


...................................

...THE AKRON CO CLIMATE SUMMARY FOR MARCH 26 2015...

CLIMATE NORMAL PERIOD 1981 TO 2010
CLIMATE RECORD PERIOD 9999 TO 9999


WEATHER ITEM   OBSERVED TIME   RECORD YEAR NORMAL DEPARTURE LAST
                VALUE   (LST)  VALUE       VALUE  FROM      YEAR
                                                  NORMAL
..................................................................
TEMPERATURE (F)
 YESTERDAY
  MAXIMUM         56    305 PM  81    2012  55      1
  MINIMUM         28    602 AM   0    1965  28      0
  AVERAGE         42                        42      0

PRECIPITATION (IN)
  YESTERDAY        T             0.69 1949   0.04  -0.04     0.05
  MONTH TO DATE    0.22                      0.69  -0.47     0.34
  SINCE MAR 1      0.22                      0.69  -0.47     0.34
  SINCE JAN 1      0.50                      1.43  -0.93     0.77

DEGREE DAYS
 HEATING
  YESTERDAY       23
  MONTH TO DATE  554

 COOLING
  YESTERDAY        0
  MONTH TO DATE    0
..................................................................


WIND (MPH)
  HIGHEST WIND SPEED    29   HIGHEST WIND DIRECTION    NW (330)
  HIGHEST GUST SPEED    34   HIGHEST GUST DIRECTION    NW (320)




RELATIVE HUMIDITY (PERCENT)
 HIGHEST    92
 LOWEST     27
 AVERAGE    60

..........................................................


THE AKRON CO CLIMATE NORMALS FOR TODAY
                         NORMAL    RECORD    YEAR
 MAXIMUM TEMPERATURE (F)   55        79      1988
 MINIMUM TEMPERATURE (F)   28         2      1955


SUNRISE AND SUNSET
MARCH 27 2015.........SUNRISE   645 AM MDT   SUNSET   712 PM MDT
MARCH 28 2015.........SUNRISE   644 AM MDT   SUNSET   713 PM MDT


-  INDICATES NEGATIVE NUMBERS.
R  INDICATES RECORD WAS SET OR TIED.
MM INDICATES DATA IS MISSING.
T  INDICATES TRACE AMOUNT.




$$
