000
CDUS45 KBOU 200725
CLIAKO


CLIMATE REPORT
NATIONAL WEATHER SERVICE DENVER/BOULDER CO
125 AM MDT SUN AUG 20 2017


...................................

...THE AKRON CO CLIMATE SUMMARY FOR AUGUST 19 2017...

CLIMATE NORMAL PERIOD 1981 TO 2010
CLIMATE RECORD PERIOD 9999 TO 9999


WEATHER ITEM   OBSERVED TIME   RECORD YEAR NORMAL DEPARTURE LAST
                VALUE   (LST)  VALUE       VALUE  FROM      YEAR
                                                  NORMAL
..................................................................
TEMPERATURE (F)
 YESTERDAY
  MAXIMUM         94    342 PM 100    1952  86      8
  MINIMUM         61    540 AM  45    1956  58      3
  AVERAGE         78                        72      6

PRECIPITATION (IN)
  YESTERDAY        T             0.85 1953   0.07  -0.07     0.01
  MONTH TO DATE    2.28                      1.58   0.70     1.36
  SINCE JUN 1      5.11                      6.59  -1.48     7.99
  SINCE JAN 1     11.76                     12.77  -1.01    14.50

DEGREE DAYS
 HEATING
  YESTERDAY        0
  MONTH TO DATE    9

 COOLING
  YESTERDAY       13
  MONTH TO DATE   89
..................................................................


WIND (MPH)
  HIGHEST WIND SPEED    23   HIGHEST WIND DIRECTION    NW (310)
  HIGHEST GUST SPEED    37   HIGHEST GUST DIRECTION    NW (310)




RELATIVE HUMIDITY (PERCENT)
 HIGHEST    73
 LOWEST     12
 AVERAGE    43

..........................................................


THE AKRON CO CLIMATE NORMALS FOR TODAY
                         NORMAL    RECORD    YEAR
 MAXIMUM TEMPERATURE (F)   86        97      1987
 MINIMUM TEMPERATURE (F)   58        40      2016


SUNRISE AND SUNSET
AUGUST 20 2017........SUNRISE   609 AM MDT   SUNSET   742 PM MDT
AUGUST 21 2017........SUNRISE   610 AM MDT   SUNSET   741 PM MDT


-  INDICATES NEGATIVE NUMBERS.
R  INDICATES RECORD WAS SET OR TIED.
MM INDICATES DATA IS MISSING.
T  INDICATES TRACE AMOUNT.




$$
