000
CDUS41 KALY 250624
CLIALB


CLIMATE REPORT
NATIONAL WEATHER SERVICE ALBANY NY
223 AM EDT SAT JUN 25 2016


...................................

...THE ALBANY NY CLIMATE SUMMARY FOR JUNE 24 2016...

CLIMATE NORMAL PERIOD 1981 TO 2010
CLIMATE RECORD PERIOD 1874 TO 2016


WEATHER ITEM   OBSERVED TIME   RECORD YEAR NORMAL DEPARTURE LAST
                VALUE   (LST)  VALUE       VALUE  FROM      YEAR
                                                  NORMAL
..................................................................
TEMPERATURE (F)
 YESTERDAY
  MAXIMUM         83    431 PM  96    1943  80      3       79
  MINIMUM         53    431 AM  44    1932  59     -6       61
  AVERAGE         68                        70     -2       70

PRECIPITATION (IN)
  YESTERDAY        0.00          0.89 1909   0.12  -0.12     0.00
  MONTH TO DATE    2.02                      3.06  -1.04     5.60
  SINCE JUN 1      2.02                      3.06  -1.04     5.60
  SINCE JAN 1     12.78                     17.84  -5.06    14.32

DEGREE DAYS
 HEATING
  YESTERDAY        0                         1     -1        0
  MONTH TO DATE   38                        49    -11       44
  SINCE JUN 1     38                        49    -11       44
  SINCE JUL 1   5454                      6677  -1223     6866

 COOLING
  YESTERDAY        3                         5     -2        5
  MONTH TO DATE   91                        82      9      102
  SINCE JUN 1     91                        82      9      102
  SINCE JAN 1    166                       112     54      225
..................................................................


WIND (MPH)
  HIGHEST WIND SPEED    12   HIGHEST WIND DIRECTION    NE (40)
  HIGHEST GUST SPEED    16   HIGHEST GUST DIRECTION    NE (50)
  AVERAGE WIND SPEED     2.6


SKY COVER
  AVERAGE SKY COVER 0.1



RELATIVE HUMIDITY (PERCENT)
 HIGHEST    83
 LOWEST     28
 AVERAGE    56

..........................................................


THE ALBANY NY CLIMATE NORMALS FOR TODAY
                         NORMAL    RECORD    YEAR
 MAXIMUM TEMPERATURE (F)   80        95      1898
 MINIMUM TEMPERATURE (F)   59        45      1979


SUNRISE AND SUNSET
JUNE 25 2016..........SUNRISE   518 AM EDT   SUNSET   838 PM EDT
JUNE 26 2016..........SUNRISE   519 AM EDT   SUNSET   838 PM EDT


-  INDICATES NEGATIVE NUMBERS.
R  INDICATES RECORD WAS SET OR TIED.
MM INDICATES DATA IS MISSING.
T  INDICATES TRACE AMOUNT.




$$
