000
CDUS41 KALY 260622
CLIALB


CLIMATE REPORT
NATIONAL WEATHER SERVICE ALBANY NY
221 AM EDT SUN MAR 26 2017


...................................

...THE ALBANY NY CLIMATE SUMMARY FOR MARCH 25 2017...

CLIMATE NORMAL PERIOD 1981 TO 2010
CLIMATE RECORD PERIOD 1874 TO 2017


WEATHER ITEM   OBSERVED TIME   RECORD YEAR NORMAL DEPARTURE LAST
                VALUE   (LST)  VALUE       VALUE  FROM      YEAR
                                                  NORMAL
..................................................................
TEMPERATURE (F)
 YESTERDAY
  MAXIMUM         40   1222 AM  74    1910  48     -8       61
  MINIMUM         31   1159 PM   0    1875  29      2       35
  AVERAGE         36                        39     -3       48

PRECIPITATION (IN)
  YESTERDAY        0.22          0.89 1909   0.11   0.11     0.05
  MONTH TO DATE    2.10                      2.57  -0.47     0.82
  SINCE MAR 1      2.10                      2.57  -0.47     0.82
  SINCE JAN 1      8.08                      7.36   0.72     6.13

SNOWFALL (IN)
  YESTERDAY        0.1           1.9  1960   0.3   -0.2      0.0
  MONTH TO DATE   17.6                       9.7    7.9      0.2
  SINCE MAR 1     17.6                       9.7    7.9      0.2
  SINCE JUL 1     58.8                      56.6    2.2     10.5
  SNOW DEPTH       2

DEGREE DAYS
 HEATING
  YESTERDAY       29                        26      3       17
  MONTH TO DATE  869                       778     91      574
  SINCE MAR 1    869                       778     91      574
  SINCE JUL 1   5032                      5722   -690     4503

 COOLING
  YESTERDAY        0                         0      0        0
  MONTH TO DATE    0                         0      0        0
  SINCE MAR 1      0                         0      0        0
  SINCE JAN 1      0                         0      0        0
..................................................................


WIND (MPH)
  HIGHEST WIND SPEED    15   HIGHEST WIND DIRECTION     N (360)
  HIGHEST GUST SPEED    20   HIGHEST GUST DIRECTION     N (360)
  AVERAGE WIND SPEED     6.3


SKY COVER
  AVERAGE SKY COVER 1.0



RELATIVE HUMIDITY (PERCENT)
 HIGHEST    92
 LOWEST     66
 AVERAGE    79

..........................................................


THE ALBANY NY CLIMATE NORMALS FOR TODAY
                         NORMAL    RECORD    YEAR
 MAXIMUM TEMPERATURE (F)   49        74      1986
 MINIMUM TEMPERATURE (F)   29         2      1960


SUNRISE AND SUNSET
MARCH 26 2017.........SUNRISE   648 AM EDT   SUNSET   715 PM EDT
MARCH 27 2017.........SUNRISE   646 AM EDT   SUNSET   716 PM EDT


-  INDICATES NEGATIVE NUMBERS.
R  INDICATES RECORD WAS SET OR TIED.
MM INDICATES DATA IS MISSING.
T  INDICATES TRACE AMOUNT.




$$
