000
CDUS41 KALY 270624
CLIALB


CLIMATE REPORT
NATIONAL WEATHER SERVICE ALBANY NY
224 AM EDT TUE JUN 27 2017


...................................

...THE ALBANY NY CLIMATE SUMMARY FOR JUNE 26 2017...

CLIMATE NORMAL PERIOD 1981 TO 2010
CLIMATE RECORD PERIOD 1874 TO 2017


WEATHER ITEM   OBSERVED TIME   RECORD YEAR NORMAL DEPARTURE LAST
                VALUE   (LST)  VALUE       VALUE  FROM      YEAR
                                                  NORMAL
..................................................................
TEMPERATURE (F)
 YESTERDAY
  MAXIMUM         74    115 PM  99    1951  81     -7       90
  MINIMUM         53    501 AM  39    1979  59     -6       65
  AVERAGE         64                        70     -6       78

PRECIPITATION (IN)
  YESTERDAY        0.34          2.22 2006   0.12   0.22     0.00
  MONTH TO DATE    4.46                      3.31   1.15     2.02
  SINCE JUN 1      4.46                      3.31   1.15     2.02
  SINCE JAN 1     23.37                     18.09   5.28    12.78

DEGREE DAYS
 HEATING
  YESTERDAY        1                         1      0        0
  MONTH TO DATE   48                        51     -3       38
  SINCE JUN 1     48                        51     -3       38
  SINCE JUL 1   5865                      6679   -814     5454

 COOLING
  YESTERDAY        0                         6     -6       13
  MONTH TO DATE  130                        93     37      110
  SINCE JUN 1    130                        93     37      110
  SINCE JAN 1    180                       123     57      185
..................................................................


WIND (MPH)
  HIGHEST WIND SPEED    23   HIGHEST WIND DIRECTION    NW (300)
  HIGHEST GUST SPEED    30   HIGHEST GUST DIRECTION    NW (300)
  AVERAGE WIND SPEED     4.2


SKY COVER
  AVERAGE SKY COVER 0.5



RELATIVE HUMIDITY (PERCENT)
 HIGHEST    93
 LOWEST     49
 AVERAGE    71

..........................................................


THE ALBANY NY CLIMATE NORMALS FOR TODAY
                         NORMAL    RECORD    YEAR
 MAXIMUM TEMPERATURE (F)   81        97      1941
 MINIMUM TEMPERATURE (F)   60        45      1970


SUNRISE AND SUNSET
JUNE 27 2017..........SUNRISE   519 AM EDT   SUNSET   838 PM EDT
JUNE 28 2017..........SUNRISE   519 AM EDT   SUNSET   837 PM EDT


-  INDICATES NEGATIVE NUMBERS.
R  INDICATES RECORD WAS SET OR TIED.
MM INDICATES DATA IS MISSING.
T  INDICATES TRACE AMOUNT.




$$
