794
CDUS41 KALY 200628
CLIALB


CLIMATE REPORT
NATIONAL WEATHER SERVICE ALBANY NY
227 AM EDT SUN AUG 20 2017


...................................

...THE ALBANY NY CLIMATE SUMMARY FOR AUGUST 19 2017...

CLIMATE NORMAL PERIOD 1981 TO 2010
CLIMATE RECORD PERIOD 1874 TO 2017


WEATHER ITEM   OBSERVED TIME   RECORD YEAR NORMAL DEPARTURE LAST
                VALUE   (LST)  VALUE       VALUE  FROM      YEAR
                                                  NORMAL
..................................................................
TEMPERATURE (F)
 YESTERDAY
  MAXIMUM         84    410 PM  92    1892  80      4       85
  MINIMUM         63    513 AM  43    1973  60      3       65
  AVERAGE         74                        70      4       75

PRECIPITATION (IN)
  YESTERDAY        0.01          1.25 1919   0.11  -0.10     0.00
  MONTH TO DATE    3.42                      2.25   1.17     3.20
  SINCE JUN 1     12.55                     10.16   2.39    11.95
  SINCE JAN 1     31.46                     24.94   6.52    22.71

DEGREE DAYS
 HEATING
  YESTERDAY        0                         1     -1        0
  MONTH TO DATE    0                         2     -2        0
  SINCE JUN 1     53                        59     -6       38
  SINCE JUL 1      2                         7     -5        0

 COOLING
  YESTERDAY        9                         6      3       10
  MONTH TO DATE  123                       123      0      202
  SINCE JUN 1    490                       459     31      630
  SINCE JAN 1    540                       489     51      705
..................................................................


WIND (MPH)
  HIGHEST WIND SPEED    15   HIGHEST WIND DIRECTION    SW (240)
  HIGHEST GUST SPEED    19   HIGHEST GUST DIRECTION     W (260)
  AVERAGE WIND SPEED     4.4


SKY COVER
  AVERAGE SKY COVER 0.6



RELATIVE HUMIDITY (PERCENT)
 HIGHEST    93
 LOWEST     48
 AVERAGE    71

..........................................................


THE ALBANY NY CLIMATE NORMALS FOR TODAY
                         NORMAL    RECORD    YEAR
 MAXIMUM TEMPERATURE (F)   80        97      1937
 MINIMUM TEMPERATURE (F)   60        45      1998


SUNRISE AND SUNSET
AUGUST 20 2017........SUNRISE   607 AM EDT   SUNSET   749 PM EDT
AUGUST 21 2017........SUNRISE   608 AM EDT   SUNSET   747 PM EDT


-  INDICATES NEGATIVE NUMBERS.
R  INDICATES RECORD WAS SET OR TIED.
MM INDICATES DATA IS MISSING.
T  INDICATES TRACE AMOUNT.




$$
