000
CDUS41 KALY 250624
CLIALB


CLIMATE REPORT
NATIONAL WEATHER SERVICE ALBANY NY
123 AM EST SUN FEB 25 2018


...................................

...THE ALBANY NY CLIMATE SUMMARY FOR FEBRUARY 24 2018...

CLIMATE NORMAL PERIOD 1981 TO 2010
CLIMATE RECORD PERIOD 1874 TO 2018


WEATHER ITEM   OBSERVED TIME   RECORD YEAR NORMAL DEPARTURE LAST
                VALUE   (LST)  VALUE       VALUE  FROM      YEAR
                                                  NORMAL
..................................................................
TEMPERATURE (F)
 YESTERDAY
  MAXIMUM         46    952 AM  74    2017  37      9       74
  MINIMUM         34   1159 PM -11    1894  19     15       41
  AVERAGE         40                        28     12       58

PRECIPITATION (IN)
  YESTERDAY        T             2.00 2016   0.08  -0.08      T
  MONTH TO DATE    2.43                      1.85   0.58     2.14
  SINCE DEC 1      6.75                      7.37  -0.62     7.02
  SINCE JAN 1      4.82                      4.44   0.38     5.27

SNOWFALL (IN)
  YESTERDAY        0.0           8.0  1962   0.4   -0.4      0.0
  MONTH TO DATE   14.0                      10.5    3.5     22.2
  SINCE DEC 1     38.9                      42.1   -3.2     38.9
  SINCE JUL 1     38.9                      45.2   -6.3     41.2
  SNOW DEPTH       1

DEGREE DAYS
 HEATING
  YESTERDAY       25                        37    -12        7
  MONTH TO DATE  811                       949   -138      792
  SINCE DEC 1   3335                      3396    -61     2919
  SINCE JUL 1   4449                      4800   -351     4075

 COOLING
  YESTERDAY        0                         0      0        0
  MONTH TO DATE    0                         0      0        0
  SINCE DEC 1      0                         0      0        0
  SINCE JAN 1      0                         0      0        0
..................................................................


WIND (MPH)
  HIGHEST WIND SPEED    24   HIGHEST WIND DIRECTION     W (280)
  HIGHEST GUST SPEED    36   HIGHEST GUST DIRECTION     W (290)
  AVERAGE WIND SPEED     6.2


SKY COVER
  AVERAGE SKY COVER 1.0



RELATIVE HUMIDITY (PERCENT)
 HIGHEST    92
 LOWEST     53
 AVERAGE    73

..........................................................


THE ALBANY NY CLIMATE NORMALS FOR TODAY
                         NORMAL    RECORD    YEAR
 MAXIMUM TEMPERATURE (F)   37        70      2017
 MINIMUM TEMPERATURE (F)   20       -14      1914


SUNRISE AND SUNSET
FEBRUARY 25 2018......SUNRISE   637 AM EST   SUNSET   540 PM EST
FEBRUARY 26 2018......SUNRISE   636 AM EST   SUNSET   541 PM EST


-  INDICATES NEGATIVE NUMBERS.
R  INDICATES RECORD WAS SET OR TIED.
MM INDICATES DATA IS MISSING.
T  INDICATES TRACE AMOUNT.




$$
