000
CDUS43 KDMX 250632 RRA
CLIALO

CLIMATE REPORT
NATIONAL WEATHER SERVICE DES MOINES IA
132 AM CDT MON SEP 25 2017

...................................

...THE WATERLOO IA CLIMATE SUMMARY FOR SEPTEMBER 24 2017...

CLIMATE NORMAL PERIOD 1981 TO 2010
CLIMATE RECORD PERIOD 1895 TO 2017


WEATHER ITEM   OBSERVED TIME   RECORD YEAR NORMAL DEPARTURE LAST
                VALUE   (LST)  VALUE       VALUE  FROM      YEAR
                                                  NORMAL
..................................................................
TEMPERATURE (F)
 YESTERDAY
  MAXIMUM         91R   140 PM  91    1984  72     19       81
  MINIMUM         62    604 AM  29    2012  47     15       64
                                      1989
  AVERAGE         77                        59     18       73

PRECIPITATION (IN)
  YESTERDAY        0.00          1.71 1910   0.08  -0.08     0.00
  MONTH TO DATE    0.50                      2.13  -1.63     7.02
  SINCE SEP 1      0.50                      2.13  -1.63     7.02
  SINCE JAN 1     23.18                     28.41  -5.23    35.71

SNOWFALL (IN)
  YESTERDAY        0.0          MM      MM   0.0    0.0      0.0
  MONTH TO DATE    0.0                       0.0    0.0      0.0
  SINCE SEP 1      0.0                       0.0    0.0      0.0
  SINCE JUL 1      0.0                       0.0    0.0      0.0
  SNOW DEPTH       0

DEGREE DAYS
 HEATING
  YESTERDAY        0                         7     -7        0
  MONTH TO DATE   43                        89    -46       10
  SINCE SEP 1     43                        89    -46       10
  SINCE JUL 1     60                       109    -49       15

 COOLING
  YESTERDAY       12                         1     11        8
  MONTH TO DATE  108                        72     36      104
  SINCE SEP 1    108                        72     36      104
  SINCE JAN 1    699                       784    -85      857
..................................................................


WIND (MPH)
  HIGHEST WIND SPEED    20   HIGHEST WIND DIRECTION     S (180)
  HIGHEST GUST SPEED    23   HIGHEST GUST DIRECTION     S (180)
  AVERAGE WIND SPEED     8.8


SKY COVER
  POSSIBLE SUNSHINE  MM
  AVERAGE SKY COVER 0.1


WEATHER CONDITIONS
 THE FOLLOWING WEATHER WAS RECORDED YESTERDAY.
  NO SIGNIFICANT WEATHER WAS OBSERVED.


RELATIVE HUMIDITY (PERCENT)
 HIGHEST    87           600 AM
 LOWEST     38          1200 PM
 AVERAGE    63

..........................................................


THE WATERLOO IA CLIMATE NORMALS FOR TODAY
                         NORMAL    RECORD    YEAR
 MAXIMUM TEMPERATURE (F)   72        92      1920
 MINIMUM TEMPERATURE (F)   46        27      1942


SUNRISE AND SUNSET
SEPTEMBER 25 2017.....SUNRISE   700 AM CDT   SUNSET   701 PM CDT
SEPTEMBER 26 2017.....SUNRISE   702 AM CDT   SUNSET   659 PM CDT


-  INDICATES NEGATIVE NUMBERS.
R  INDICATES RECORD WAS SET OR TIED.
MM INDICATES DATA IS MISSING.
T  INDICATES TRACE AMOUNT.

$$

SMALL
