000
CDUS43 KDMX 240641
CLIALO

CLIMATE REPORT
NATIONAL WEATHER SERVICE DES MOINES IA
140 AM CDT THU APR 24 2014

...................................

...THE WATERLOO IA CLIMATE SUMMARY FOR APRIL 23 2014...

CLIMATE NORMAL PERIOD 1981 TO 2010
CLIMATE RECORD PERIOD 1895 TO 2014


WEATHER ITEM   OBSERVED TIME   RECORD YEAR NORMAL DEPARTURE LAST
                VALUE   (LST)  VALUE       VALUE  FROM      YEAR
                                                  NORMAL
..................................................................
TEMPERATURE (F)
 YESTERDAY
  MAXIMUM         50    109 PM  89    1925  64    -14       42
  MINIMUM         42    151 AM  19    1927  40      2       31
  AVERAGE         46                        52     -6       37

PRECIPITATION (IN)
  YESTERDAY        0.12          1.66 1948   0.14  -0.02     0.00
  MONTH TO DATE    5.21                      2.71   2.50     6.05
  SINCE MAR 1      6.71                      4.77   1.94     8.62
  SINCE JAN 1      9.34                      6.59   2.75    11.70

SNOWFALL (IN)
  YESTERDAY        0.0           1.5  1910   0.1   -0.1      0.0
  MONTH TO DATE    0.4                       1.7   -1.3       T
  SINCE MAR 1      6.2                       6.3   -0.1     11.2
  SINCE JUL 1     58.0                      35.2   22.8     48.3
  SNOW DEPTH       0

DEGREE DAYS
 HEATING
  YESTERDAY       19                        13      6       28
  MONTH TO DATE  443                       409     34      544
  SINCE MAR 1   1575                      1315    260     1727
  SINCE JUL 1   7983                      6734   1249     6937

 COOLING
  YESTERDAY        0                         0      0        0
  MONTH TO DATE    2                         0      2        0
  SINCE MAR 1      2                         0      2        0
  SINCE JAN 1      2                         0      2        0
..................................................................


WIND (MPH)
  HIGHEST WIND SPEED    25   HIGHEST WIND DIRECTION    SE (120)
  HIGHEST GUST SPEED    33   HIGHEST GUST DIRECTION    SE (120)
  AVERAGE WIND SPEED    15.2


SKY COVER
  POSSIBLE SUNSHINE  MM
  AVERAGE SKY COVER 0.9


WEATHER CONDITIONS
 THE FOLLOWING WEATHER WAS RECORDED YESTERDAY.
  LIGHT RAIN


RELATIVE HUMIDITY (PERCENT)
 HIGHEST    83           400 PM
 LOWEST     46          1200 PM
 AVERAGE    65

..........................................................


THE WATERLOO IA CLIMATE NORMALS FOR TODAY
                         NORMAL    RECORD    YEAR
 MAXIMUM TEMPERATURE (F)   64        90      1939
 MINIMUM TEMPERATURE (F)   41        20      1956


SUNRISE AND SUNSET
APRIL 24 2014.........SUNRISE   614 AM CDT   SUNSET   802 PM CDT
APRIL 25 2014.........SUNRISE   613 AM CDT   SUNSET   803 PM CDT


-  INDICATES NEGATIVE NUMBERS.
R  INDICATES RECORD WAS SET OR TIED.
MM INDICATES DATA IS MISSING.
T  INDICATES TRACE AMOUNT.

$$

SMALL
