000
CDUS43 KDMX 290629 RRA
CLIALO

CLIMATE REPORT
NATIONAL WEATHER SERVICE DES MOINES IA
1227 AM CST SAT NOV 29 2014


...................................

...THE WATERLOO IA CLIMATE SUMMARY FOR NOVEMBER 28 2014...

CLIMATE NORMAL PERIOD 1981 TO 2010
CLIMATE RECORD PERIOD 1895 TO 2014


WEATHER ITEM   OBSERVED TIME   RECORD YEAR NORMAL DEPARTURE LAST
                VALUE   (LST)  VALUE       VALUE  FROM      YEAR
                                                  NORMAL
..................................................................
TEMPERATURE (F)
 YESTERDAY
  MAXIMUM         31    434 PM  66    1909  38     -7       30
  MINIMUM         12   1238 AM  -9    1977  20     -8        3
  AVERAGE         22                        29     -7       17

PRECIPITATION (IN)
  YESTERDAY        0.00          1.09 1987   0.06  -0.06     0.00
  MONTH TO DATE    0.65                      1.90  -1.25     2.03
  SINCE SEP 1      5.96                      7.01  -1.05     5.65
  SINCE JAN 1     33.25                     33.29  -0.04    39.87

SNOWFALL (IN)
  YESTERDAY        0.0           7.1  1971   0.2   -0.2      0.0
  MONTH TO DATE    5.4                       2.7    2.7      4.9
  SINCE SEP 1      5.4                       3.0    2.4      5.9
  SINCE JUL 1      5.4                       3.0    2.4      5.9
  SNOW DEPTH       2

DEGREE DAYS
 HEATING
  YESTERDAY       43                        36      7       48
  MONTH TO DATE 1017                       786    231      925
  SINCE SEP 1   1660                      1389    271     1505
  SINCE JUL 1   1677                      1409    268     1525

 COOLING
  YESTERDAY        0                         0      0        0
  MONTH TO DATE    0                         0      0        0
  SINCE SEP 1     51                        87    -36      141
  SINCE JAN 1    658                       799   -141      837
..................................................................


WIND (MPH)
  HIGHEST WIND SPEED    20   HIGHEST WIND DIRECTION     S (160)
  HIGHEST GUST SPEED    24   HIGHEST GUST DIRECTION    SE (130)
  AVERAGE WIND SPEED    11.4


SKY COVER
  POSSIBLE SUNSHINE  MM
  AVERAGE SKY COVER 0.2


WEATHER CONDITIONS
 THE FOLLOWING WEATHER WAS RECORDED YESTERDAY.
  FOG


RELATIVE HUMIDITY (PERCENT)
 HIGHEST    92           600 PM
 LOWEST     61           600 AM
 AVERAGE    77

..........................................................


THE WATERLOO IA CLIMATE NORMALS FOR TODAY
                         NORMAL    RECORD    YEAR
 MAXIMUM TEMPERATURE (F)   38        69      1998
 MINIMUM TEMPERATURE (F)   20        -8      1929


SUNRISE AND SUNSET
NOVEMBER 29 2014......SUNRISE   718 AM CST   SUNSET   438 PM CST
NOVEMBER 30 2014......SUNRISE   719 AM CST   SUNSET   438 PM CST


-  INDICATES NEGATIVE NUMBERS.
R  INDICATES RECORD WAS SET OR TIED.
MM INDICATES DATA IS MISSING.
T  INDICATES TRACE AMOUNT.




$$
