000
CDUS43 KDMX 300630 RRB
CLIALO

CLIMATE REPORT
NATIONAL WEATHER SERVICE DES MOINES IA
129 AM CDT THU OCT 30 2014


...................................

...THE WATERLOO IA CLIMATE SUMMARY FOR OCTOBER 29 2014...

CLIMATE NORMAL PERIOD 1981 TO 2010
CLIMATE RECORD PERIOD 1895 TO 2014


WEATHER ITEM   OBSERVED TIME   RECORD YEAR NORMAL DEPARTURE LAST
                VALUE   (LST)  VALUE       VALUE  FROM      YEAR
                                                  NORMAL
..................................................................
TEMPERATURE (F)
 YESTERDAY
  MAXIMUM         50    252 PM  85    1937  56     -6       59
  MINIMUM         30   1102 PM   6    1925  35     -5       37
  AVERAGE         40                        45     -5       48

PRECIPITATION (IN)
  YESTERDAY        0.00          2.65 1961   0.08  -0.08     0.00
  MONTH TO DATE    3.65                      2.34   1.31     1.47
  SINCE SEP 1      5.31                      4.97   0.34     2.95
  SINCE JAN 1     32.60                     31.25   1.35    37.17

SNOWFALL (IN)
  YESTERDAY        0.0           1.0  1917   0.0    0.0      0.0
  MONTH TO DATE    T                         0.2   -0.2      1.0
  SINCE SEP 1      T                         0.2   -0.2      1.0
  SINCE JUL 1      T                         0.2   -0.2      1.0
  SNOW DEPTH       0

DEGREE DAYS
 HEATING
  YESTERDAY       25                        20      5       17
  MONTH TO DATE  437                       425     12      452
  SINCE SEP 1    588                       563     25      554
  SINCE JUL 1    605                       583     22      574

 COOLING
  YESTERDAY        0                         0      0        0
  MONTH TO DATE    0                         8     -8        8
  SINCE SEP 1     51                        86    -35      141
  SINCE JAN 1    658                       798   -140      837
..................................................................


WIND (MPH)
  HIGHEST WIND SPEED    21   HIGHEST WIND DIRECTION    NW (330)
  HIGHEST GUST SPEED    27   HIGHEST GUST DIRECTION    NW (330)
  AVERAGE WIND SPEED     7.7


SKY COVER
  POSSIBLE SUNSHINE  MM
  AVERAGE SKY COVER 0.2


WEATHER CONDITIONS
 THE FOLLOWING WEATHER WAS RECORDED YESTERDAY.
  NO SIGNIFICANT WEATHER WAS OBSERVED.


RELATIVE HUMIDITY (PERCENT)
 HIGHEST    92          1100 PM
 LOWEST     53           500 PM
 AVERAGE    73

..........................................................


THE WATERLOO IA CLIMATE NORMALS FOR TODAY
                         NORMAL    RECORD    YEAR
 MAXIMUM TEMPERATURE (F)   55        82      1924
 MINIMUM TEMPERATURE (F)   34         0      1925


SUNRISE AND SUNSET
OCTOBER 30 2014.......SUNRISE   741 AM CDT   SUNSET   605 PM CDT
OCTOBER 31 2014.......SUNRISE   742 AM CDT   SUNSET   604 PM CDT


-  INDICATES NEGATIVE NUMBERS.
R  INDICATES RECORD WAS SET OR TIED.
MM INDICATES DATA IS MISSING.
T  INDICATES TRACE AMOUNT.




$$
