000
CDUS45 KPUB 181156
CLIALS


CLIMATE REPORT
NATIONAL WEATHER SERVICE PUEBLO
456 AM MST SAT NOV 18 2017


...................................

...THE ALAMOSA CO CLIMATE SUMMARY FOR NOVEMBER 17 2017...

CLIMATE NORMAL PERIOD 1981 TO 2010
CLIMATE RECORD PERIOD 1932 TO 2017


WEATHER ITEM   OBSERVED TIME   RECORD YEAR NORMAL DEPARTURE LAST
                VALUE   (LST)  VALUE       VALUE  FROM      YEAR
                                                  NORMAL
..................................................................
TEMPERATURE (F)
 YESTERDAY
  MAXIMUM         55   1212 PM  65    1999  46      9       48
                                      1975
  MINIMUM         32   1159 PM -10    1958  12     20       12
  AVERAGE         44                        29     15       30

PRECIPITATION (IN)
  YESTERDAY        0.04          0.31 1971   0.02   0.02      T
  MONTH TO DATE    0.05                      0.27  -0.22     0.17
  SINCE SEP 1      1.86                      1.86   0.00     0.47
  SINCE JAN 1     10.55                      6.81   3.74     7.82

SNOWFALL (IN)
  YESTERDAY        0.0           5.1  1971   0.1   -0.1       T
  MONTH TO DATE    0.2                       2.0   -1.8       T
  SINCE SEP 1      0.2                       4.1   -3.9       T
  SINCE JUL 1      0.2                       4.1   -3.9       T
  SNOW DEPTH       0

DEGREE DAYS
 HEATING
  YESTERDAY       21                        36    -15       35
  MONTH TO DATE  397                       548   -151      431
  SINCE SEP 1   1273                      1529   -256     1210
  SINCE JUL 1   1372                      1658   -286     1354

 COOLING
  YESTERDAY        0                         0      0        0
  MONTH TO DATE    0                         0      0        0
  SINCE SEP 1      0                         0      0        0
  SINCE JAN 1     76                        51     25      115
..................................................................


WIND (MPH)
  HIGHEST WIND SPEED    35   HIGHEST WIND DIRECTION     W (250)
  HIGHEST GUST SPEED    42   HIGHEST GUST DIRECTION     W (250)
  AVERAGE WIND SPEED    19.2


SKY COVER
  POSSIBLE SUNSHINE  MM
  AVERAGE SKY COVER 0.1


WEATHER CONDITIONS
 THE FOLLOWING WEATHER WAS RECORDED YESTERDAY.
  LIGHT RAIN
  LIGHT SNOW
  FOG


RELATIVE HUMIDITY (PERCENT)
 HIGHEST    82          1100 PM
 LOWEST     46          1000 AM
 AVERAGE    64

..........................................................


THE ALAMOSA CO CLIMATE NORMALS FOR TODAY
                         NORMAL    RECORD    YEAR
 MAXIMUM TEMPERATURE (F)   45        62      1949
 MINIMUM TEMPERATURE (F)   11       -22      1958


SUNRISE AND SUNSET
NOVEMBER 18 2017......SUNRISE   646 AM MST   SUNSET   451 PM MST
NOVEMBER 19 2017......SUNRISE   648 AM MST   SUNSET   450 PM MST


-  INDICATES NEGATIVE NUMBERS.
R  INDICATES RECORD WAS SET OR TIED.
MM INDICATES DATA IS MISSING.
T  INDICATES TRACE AMOUNT.




$$
