116
CDUS45 KPUB 161206
CLIALS


CLIMATE REPORT
NATIONAL WEATHER SERVICE PUEBLO
506 AM MST MON JAN 16 2017


...................................

...THE ALAMOSA CO CLIMATE SUMMARY FOR JANUARY 15 2017...

CLIMATE NORMAL PERIOD 1981 TO 2010
CLIMATE RECORD PERIOD 1932 TO 2017


WEATHER ITEM   OBSERVED TIME   RECORD YEAR NORMAL DEPARTURE LAST
                VALUE   (LST)  VALUE       VALUE  FROM      YEAR
                                                  NORMAL
..................................................................
TEMPERATURE (F)
 YESTERDAY
  MAXIMUM         34    400 PM  54    1996  34      0       25
  MINIMUM         24    241 AM -32    2013  -2     26      -15
  AVERAGE         29                        16     13        5

PRECIPITATION (IN)
  YESTERDAY        0.15          0.22 1987   0.01   0.14     0.00
  MONTH TO DATE    0.81                      0.12   0.69     0.55
  SINCE DEC 1      1.89                      0.47   1.42     0.80
  SINCE JAN 1      0.81                      0.12   0.69     0.55

SNOWFALL (IN)
  YESTERDAY        1.7           4.7  1987   0.1    1.6      0.0
  MONTH TO DATE   13.0                       1.7   11.3      6.4
  SINCE DEC 1     23.2                       6.2   17.0      9.8
  SINCE JUL 1     24.2                      12.0   12.2     14.1
  SNOW DEPTH       4

DEGREE DAYS
 HEATING
  YESTERDAY       36                        49    -13       60
  MONTH TO DATE  695                       735    -40      826
  SINCE DEC 1   2139                      2197    -58     2159
  SINCE JUL 1   4003                      4372   -369     3937

 COOLING
  YESTERDAY        0                         0      0        0
  MONTH TO DATE    0                         0      0        0
  SINCE DEC 1      0                         0      0        0
  SINCE JAN 1      0                         0      0        0
..................................................................


WIND (MPH)
  HIGHEST WIND SPEED     8   HIGHEST WIND DIRECTION     S (190)
  HIGHEST GUST SPEED     9   HIGHEST GUST DIRECTION     S (190)
  AVERAGE WIND SPEED     1.8


SKY COVER
  POSSIBLE SUNSHINE  MM
  AVERAGE SKY COVER 1.0


WEATHER CONDITIONS
 THE FOLLOWING WEATHER WAS RECORDED YESTERDAY.
  LIGHT SNOW
  FOG


RELATIVE HUMIDITY (PERCENT)
 HIGHEST   100           800 AM
 LOWEST     88           100 AM
 AVERAGE    94

..........................................................


THE ALAMOSA CO CLIMATE NORMALS FOR TODAY
                         NORMAL    RECORD    YEAR
 MAXIMUM TEMPERATURE (F)   34        60      2000
 MINIMUM TEMPERATURE (F)   -2       -27      1984


SUNRISE AND SUNSET
JANUARY 16 2017.......SUNRISE   716 AM MST   SUNSET   511 PM MST
JANUARY 17 2017.......SUNRISE   716 AM MST   SUNSET   512 PM MST


-  INDICATES NEGATIVE NUMBERS.
R  INDICATES RECORD WAS SET OR TIED.
MM INDICATES DATA IS MISSING.
T  INDICATES TRACE AMOUNT.




$$
