000
CDUS45 KPUB 251053
CLIALS


CLIMATE REPORT
NATIONAL WEATHER SERVICE PUEBLO
453 AM MDT MON MAY 25 2015


...................................

...THE ALAMOSA CO CLIMATE SUMMARY FOR MAY 24 2015...

CLIMATE NORMAL PERIOD 1981 TO 2010
CLIMATE RECORD PERIOD 1932 TO 2015


WEATHER ITEM   OBSERVED TIME   RECORD YEAR NORMAL DEPARTURE LAST
                VALUE   (LST)  VALUE       VALUE  FROM      YEAR
                                                  NORMAL
..................................................................
TEMPERATURE (F)
 YESTERDAY
  MAXIMUM         52    316 PM  85    2005  72    -20       70
  MINIMUM         36   1054 PM  22    1975  36      0       39
  AVERAGE         44                        54    -10       55

PRECIPITATION (IN)
  YESTERDAY        0.16          0.84 1959   0.02   0.14     0.07
  MONTH TO DATE    1.76                      0.46   1.30     0.21
  SINCE MAR 1      2.59                      1.58   1.01     1.67
  SINCE JAN 1      3.93                      2.10   1.83     1.79

SNOWFALL (IN)
  YESTERDAY        0.0           0.0  2002   0.0    0.0      0.0
                                      2001
  MONTH TO DATE    T                         0.9   -0.9      1.3
  SINCE MAR 1      0.7                       9.5   -8.8     11.7
  SINCE JUL 1     23.8                      27.6   -3.8     39.8
  SNOW DEPTH       0

DEGREE DAYS
 HEATING
  YESTERDAY       21                        11     10       10
  MONTH TO DATE  377                       354     23      384
  SINCE MAR 1   1802                      2025   -223     1925
  SINCE JUL 1   7294                      8354  -1060     8493

 COOLING
  YESTERDAY        0                         0      0        0
  MONTH TO DATE    0                         0      0        0
  SINCE MAR 1      0                         0      0        0
  SINCE JAN 1      0                         0      0        0
..................................................................


WIND (MPH)
  HIGHEST WIND SPEED    28   HIGHEST WIND DIRECTION    NW (310)
  HIGHEST GUST SPEED    33   HIGHEST GUST DIRECTION    NW (320)
  AVERAGE WIND SPEED     7.0


SKY COVER
  POSSIBLE SUNSHINE  MM
  AVERAGE SKY COVER 0.6


WEATHER CONDITIONS
 THE FOLLOWING WEATHER WAS RECORDED YESTERDAY.
  THUNDERSTORM
  HEAVY RAIN
  LIGHT RAIN


RELATIVE HUMIDITY (PERCENT)
 HIGHEST    92          1100 PM
 LOWEST     50          1000 AM
 AVERAGE    71

..........................................................


THE ALAMOSA CO CLIMATE NORMALS FOR TODAY
                         NORMAL    RECORD    YEAR
 MAXIMUM TEMPERATURE (F)   72        84      2006
 MINIMUM TEMPERATURE (F)   36        21      2010


SUNRISE AND SUNSET
MAY 25 2015...........SUNRISE   547 AM MDT   SUNSET   814 PM MDT
MAY 26 2015...........SUNRISE   547 AM MDT   SUNSET   814 PM MDT


-  INDICATES NEGATIVE NUMBERS.
R  INDICATES RECORD WAS SET OR TIED.
MM INDICATES DATA IS MISSING.
T  INDICATES TRACE AMOUNT.




$$
