000
CDUS45 KPUB 251032
CLIALS


CLIMATE REPORT
NATIONAL WEATHER SERVICE PUEBLO
432 AM MDT THU MAY 25 2017


...................................

...THE ALAMOSA CO CLIMATE SUMMARY FOR MAY 24 2017...

CLIMATE NORMAL PERIOD 1981 TO 2010
CLIMATE RECORD PERIOD 1932 TO 2017


WEATHER ITEM   OBSERVED TIME   RECORD YEAR NORMAL DEPARTURE LAST
                VALUE   (LST)  VALUE       VALUE  FROM      YEAR
                                                  NORMAL
..................................................................
TEMPERATURE (F)
 YESTERDAY
  MAXIMUM         76    524 PM  85    2005  72      4       73
  MINIMUM         33    513 AM  22    1975  36     -3       34
  AVERAGE         55                        54      1       54

PRECIPITATION (IN)
  YESTERDAY        0.00          0.84 1959   0.02  -0.02     0.00
  MONTH TO DATE    1.24                      0.46   0.78     0.59
  SINCE MAR 1      2.60                      1.58   1.02     2.86
  SINCE JAN 1      4.25                      2.10   2.15     3.84

SNOWFALL (IN)
  YESTERDAY        0.0           0.0  2002   0.0    0.0      0.0
                                      2001
  MONTH TO DATE    1.1                       0.9    0.2      0.8
  SINCE MAR 1      6.7                       9.5   -2.8     24.2
  SINCE JUL 1     42.2                      27.6   14.6     43.0
  SNOW DEPTH       0

DEGREE DAYS
 HEATING
  YESTERDAY       10                        11     -1       11
  MONTH TO DATE  374                       354     20      354
  SINCE MAR 1   1749                      2025   -276     1956
  SINCE JUL 1   7538                      8354   -816     7722

 COOLING
  YESTERDAY        0                         0      0        0
  MONTH TO DATE    0                         0      0        0
  SINCE MAR 1      0                         0      0        0
  SINCE JAN 1      0                         0      0        0
..................................................................


WIND (MPH)
  HIGHEST WIND SPEED    22   HIGHEST WIND DIRECTION     W (250)
  HIGHEST GUST SPEED    28   HIGHEST GUST DIRECTION     W (250)
  AVERAGE WIND SPEED     7.6


SKY COVER
  POSSIBLE SUNSHINE  MM
  AVERAGE SKY COVER 0.1


WEATHER CONDITIONS
 THE FOLLOWING WEATHER WAS RECORDED YESTERDAY.
  NO SIGNIFICANT WEATHER WAS OBSERVED.


RELATIVE HUMIDITY (PERCENT)
 HIGHEST    82           300 AM
 LOWEST     17           200 PM
 AVERAGE    50

..........................................................


THE ALAMOSA CO CLIMATE NORMALS FOR TODAY
                         NORMAL    RECORD    YEAR
 MAXIMUM TEMPERATURE (F)   72        84      2006
 MINIMUM TEMPERATURE (F)   36        21      2010


SUNRISE AND SUNSET
MAY 25 2017...........SUNRISE   547 AM MDT   SUNSET   814 PM MDT
MAY 26 2017...........SUNRISE   547 AM MDT   SUNSET   815 PM MDT


-  INDICATES NEGATIVE NUMBERS.
R  INDICATES RECORD WAS SET OR TIED.
MM INDICATES DATA IS MISSING.
T  INDICATES TRACE AMOUNT.




$$
