000
CDUS45 KPUB 010036
CLIALS


CLIMATE REPORT
NATIONAL WEATHER SERVICE PUEBLO
636 PM MDT FRI SEP 30 2016


...................................

...THE ALAMOSA CO CLIMATE SUMMARY FOR SEPTEMBER 30 2016...
VALID TODAY AS OF 0500 PM LOCAL TIME.

CLIMATE NORMAL PERIOD 1981 TO 2010
CLIMATE RECORD PERIOD 1932 TO 2016


WEATHER ITEM   OBSERVED TIME   RECORD YEAR NORMAL DEPARTURE LAST
                VALUE   (LST)  VALUE       VALUE  FROM      YEAR
                                                  NORMAL
..................................................................
TEMPERATURE (F)
 TODAY
  MAXIMUM         73    320 PM  82    2010  68      5       77
  MINIMUM         42    536 AM  15    1985  31     11       37
  AVERAGE         58                        49      9       57

PRECIPITATION (IN)
  TODAY            0.00          1.77 1959   0.02  -0.02     0.33
  MONTH TO DATE    0.26                      0.91  -0.65     0.78
  SINCE SEP 1      0.26                      0.91  -0.65     0.78
  SINCE JAN 1      7.61                      5.86   1.75     7.75

SNOWFALL (IN)
  TODAY            0.0           1.4  1959   0.0    0.0      0.0
  MONTH TO DATE    0.0                       0.0    0.0      0.0
  SINCE SEP 1      0.0                       0.0    0.0      0.0
  SINCE JUL 1      0.0                       0.0    0.0      0.0
  SNOW DEPTH       0

DEGREE DAYS
 HEATING
  TODAY            7                        16     -9        8
  MONTH TO DATE  251                       302    -51      193
  SINCE SEP 1    251                       302    -51      193
  SINCE JUL 1    395                       431    -36      285

 COOLING
  TODAY            0                         0      0        0
  MONTH TO DATE    0                         0      0        0
  SINCE SEP 1      0                         0      0        0
  SINCE JAN 1    115                        51     64       74
..................................................................


WIND (MPH)
  HIGHEST WIND SPEED    16   HIGHEST WIND DIRECTION    NW (330)
  HIGHEST GUST SPEED    22   HIGHEST GUST DIRECTION    NW (330)
  AVERAGE WIND SPEED     5.0


SKY COVER
  POSSIBLE SUNSHINE  MM
  AVERAGE SKY COVER 0.3


WEATHER CONDITIONS
 THE FOLLOWING WEATHER WAS RECORDED TODAY.
  NO SIGNIFICANT WEATHER WAS OBSERVED.


RELATIVE HUMIDITY (PERCENT)
 HIGHEST    89           600 AM
 LOWEST     28           200 PM
 AVERAGE    59

..........................................................


THE ALAMOSA CO CLIMATE NORMALS FOR TOMORROW
                         NORMAL    RECORD    YEAR
 MAXIMUM TEMPERATURE (F)   68        80      1980
 MINIMUM TEMPERATURE (F)   30        17      1965


SUNRISE AND SUNSET
SEPTEMBER 30 2016.....SUNRISE   659 AM MDT   SUNSET   647 PM MDT
OCTOBER  1 2016.......SUNRISE   659 AM MDT   SUNSET   646 PM MDT


-  INDICATES NEGATIVE NUMBERS.
R  INDICATES RECORD WAS SET OR TIED.
MM INDICATES DATA IS MISSING.
T  INDICATES TRACE AMOUNT.




$$
