000
CDUS45 KPUB 200030
CLIALS


CLIMATE REPORT
NATIONAL WEATHER SERVICE PUEBLO
530 PM MST FRI JAN 19 2018


...................................

...THE ALAMOSA CO CLIMATE SUMMARY FOR JANUARY 19 2018...
VALID TODAY AS OF 0500 PM LOCAL TIME.

CLIMATE NORMAL PERIOD 1981 TO 2010
CLIMATE RECORD PERIOD 1932 TO 2018


WEATHER ITEM   OBSERVED TIME   RECORD YEAR NORMAL DEPARTURE LAST
                VALUE   (LST)  VALUE       VALUE  FROM      YEAR
                                                  NORMAL
..................................................................
TEMPERATURE (F)
 TODAY
  MAXIMUM         51    434 PM  56    2000  34     17       24
  MINIMUM          7    101 AM -40    1984  -2      9       20
  AVERAGE         29                        16     13       22

PRECIPITATION (IN)
  TODAY            0.00          0.28 1938   0.01  -0.01     0.08
  MONTH TO DATE    T                         0.15  -0.15     1.27
  SINCE DEC 1      0.14                      0.50  -0.36     2.35
  SINCE JAN 1      T                         0.15  -0.15     1.27

SNOWFALL (IN)
  TODAY            0.0           4.0  1938   0.1   -0.1      1.2
  MONTH TO DATE    0.0                       2.2   -2.2     18.6
  SINCE DEC 1      1.3                       6.7   -5.4     28.8
  SINCE JUL 1      1.7                      12.5  -10.8     29.8
  SNOW DEPTH       0

DEGREE DAYS
 HEATING
  TODAY           36                        49    -13       43
  MONTH TO DATE  762                       931   -169      852
  SINCE DEC 1   1981                      2393   -412     2296
  SINCE JUL 1   3747                      4568   -821     4160

 COOLING
  TODAY            0                         0      0        0
  MONTH TO DATE    0                         0      0        0
  SINCE DEC 1      0                         0      0        0
  SINCE JAN 1      0                         0      0        0
..................................................................


WIND (MPH)
  HIGHEST WIND SPEED     8   HIGHEST WIND DIRECTION    SW (230)
  HIGHEST GUST SPEED     9   HIGHEST GUST DIRECTION    SE (140)
  AVERAGE WIND SPEED     2.6


SKY COVER
  POSSIBLE SUNSHINE  MM
  AVERAGE SKY COVER 0.0


WEATHER CONDITIONS
 THE FOLLOWING WEATHER WAS RECORDED TODAY.
  NO SIGNIFICANT WEATHER WAS OBSERVED.


RELATIVE HUMIDITY (PERCENT)
 HIGHEST    69           500 AM
 LOWEST     18           300 PM
 AVERAGE    44

..........................................................


THE ALAMOSA CO CLIMATE NORMALS FOR TOMORROW
                         NORMAL    RECORD    YEAR
 MAXIMUM TEMPERATURE (F)   34        62      1971
 MINIMUM TEMPERATURE (F)   -2       -33      1984


SUNRISE AND SUNSET
JANUARY 19 2018.......SUNRISE   715 AM MST   SUNSET   514 PM MST
JANUARY 20 2018.......SUNRISE   715 AM MST   SUNSET   515 PM MST


-  INDICATES NEGATIVE NUMBERS.
R  INDICATES RECORD WAS SET OR TIED.
MM INDICATES DATA IS MISSING.
T  INDICATES TRACE AMOUNT.




$$
