000
CDUS44 KAMA 062238
CLIAMA


CLIMATE REPORT
NATIONAL WEATHER SERVICE AMARILLO TX
437 PM CST FRI MAR 6 2015


...................................

...THE AMARILLO CLIMATE SUMMARY FOR MARCH 6 2015...
VALID TODAY AS OF 0400 PM LOCAL TIME.

CLIMATE NORMAL PERIOD 1981 TO 2010
CLIMATE RECORD PERIOD 1892 TO 2015


WEATHER ITEM   OBSERVED TIME   RECORD YEAR NORMAL DEPARTURE LAST
                VALUE   (LST)  VALUE       VALUE  FROM      YEAR
                                                  NORMAL
..................................................................
TEMPERATURE (F)
 TODAY
  MAXIMUM         62    423 PM  84    1934  59      3       70
                                      1925
  MINIMUM         25    721 AM   4    1948  31     -6       23
                                      1943
  AVERAGE         44                        45     -1       47

PRECIPITATION (IN)
  TODAY            0.00          0.90 1958   0.04  -0.04     0.00
  MONTH TO DATE    0.03                      0.20  -0.17     0.09
  SINCE MAR 1      0.03                      0.20  -0.17     0.09
  SINCE JAN 1      2.11                      1.48   0.63     0.48

SNOWFALL (IN)
  TODAY            0.0           4.0  1958   0.1   -0.1      0.0
  MONTH TO DATE    0.1                       0.5   -0.4      0.3
  SINCE MAR 1      0.1                       0.5   -0.4      0.3
  SINCE JUL 1     23.9                      14.5    9.4     12.4
  SNOW DEPTH       0

DEGREE DAYS
 HEATING
  TODAY           21                        20      1       18
  MONTH TO DATE  182                       123     59      192
  SINCE MAR 1    182                       123     59      192
  SINCE JUL 1   3307                      3400    -93     3545

 COOLING
  TODAY            0                         0      0        0
  MONTH TO DATE    0                         0      0        0
  SINCE MAR 1      0                         0      0        0
  SINCE JAN 1      0                         0      0        0
..................................................................


WIND (MPH)
  RESULTANT WIND SPEED   9   RESULTANT WIND DIRECTION  SW (220)
  HIGHEST WIND SPEED    15   HIGHEST WIND DIRECTION    SW (230)
  HIGHEST GUST SPEED    20   HIGHEST GUST DIRECTION    SW (230)
  AVERAGE WIND SPEED    10.0


SKY COVER
  AVERAGE SKY COVER 0.0


WEATHER CONDITIONS
 THE FOLLOWING WEATHER WAS RECORDED TODAY.
  NO SIGNIFICANT WEATHER WAS OBSERVED.


RELATIVE HUMIDITY (PERCENT)
 HIGHEST    88           700 AM
 LOWEST     25           300 PM
 AVERAGE    57

..........................................................


THE AMARILLO CLIMATE NORMALS FOR TOMORROW
                         NORMAL    RECORD    YEAR
 MAXIMUM TEMPERATURE (F)   60        84      1925
 MINIMUM TEMPERATURE (F)   31         6      1996


SUNRISE AND SUNSET
MARCH  6 2015.........SUNRISE   710 AM CST   SUNSET   647 PM CST
MARCH  7 2015.........SUNRISE   709 AM CST   SUNSET   647 PM CST


-  INDICATES NEGATIVE NUMBERS.
R  INDICATES RECORD WAS SET OR TIED.
MM INDICATES DATA IS MISSING.
T  INDICATES TRACE AMOUNT.




$$
