234
CDUS44 KAMA 272147
CLIAMA


CLIMATE REPORT
NATIONAL WEATHER SERVICE AMARILLO TX
445 PM CDT FRI MAY 27 2016


...................................

...THE AMARILLO CLIMATE SUMMARY FOR MAY 27 2016...
VALID TODAY AS OF 0400 PM LOCAL TIME.

CLIMATE NORMAL PERIOD 1981 TO 2010
CLIMATE RECORD PERIOD 1892 TO 2016


WEATHER ITEM   OBSERVED TIME   RECORD YEAR NORMAL DEPARTURE LAST
                VALUE   (LST)  VALUE       VALUE  FROM      YEAR
                                                  NORMAL
..................................................................
TEMPERATURE (F)
 TODAY
  MAXIMUM         78    221 PM  99    1945  82     -4       85
  MINIMUM         48    549 AM  38    1907  55     -7       57
  AVERAGE         63                        69     -6       71

PRECIPITATION (IN)
  TODAY            0.00          3.52 1902   0.10  -0.10      T
  MONTH TO DATE    0.81                      1.87  -1.06     9.26
  SINCE MAR 1      4.41                      4.66  -0.25    12.44
  SINCE JAN 1      5.10                      5.94  -0.84    14.52

SNOWFALL (IN)
  TODAY            0.0           T    2002   0.0    0.0      0.0
  MONTH TO DATE    T                         0.2   -0.2      0.0
  SINCE MAR 1      1.3                       3.8   -2.5      0.1
  SINCE JUL 1     13.4                      17.8   -4.4     23.9
  SNOW DEPTH       0

DEGREE DAYS
 HEATING
  TODAY            2                         1      1        0
  MONTH TO DATE  126                        79     47      103
  SINCE MAR 1    720                       890   -170      731
  SINCE JUL 1   3461                      4167   -706     3856

 COOLING
  TODAY            0                         5     -5        6
  MONTH TO DATE   71                        81    -10       24
  SINCE MAR 1     81                       102    -21       46
  SINCE JAN 1     82                       102    -20       46
..................................................................


WIND (MPH)
  RESULTANT WIND SPEED  10   RESULTANT WIND DIRECTION  NW (320)
  HIGHEST WIND SPEED    21   HIGHEST WIND DIRECTION     W (290)
  HIGHEST GUST SPEED    33   HIGHEST GUST DIRECTION     W (270)
  AVERAGE WIND SPEED    11.7


SKY COVER
  AVERAGE SKY COVER 0.1


WEATHER CONDITIONS
 THE FOLLOWING WEATHER WAS RECORDED TODAY.
  NO SIGNIFICANT WEATHER WAS OBSERVED.


RELATIVE HUMIDITY (PERCENT)
 HIGHEST    77           400 AM
 LOWEST     19          1200 AM
 AVERAGE    48

..........................................................


THE AMARILLO CLIMATE NORMALS FOR TOMORROW
                         NORMAL    RECORD    YEAR
 MAXIMUM TEMPERATURE (F)   83       100      2011
 MINIMUM TEMPERATURE (F)   56        39      1992
                                             1947


SUNRISE AND SUNSET
MAY 27 2016...........SUNRISE   635 AM CDT   SUNSET   853 PM CDT
MAY 28 2016...........SUNRISE   635 AM CDT   SUNSET   854 PM CDT


-  INDICATES NEGATIVE NUMBERS.
R  INDICATES RECORD WAS SET OR TIED.
MM INDICATES DATA IS MISSING.
T  INDICATES TRACE AMOUNT.




$$
