000
CDUS44 KAMA 140631
CLIAMA


CLIMATE REPORT
NATIONAL WEATHER SERVICE AMARILLO TX
130 AM CDT MON JUL 14 2014


...................................

...THE AMARILLO CLIMATE SUMMARY FOR JULY 13 2014...

CLIMATE NORMAL PERIOD 1981 TO 2010
CLIMATE RECORD PERIOD 1892 TO 2014


WEATHER ITEM   OBSERVED TIME   RECORD YEAR NORMAL DEPARTURE LAST
                VALUE   (LST)  VALUE       VALUE  FROM      YEAR
                                                  NORMAL
..................................................................
TEMPERATURE (F)
 YESTERDAY
  MAXIMUM         92    347 PM 104    1933  92      0      100
  MINIMUM         70    624 AM  53    1987  65      5       71
  AVERAGE         81                        78      3       86

PRECIPITATION (IN)
  YESTERDAY        0.01          0.83 1956   0.09  -0.08     0.00
  MONTH TO DATE    0.05                      1.11  -1.06     0.04
  SINCE JUN 1      5.45                      4.27   1.18     2.84
  SINCE JAN 1     10.16                     10.63  -0.47     9.13

SNOWFALL (IN)
  YESTERDAY        0.0           0.0    MM   0.0    0.0      0.0
  MONTH TO DATE    0.0                       0.0    0.0      0.0
  SINCE JUN 1      0.0                       0.0    0.0      0.0
  SINCE JUL 1      0.0                       0.0    0.0      0.0
  SNOW DEPTH       0

DEGREE DAYS
 HEATING
  YESTERDAY        0                         0      0        0
  MONTH TO DATE    0                         0      0        0
  SINCE JUN 1      4                         7     -3        0
  SINCE JUL 1      0                         0      0        0

 COOLING
  YESTERDAY       16                        14      2       21
  MONTH TO DATE  155                       171    -16      197
  SINCE JUN 1    473                       459     14      588
  SINCE JAN 1    670                       584     86      836
..................................................................


WIND (MPH)
  RESULTANT WIND SPEED   2   RESULTANT WIND DIRECTION   E (110)
  HIGHEST WIND SPEED    22   HIGHEST WIND DIRECTION     N (350)
  HIGHEST GUST SPEED    27   HIGHEST GUST DIRECTION     S (160)
  AVERAGE WIND SPEED     9.1


SKY COVER
  AVERAGE SKY COVER 0.4


WEATHER CONDITIONS
 THE FOLLOWING WEATHER WAS RECORDED YESTERDAY.
  THUNDERSTORM
  LIGHT RAIN


RELATIVE HUMIDITY (PERCENT)
 HIGHEST    84          1100 PM
 LOWEST     38           300 PM
 AVERAGE    61

..........................................................


THE AMARILLO CLIMATE NORMALS FOR TODAY
                         NORMAL    RECORD    YEAR
 MAXIMUM TEMPERATURE (F)   92       104      1933
 MINIMUM TEMPERATURE (F)   65        51      1990


SUNRISE AND SUNSET
JULY 14 2014..........SUNRISE   643 AM CDT   SUNSET   902 PM CDT
JULY 15 2014..........SUNRISE   644 AM CDT   SUNSET   902 PM CDT


-  INDICATES NEGATIVE NUMBERS.
R  INDICATES RECORD WAS SET OR TIED.
MM INDICATES DATA IS MISSING.
T  INDICATES TRACE AMOUNT.




$$
