000
CDUS44 KAMA 302128
CLIAMA


CLIMATE REPORT
NATIONAL WEATHER SERVICE AMARILLO TX
427 PM CDT SAT APR 30 2016


...................................

...THE AMARILLO CLIMATE SUMMARY FOR APRIL 30 2016...
VALID TODAY AS OF 0430 PM LOCAL TIME.

CLIMATE NORMAL PERIOD 1981 TO 2010
CLIMATE RECORD PERIOD 1892 TO 2016


WEATHER ITEM   OBSERVED TIME   RECORD YEAR NORMAL DEPARTURE LAST
                VALUE   (LST)  VALUE       VALUE  FROM      YEAR
                                                  NORMAL
..................................................................
TEMPERATURE (F)
 TODAY
  MAXIMUM         60    224 PM  97    2013  75    -15       80
  MINIMUM         36    623 AM  23    1907  46    -10       47
  AVERAGE         48                        61    -13       64

PRECIPITATION (IN)
  TODAY            0.00          2.65 1999   0.05  -0.05     0.00
  MONTH TO DATE    3.32                      1.40   1.92     2.97
  SINCE MAR 1      3.59                      2.79   0.80     3.18
  SINCE JAN 1      4.28                      4.07   0.21     5.26

SNOWFALL (IN)
  TODAY            0.0           0.8  1909   0.0    0.0      0.0
  MONTH TO DATE    0.0                       0.7   -0.7       T
  SINCE MAR 1      1.3                       3.6   -2.3      0.1
  SINCE JUL 1     13.4                      17.6   -4.2     23.9
  SNOW DEPTH       0

DEGREE DAYS
 HEATING
  TODAY           17                         6     11        1
  MONTH TO DATE  225                       281    -56      188
  SINCE MAR 1    595                       811   -216      628
  SINCE JUL 1   3336                      4088   -752     3753

 COOLING
  TODAY            0                         1     -1        0
  MONTH TO DATE    8                        19    -11       20
  SINCE MAR 1     10                        21    -11       22
  SINCE JAN 1     11                        21    -10       22
..................................................................


WIND (MPH)
  RESULTANT WIND SPEED   8   RESULTANT WIND DIRECTION  NW (330)
  HIGHEST WIND SPEED    18   HIGHEST WIND DIRECTION     N (340)
  HIGHEST GUST SPEED    23   HIGHEST GUST DIRECTION     N (350)
  AVERAGE WIND SPEED     8.9


SKY COVER
  AVERAGE SKY COVER 0.5


WEATHER CONDITIONS
 THE FOLLOWING WEATHER WAS RECORDED TODAY.
  NO SIGNIFICANT WEATHER WAS OBSERVED.


RELATIVE HUMIDITY (PERCENT)
 HIGHEST    92           200 AM
 LOWEST     47           100 PM
 AVERAGE    70

..........................................................


THE AMARILLO CLIMATE NORMALS FOR TOMORROW
                         NORMAL    RECORD    YEAR
 MAXIMUM TEMPERATURE (F)   75        95      1992
 MINIMUM TEMPERATURE (F)   47        27      1909


SUNRISE AND SUNSET
APRIL 30 2016.........SUNRISE   656 AM CDT   SUNSET   832 PM CDT
MAY  1 2016...........SUNRISE   655 AM CDT   SUNSET   833 PM CDT


-  INDICATES NEGATIVE NUMBERS.
R  INDICATES RECORD WAS SET OR TIED.
MM INDICATES DATA IS MISSING.
T  INDICATES TRACE AMOUNT.




$$
