301
CDUS44 KAMA 132230
CLIAMA


CLIMATE REPORT
NATIONAL WEATHER SERVICE AMARILLO TX
429 PM CST SAT FEB 13 2016


...................................

...THE AMARILLO CLIMATE SUMMARY FOR FEBRUARY 13 2016...
VALID TODAY AS OF 0400 PM LOCAL TIME.

CLIMATE NORMAL PERIOD 1981 TO 2010
CLIMATE RECORD PERIOD 1892 TO 2016


WEATHER ITEM   OBSERVED TIME   RECORD YEAR NORMAL DEPARTURE LAST
                VALUE   (LST)  VALUE       VALUE  FROM      YEAR
                                                  NORMAL
..................................................................
TEMPERATURE (F)
 TODAY
  MAXIMUM         69    259 PM  78    1954  54     15       70
  MINIMUM         28    735 AM -15    1905  26      2       33
  AVERAGE         49                        40      9       52

PRECIPITATION (IN)
  TODAY            0.00          0.40 1928   0.02  -0.02     0.00
  MONTH TO DATE    0.11                      0.28  -0.17      T
  SINCE DEC 1      1.08                      1.71  -0.63     1.74
  SINCE JAN 1      0.30                      1.00  -0.70     1.61

SNOWFALL (IN)
  TODAY            0.0           3.8  1928   0.1   -0.1      0.0
  MONTH TO DATE    T                         1.8   -1.8       T
  SINCE DEC 1      7.6                      10.2   -2.6     14.5
  SINCE JUL 1      8.9                      12.9   -4.0     17.0
  SNOW DEPTH       0

DEGREE DAYS
 HEATING
  TODAY           16                        25     -9       13
  MONTH TO DATE  309                       341    -32      233
  SINCE DEC 1   1851                      2082   -231     1879
  SINCE JUL 1   2510                      2926   -416     2673

 COOLING
  TODAY            0                         0      0        0
  MONTH TO DATE    0                         0      0        0
  SINCE DEC 1      0                         0      0        0
  SINCE JAN 1      0                         0      0        0
..................................................................


WIND (MPH)
  RESULTANT WIND SPEED  19   RESULTANT WIND DIRECTION   S (170)
  HIGHEST WIND SPEED    36   HIGHEST WIND DIRECTION     S (190)
  HIGHEST GUST SPEED    42   HIGHEST GUST DIRECTION     S (180)
  AVERAGE WIND SPEED    20.1


SKY COVER
  AVERAGE SKY COVER 0.0


WEATHER CONDITIONS
 THE FOLLOWING WEATHER WAS RECORDED TODAY.
  FOG


RELATIVE HUMIDITY (PERCENT)
 HIGHEST    92           500 AM
 LOWEST     25           400 PM
 AVERAGE    59

..........................................................


THE AMARILLO CLIMATE NORMALS FOR TOMORROW
                         NORMAL    RECORD    YEAR
 MAXIMUM TEMPERATURE (F)   54        86      1979
 MINIMUM TEMPERATURE (F)   26        -2      1895


SUNRISE AND SUNSET
FEBRUARY 13 2016......SUNRISE   736 AM CST   SUNSET   627 PM CST
FEBRUARY 14 2016......SUNRISE   735 AM CST   SUNSET   628 PM CST


-  INDICATES NEGATIVE NUMBERS.
R  INDICATES RECORD WAS SET OR TIED.
MM INDICATES DATA IS MISSING.
T  INDICATES TRACE AMOUNT.




$$
