386
CDUS42 KJAX 282130
CLIAMG


CLIMATE REPORT
NATIONAL WEATHER SERVICE JACKSONVILLE FL
529 PM EDT TUE MAR 28 2017


...................................

...THE ALMA CLIMATE SUMMARY FOR MARCH 28 2017...
VALID TODAY AS OF 0500 PM LOCAL TIME.

CLIMATE NORMAL PERIOD 1981 TO 2010
CLIMATE RECORD PERIOD 1948 TO 2017


WEATHER ITEM   OBSERVED TIME   RECORD YEAR NORMAL DEPARTURE LAST
                VALUE   (LST)  VALUE       VALUE  FROM      YEAR
                                                  NORMAL
..................................................................
TEMPERATURE (F)
 TODAY
  MAXIMUM         83    318 PM  87    2007  75      8       79
  MINIMUM         59    653 AM  25    1955  50      9       60
  AVERAGE         71                        62      9       70

PRECIPITATION (IN)
  TODAY            0.00          5.25 2009   0.14  -0.14     0.00
  MONTH TO DATE    0.54                      4.32  -3.78     2.87
  SINCE MAR 1      0.54                      4.32  -3.78     2.87
  SINCE JAN 1      8.67                     12.38  -3.71    12.12

SNOWFALL (IN)
  TODAY            0.0           0.0    MM   0.0    0.0      0.0
  MONTH TO DATE    0.0                       0.0    0.0      0.0
  SINCE MAR 1      0.0                       0.0    0.0      0.0
  SINCE JUL 1      0.0                       0.1   -0.1      0.0
  SNOW DEPTH       0

DEGREE DAYS
 HEATING
  TODAY            0                         4     -4        0
  MONTH TO DATE  197                       176     21      108
  SINCE MAR 1    197                       176     21      108
  SINCE JUL 1   1053                      1577   -524     1206

 COOLING
  TODAY            6                         2      4        5
  MONTH TO DATE   37                        31      6       71
  SINCE MAR 1     37                        31      6       71
  SINCE JAN 1     92                        47     45       84
..................................................................


WIND (MPH)
  HIGHEST WIND SPEED    14   HIGHEST WIND DIRECTION    SW (240)
  HIGHEST GUST SPEED    19   HIGHEST GUST DIRECTION    SW (230)
  AVERAGE WIND SPEED     7.3


SKY COVER
  POSSIBLE SUNSHINE  MM
  AVERAGE SKY COVER 0.2


WEATHER CONDITIONS
 THE FOLLOWING WEATHER WAS RECORDED TODAY.
  NO SIGNIFICANT WEATHER WAS OBSERVED.


RELATIVE HUMIDITY (PERCENT)
 HIGHEST    93           700 AM
 LOWEST     46           300 PM
 AVERAGE    70

..........................................................


THE ALMA CLIMATE NORMALS FOR TOMORROW
                         NORMAL    RECORD    YEAR
 MAXIMUM TEMPERATURE (F)   75        86      1998
 MINIMUM TEMPERATURE (F)   50        29      1955


SUNRISE AND SUNSET
MARCH 28 2017.........SUNRISE   723 AM EDT   SUNSET   747 PM EDT
MARCH 29 2017.........SUNRISE   722 AM EDT   SUNSET   748 PM EDT


-  INDICATES NEGATIVE NUMBERS.
R  INDICATES RECORD WAS SET OR TIED.
MM INDICATES DATA IS MISSING.
T  INDICATES TRACE AMOUNT.




$$
