000
CDUS42 KJAX 212229
CLIAMG


CLIMATE REPORT
NATIONAL WEATHER SERVICE JACKSONVILLE FL
529 PM EST FRI NOV 21 2014


...................................

...THE ALMA CLIMATE SUMMARY FOR NOVEMBER 21 2014...
VALID TODAY AS OF 0500 PM LOCAL TIME.

CLIMATE NORMAL PERIOD 1981 TO 2010
CLIMATE RECORD PERIOD 1948 TO 2014


WEATHER ITEM   OBSERVED TIME   RECORD YEAR NORMAL DEPARTURE LAST
                VALUE   (LST)  VALUE       VALUE  FROM      YEAR
                                                  NORMAL
..................................................................
TEMPERATURE (F)
 TODAY
  MAXIMUM         69    335 PM  83    2011  70     -1       73
  MINIMUM         32    720 AM  26    1968  47    -15       54
  AVERAGE         51                        58     -7       64

PRECIPITATION (IN)
  TODAY            0.00          2.16 2005   0.08  -0.08     0.00
  MONTH TO DATE    0.20                      1.70  -1.50     0.62
  SINCE SEP 1      5.24                      8.37  -3.13     3.46
  SINCE JAN 1     33.10                     42.58  -9.48    46.33

SNOWFALL (IN)
  TODAY            0.0           0.0    MM   0.0    0.0      0.0
  MONTH TO DATE    0.0                       0.0    0.0      0.0
  SINCE SEP 1      0.0                       0.0    0.0      0.0
  SINCE JUL 1      0.0                       0.0    0.0      0.0
  SNOW DEPTH       0

DEGREE DAYS
 HEATING
  TODAY           14                         8      6        1
  MONTH TO DATE  251                       116    135      120
  SINCE SEP 1    299                       166    133      164
  SINCE JUL 1    299                       166    133      164

 COOLING
  TODAY            0                         1     -1        0
  MONTH TO DATE    3                        33    -30       21
  SINCE SEP 1    527                       551    -24      540
  SINCE JAN 1   2434                      2458    -24     2317
..................................................................


WIND (MPH)
  HIGHEST WIND SPEED    10   HIGHEST WIND DIRECTION    NE (60)
  HIGHEST GUST SPEED    17   HIGHEST GUST DIRECTION    NE (60)
  AVERAGE WIND SPEED     3.3


SKY COVER
  POSSIBLE SUNSHINE  MM
  AVERAGE SKY COVER 0.0


WEATHER CONDITIONS
 THE FOLLOWING WEATHER WAS RECORDED TODAY.
  FOG


RELATIVE HUMIDITY (PERCENT)
 HIGHEST    96           400 AM
 LOWEST     22           400 PM
 AVERAGE    59

..........................................................


THE ALMA CLIMATE NORMALS FOR TOMORROW
                         NORMAL    RECORD    YEAR
 MAXIMUM TEMPERATURE (F)   70        83      2011
 MINIMUM TEMPERATURE (F)   47        26      1981


SUNRISE AND SUNSET
NOVEMBER 21 2014......SUNRISE   703 AM EST   SUNSET   528 PM EST
NOVEMBER 22 2014......SUNRISE   704 AM EST   SUNSET   528 PM EST


-  INDICATES NEGATIVE NUMBERS.
R  INDICATES RECORD WAS SET OR TIED.
MM INDICATES DATA IS MISSING.
T  INDICATES TRACE AMOUNT.




$$
