000
CDUS42 KJAX 190535
CLIAMG


CLIMATE REPORT
NATIONAL WEATHER SERVICE JACKSONVILLE FL
1231 AM EST SUN FEB 19 2017


...................................

...THE ALMA CLIMATE SUMMARY FOR FEBRUARY 18 2017...

CLIMATE NORMAL PERIOD 1981 TO 2010
CLIMATE RECORD PERIOD 1948 TO 2017


WEATHER ITEM   OBSERVED TIME   RECORD YEAR NORMAL DEPARTURE LAST
                VALUE   (LST)  VALUE       VALUE  FROM      YEAR
                                                  NORMAL
..................................................................
TEMPERATURE (F)
 YESTERDAY
  MAXIMUM         68    510 PM  83    1956  66      2       66
  MINIMUM         46    720 AM  14    1958  44      2       38
  AVERAGE         57                        55      2       52

PRECIPITATION (IN)
  YESTERDAY        T             2.34 1964   0.13  -0.13     0.00
  MONTH TO DATE    0.48                      2.39  -1.91     4.09
  SINCE DEC 1     12.29                      9.94   2.35    10.65
  SINCE JAN 1      7.57                      6.65   0.92     8.68

SNOWFALL (IN)
  YESTERDAY        0.0           0.0    MM   0.0    0.0      0.0
  MONTH TO DATE    0.0                       0.0    0.0      0.0
  SINCE DEC 1      0.0                       0.1   -0.1      0.0
  SINCE JUL 1      0.0                       0.1   -0.1      0.0
  SNOW DEPTH       0

DEGREE DAYS
 HEATING
  YESTERDAY        8                        11     -3       13
  MONTH TO DATE  123                       216    -93      243
  SINCE DEC 1    644                      1061   -417      884
  SINCE JUL 1    832                      1305   -473     1002

 COOLING
  YESTERDAY        0                         0      0        0
  MONTH TO DATE    9                         0      9        9
  SINCE DEC 1     48                        16     32      106
  SINCE JAN 1     35                         5     30        9
..................................................................


WIND (MPH)
  HIGHEST WIND SPEED    15   HIGHEST WIND DIRECTION    SE (150)
  HIGHEST GUST SPEED    20   HIGHEST GUST DIRECTION     S (160)
  AVERAGE WIND SPEED     2.2


SKY COVER
  POSSIBLE SUNSHINE  MM
  AVERAGE SKY COVER 0.3


WEATHER CONDITIONS
 THE FOLLOWING WEATHER WAS RECORDED YESTERDAY.
  LIGHT RAIN
  FOG
  HAZE


RELATIVE HUMIDITY (PERCENT)
 HIGHEST    93           400 AM
 LOWEST     58           400 PM
 AVERAGE    76

..........................................................


THE ALMA CLIMATE NORMALS FOR TODAY
                         NORMAL    RECORD    YEAR
 MAXIMUM TEMPERATURE (F)   66        81      2011
                                             1951
 MINIMUM TEMPERATURE (F)   44        19      1958


SUNRISE AND SUNSET
FEBRUARY 19 2017......SUNRISE   707 AM EST   SUNSET   621 PM EST
FEBRUARY 20 2017......SUNRISE   706 AM EST   SUNSET   621 PM EST


-  INDICATES NEGATIVE NUMBERS.
R  INDICATES RECORD WAS SET OR TIED.
MM INDICATES DATA IS MISSING.
T  INDICATES TRACE AMOUNT.




$$
