000
CDUS42 KJAX 282228
CLIAMG


CLIMATE REPORT
NATIONAL WEATHER SERVICE JACKSONVILLE FL
528 PM EST SAT FEB 28 2015


...................................

...THE ALMA CLIMATE SUMMARY FOR FEBRUARY 28 2015...
VALID TODAY AS OF 0500 PM LOCAL TIME.

CLIMATE NORMAL PERIOD 1981 TO 2010
CLIMATE RECORD PERIOD 1948 TO 2015


WEATHER ITEM   OBSERVED TIME   RECORD YEAR NORMAL DEPARTURE LAST
                VALUE   (LST)  VALUE       VALUE  FROM      YEAR
                                                  NORMAL
..................................................................
TEMPERATURE (F)
 TODAY
  MAXIMUM         47    915 AM  84    2011  68    -21       64
                                      1962
  MINIMUM         41    119 AM  20    2002  45     -4       27
  AVERAGE         44                        57    -13       46

PRECIPITATION (IN)
  TODAY            0.32          1.24 1966   0.14   0.18     0.00
  MONTH TO DATE    3.60                      3.80  -0.20     1.91
  SINCE DEC 1     10.23                     11.35  -1.12     6.35
  SINCE JAN 1      5.81                      8.06  -2.25     3.52

SNOWFALL (IN)
  TODAY            0.0           0.0    MM   0.0    0.0      0.0
  MONTH TO DATE    0.0                       0.0    0.0      0.0
  SINCE DEC 1      0.0                       0.1   -0.1       T
  SINCE JUL 1      0.0                       0.1   -0.1       T
  SNOW DEPTH       0

DEGREE DAYS
 HEATING
  TODAY           21                         9     12       19
  MONTH TO DATE  477                       311    166      303
  SINCE DEC 1   1277                      1157    120     1192
  SINCE JUL 1   1675                      1401    274     1467

 COOLING
  TODAY            0                         1     -1        0
  MONTH TO DATE    0                        11    -11        7
  SINCE DEC 1      4                        27    -23       38
  SINCE JAN 1      3                        16    -13        8
..................................................................


WIND (MPH)
  HIGHEST WIND SPEED    12   HIGHEST WIND DIRECTION    NE (50)
  HIGHEST GUST SPEED    20   HIGHEST GUST DIRECTION    NE (50)
  AVERAGE WIND SPEED     5.6


SKY COVER
  POSSIBLE SUNSHINE  MM
  AVERAGE SKY COVER 0.9


WEATHER CONDITIONS
 THE FOLLOWING WEATHER WAS RECORDED TODAY.
  RAIN
  LIGHT RAIN
  FOG
  HAZE


RELATIVE HUMIDITY (PERCENT)
 HIGHEST    96           400 PM
 LOWEST     65           600 AM
 AVERAGE    81

..........................................................


THE ALMA CLIMATE NORMALS FOR TOMORROW
                         NORMAL    RECORD    YEAR
 MAXIMUM TEMPERATURE (F)   69        86      1997
 MINIMUM TEMPERATURE (F)   45        22      2002


SUNRISE AND SUNSET
FEBRUARY 28 2015......SUNRISE   658 AM EST   SUNSET   627 PM EST
MARCH  1 2015.........SUNRISE   657 AM EST   SUNSET   628 PM EST


-  INDICATES NEGATIVE NUMBERS.
R  INDICATES RECORD WAS SET OR TIED.
MM INDICATES DATA IS MISSING.
T  INDICATES TRACE AMOUNT.




$$
