000
CDUS42 KJAX 290532
CLIAMG


CLIMATE REPORT
NATIONAL WEATHER SERVICE JACKSONVILLE FL
132 AM EDT SUN MAR 29 2015


...................................

...THE ALMA CLIMATE SUMMARY FOR MARCH 28 2015...

CLIMATE NORMAL PERIOD 1981 TO 2010
CLIMATE RECORD PERIOD 1948 TO 2015


WEATHER ITEM   OBSERVED TIME   RECORD YEAR NORMAL DEPARTURE LAST
                VALUE   (LST)  VALUE       VALUE  FROM      YEAR
                                                  NORMAL
..................................................................
TEMPERATURE (F)
 YESTERDAY
  MAXIMUM         59        MM  87    2007  75    -16       73
  MINIMUM         41        MM  25    1955  50     -9       52
  AVERAGE         50                        62    -12       63

PRECIPITATION (IN)
  YESTERDAY        0.00          5.25 2009   0.14  -0.14     0.14
  MONTH TO DATE    2.51                      4.32  -1.81     3.12
  SINCE MAR 1      2.51                      4.32  -1.81     3.12
  SINCE JAN 1      8.34                     12.38  -4.04     6.64

SNOWFALL (IN)
  YESTERDAY        0.0           0.0    MM   0.0    0.0      0.0
  MONTH TO DATE    0.0                       0.0    0.0      0.0
  SINCE MAR 1      0.0                       0.0    0.0      0.0
  SINCE JUL 1      0.0                       0.1   -0.1       T
  SNOW DEPTH       0

DEGREE DAYS
 HEATING
  YESTERDAY       15                         4     11        2
  MONTH TO DATE  110                       176    -66      266
  SINCE MAR 1    110                       176    -66      266
  SINCE JUL 1   1785                      1577    208     1733

 COOLING
  YESTERDAY        0                         2     -2        0
  MONTH TO DATE   51                        31     20        1
  SINCE MAR 1     51                        31     20        1
  SINCE JAN 1     54                        47      7        9
..................................................................


WIND (MPH)
  HIGHEST WIND SPEED    16   HIGHEST WIND DIRECTION     W (290)
  HIGHEST GUST SPEED    24   HIGHEST GUST DIRECTION     W (290)
  AVERAGE WIND SPEED     8.2


SKY COVER
  POSSIBLE SUNSHINE  MM
  AVERAGE SKY COVER 0.1


WEATHER CONDITIONS
 THE FOLLOWING WEATHER WAS RECORDED YESTERDAY.
  NO SIGNIFICANT WEATHER WAS OBSERVED.


RELATIVE HUMIDITY (PERCENT)
 HIGHEST    86          1000 PM
 LOWEST     28           400 PM
 AVERAGE    57

..........................................................


THE ALMA CLIMATE NORMALS FOR TODAY
                         NORMAL    RECORD    YEAR
 MAXIMUM TEMPERATURE (F)   75        86      1998
 MINIMUM TEMPERATURE (F)   50        29      1955


SUNRISE AND SUNSET
MARCH 29 2015.........SUNRISE   723 AM EDT   SUNSET   747 PM EDT
MARCH 30 2015.........SUNRISE   721 AM EDT   SUNSET   748 PM EDT


-  INDICATES NEGATIVE NUMBERS.
R  INDICATES RECORD WAS SET OR TIED.
MM INDICATES DATA IS MISSING.
T  INDICATES TRACE AMOUNT.




$$
