000
CDUS44 KBMX 220741
CLIANB


CLIMATE REPORT
NATIONAL WEATHER SERVICE BIRMINGHAM, AL
139 AM CST MON DEC 22 2014


...................................

...THE ANNISTON CLIMATE SUMMARY FOR DECEMBER 21 2014...

CLIMATE NORMAL PERIOD 1981 TO 2010
CLIMATE RECORD PERIOD 1903 TO 2014


WEATHER ITEM   OBSERVED TIME   RECORD YEAR NORMAL DEPARTURE LAST
                VALUE   (LST)  VALUE       VALUE  FROM      YEAR
                                                  NORMAL
..................................................................
TEMPERATURE (F)
 YESTERDAY
  MAXIMUM         54    245 PM  77    2013  55     -1       77
  MINIMUM         44    709 AM  16    1945  34     10       58
  AVERAGE         49                        44      5       68

PRECIPITATION (IN)
  YESTERDAY        0.00          1.38 1962   0.12  -0.12     0.05
  MONTH TO DATE    1.72                      2.89  -1.17     5.18
  SINCE DEC 1      1.72                      2.89  -1.17     5.18
  SINCE JAN 1     44.99                     48.44  -3.45    71.24

SNOWFALL (IN)
  YESTERDAY        0.0                       0.0             0.0
  MONTH TO DATE    0.0                       0.0             0.0
  SINCE DEC 1      0.0                       0.0             0.0
  SINCE JUL 1      0.0                       0.0             0.0

DEGREE DAYS
 HEATING
  YESTERDAY       16
  MONTH TO DATE  347
  SINCE DEC 1    347
  SINCE JUL 1    975
..................................................................


WIND (MPH)
  HIGHEST WIND SPEED    12   HIGHEST WIND DIRECTION     E (90)
  HIGHEST GUST SPEED    15   HIGHEST GUST DIRECTION     E (100)
  AVERAGE WIND SPEED     5.5


SKY COVER
  AVERAGE SKY COVER 1.0


WEATHER CONDITIONS
 THE FOLLOWING WEATHER WAS RECORDED YESTERDAY.
  FOG
  HAZE


RELATIVE HUMIDITY (PERCENT)
 HIGHEST    92
 LOWEST     71
 AVERAGE    82

..........................................................


THE ANNISTON CLIMATE NORMALS FOR TODAY
                         NORMAL    RECORD    YEAR
 MAXIMUM TEMPERATURE (F)   54        73      2013
                                             1990
 MINIMUM TEMPERATURE (F)   34         8      1989


SUNRISE AND SUNSET
DECEMBER 22 2014......SUNRISE   644 AM CST   SUNSET   440 PM CST
DECEMBER 23 2014......SUNRISE   645 AM CST   SUNSET   440 PM CST


-  INDICATES NEGATIVE NUMBERS.
R  INDICATES RECORD WAS SET OR TIED.
MM INDICATES DATA IS MISSING.
T  INDICATES TRACE AMOUNT.




$$
