000
CDUS44 KBMX 062244
CLIANB


CLIMATE REPORT
NATIONAL WEATHER SERVICE BIRMINGHAM, AL
442 PM CST FRI MAR 6 2015


...................................

...THE ANNISTON CLIMATE SUMMARY FOR MARCH 6 2015...
VALID AS OF 0400 PM LOCAL TIME.

CLIMATE NORMAL PERIOD 1981 TO 2010
CLIMATE RECORD PERIOD 1903 TO 2015


WEATHER ITEM   OBSERVED TIME   RECORD YEAR NORMAL DEPARTURE LAST
                VALUE   (LST)  VALUE       VALUE  FROM      YEAR
                                                  NORMAL
..................................................................
TEMPERATURE (F)
 TODAY
  MAXIMUM         48    255 PM  84    1974  64    -16       48
  MINIMUM         22    433 AM  21    1960  41    -19       37
  AVERAGE         35

PRECIPITATION (IN)
  TODAY            0.00          3.03 1996   0.18  -0.18     0.91
  MONTH TO DATE    0.64                      1.05  -0.41     1.24
  SINCE MAR 1      0.64                      1.05  -0.41     1.24
  SINCE JAN 1      8.80                     10.65  -1.85     8.40

DEGREE DAYS
 HEATING
  TODAY           30
  MONTH TO DATE   79
  SINCE MAR 1     79
  SINCE JUL 1   2600
..................................................................


WIND (MPH)
  HIGHEST WIND SPEED    12   HIGHEST WIND DIRECTION     N (20)
  HIGHEST GUST SPEED    18   HIGHEST GUST DIRECTION    NE (50)
  AVERAGE WIND SPEED     5.1


SKY COVER
  AVERAGE SKY COVER 0.5


WEATHER CONDITIONS
 THE FOLLOWING WEATHER WAS RECORDED TODAY.
  NO SIGNIFICANT WEATHER WAS OBSERVED.


RELATIVE HUMIDITY (PERCENT)
 HIGHEST    74
 LOWEST     49
 AVERAGE    62

..........................................................


THE ANNISTON CLIMATE NORMALS FOR TOMORROW
                         NORMAL    RECORD    YEAR
 MAXIMUM TEMPERATURE (F)   64        85      1974
                                             1956
 MINIMUM TEMPERATURE (F)   41        22      1966


SUNRISE AND SUNSET
MARCH  6 2015.........SUNRISE   606 AM CST   SUNSET   544 PM CST
MARCH  7 2015.........SUNRISE   605 AM CST   SUNSET   545 PM CST


-  INDICATES NEGATIVE NUMBERS.
R  INDICATES RECORD WAS SET OR TIED.
MM INDICATES DATA IS MISSING.
T  INDICATES TRACE AMOUNT.




$$
