000
CDUS44 KBMX 012206
CLIANB


CLIMATE REPORT
NATIONAL WEATHER SERVICE BIRMINGHAM, AL
506 PM CDT SUN MAY 1 2016


...................................

...THE ANNISTON CLIMATE SUMMARY FOR MAY 1 2016...
VALID AS OF 0400 PM LOCAL TIME.

CLIMATE NORMAL PERIOD 1981 TO 2010
CLIMATE RECORD PERIOD 1903 TO 2016


WEATHER ITEM   OBSERVED TIME   RECORD YEAR NORMAL DEPARTURE LAST
                VALUE   (LST)  VALUE       VALUE  FROM      YEAR
                                                  NORMAL
..................................................................
TEMPERATURE (F)
 TODAY
  MAXIMUM         80   1106 AM  90    1987  78      2       72
                                      1959
  MINIMUM         64    346 AM  41    1999  54     10       46
                                      1996
  AVERAGE         72

PRECIPITATION (IN)
  TODAY            0.79          1.97 1985   0.14   0.65     0.00
  MONTH TO DATE    0.79                      0.14   0.65     0.00
  SINCE MAR 1      7.18                      9.21  -2.03    13.83
  SINCE JAN 1     16.02                     18.81  -2.79    21.99

DEGREE DAYS
 HEATING
  TODAY            0
  MONTH TO DATE    0
  SINCE MAR 1    296
  SINCE JUL 1   2030
..................................................................


WIND (MPH)
  HIGHEST WIND SPEED    18   HIGHEST WIND DIRECTION    SW (230)
  HIGHEST GUST SPEED    27   HIGHEST GUST DIRECTION    SW (240)
  AVERAGE WIND SPEED     2.7


SKY COVER
  AVERAGE SKY COVER 0.4


WEATHER CONDITIONS
 THE FOLLOWING WEATHER WAS RECORDED TODAY.
  THUNDERSTORM
  LIGHT RAIN
  FOG


RELATIVE HUMIDITY (PERCENT)
 HIGHEST    93
 LOWEST     62
 AVERAGE    78

..........................................................


THE ANNISTON CLIMATE NORMALS FOR TOMORROW
                         NORMAL    RECORD    YEAR
 MAXIMUM TEMPERATURE (F)   78        92      1959
 MINIMUM TEMPERATURE (F)   54        36      1903


SUNRISE AND SUNSET
MAY  1 2016...........SUNRISE   554 AM CDT   SUNSET   727 PM CDT
MAY  2 2016...........SUNRISE   553 AM CDT   SUNSET   728 PM CDT


-  INDICATES NEGATIVE NUMBERS.
R  INDICATES RECORD WAS SET OR TIED.
MM INDICATES DATA IS MISSING.
T  INDICATES TRACE AMOUNT.




$$
