000
CDUS44 KBMX 010725
CLIANB


CLIMATE REPORT
NATIONAL WEATHER SERVICE BIRMINGHAM, AL
222 AM CDT SAT AUG 1 2015


...................................

...THE ANNISTON CLIMATE SUMMARY FOR JULY 31 2015...

CLIMATE NORMAL PERIOD 1981 TO 2010
CLIMATE RECORD PERIOD 1903 TO 2015


WEATHER ITEM   OBSERVED TIME   RECORD YEAR NORMAL DEPARTURE LAST
                VALUE   (LST)  VALUE       VALUE  FROM      YEAR
                                                  NORMAL
..................................................................
TEMPERATURE (F)
 YESTERDAY
  MAXIMUM         92    446 PM 100    1986  90      2       87
  MINIMUM         67   1158 PM  60    1965  70     -3       65
  AVERAGE         80                        80      0       76

PRECIPITATION (IN)
  YESTERDAY        0.00          1.91 2008   0.14  -0.14      T
  MONTH TO DATE    4.85                      4.62   0.23     0.57
  SINCE JUN 1      7.48                      8.70  -1.22     5.68
  SINCE JAN 1     32.00                     31.63   0.37    29.20

..................................................................


WIND (MPH)
  HIGHEST WIND SPEED    15   HIGHEST WIND DIRECTION     N (360)
  HIGHEST GUST SPEED    20   HIGHEST GUST DIRECTION     N (360)
  AVERAGE WIND SPEED     7.2


SKY COVER
  AVERAGE SKY COVER 0.0


WEATHER CONDITIONS
 THE FOLLOWING WEATHER WAS RECORDED YESTERDAY.
  NO SIGNIFICANT WEATHER WAS OBSERVED.


RELATIVE HUMIDITY (PERCENT)
 HIGHEST    78
 LOWEST     32
 AVERAGE    55

..........................................................


THE ANNISTON CLIMATE NORMALS FOR TODAY
                         NORMAL    RECORD    YEAR
 MAXIMUM TEMPERATURE (F)   90        99      1980
                                             1954
 MINIMUM TEMPERATURE (F)   70        59      1997


SUNRISE AND SUNSET
AUGUST  1 2015........SUNRISE   555 AM CDT   SUNSET   744 PM CDT
AUGUST  2 2015........SUNRISE   556 AM CDT   SUNSET   743 PM CDT


-  INDICATES NEGATIVE NUMBERS.
R  INDICATES RECORD WAS SET OR TIED.
MM INDICATES DATA IS MISSING.
T  INDICATES TRACE AMOUNT.




$$
