000
CDUS44 KBMX 270734
CLIANB


CLIMATE REPORT
NATIONAL WEATHER SERVICE BIRMINGHAM, AL
233 AM CDT TUE JUN 27 2017


...................................

...THE ANNISTON CLIMATE SUMMARY FOR JUNE 26 2017...

CLIMATE NORMAL PERIOD 1981 TO 2010
CLIMATE RECORD PERIOD 1903 TO 2017


WEATHER ITEM   OBSERVED TIME   RECORD YEAR NORMAL DEPARTURE LAST
                VALUE   (LST)  VALUE       VALUE  FROM      YEAR
                                                  NORMAL
..................................................................
TEMPERATURE (F)
 YESTERDAY
  MAXIMUM         85    355 PM  99    1971  89     -4       92
                                      1954
  MINIMUM         58    411 AM  49    1974  69    -11       72
  AVERAGE         72                        79     -7       82

PRECIPITATION (IN)
  YESTERDAY        0.00          1.56 1977   0.15  -0.15     0.00
  MONTH TO DATE    6.29                      3.51   2.78     1.56
  SINCE JUN 1      6.29                      3.51   2.78     1.56
  SINCE JAN 1     32.21                     26.44   5.77    21.28

..................................................................


WIND (MPH)
  HIGHEST WIND SPEED    16   HIGHEST WIND DIRECTION     N (20)
  HIGHEST GUST SPEED    21   HIGHEST GUST DIRECTION     N (360)
  AVERAGE WIND SPEED     3.5


SKY COVER
  AVERAGE SKY COVER 0.2


WEATHER CONDITIONS
 THE FOLLOWING WEATHER WAS RECORDED YESTERDAY.
  FOG
  FOG W/VISIBILITY <= 1/4 MILE


RELATIVE HUMIDITY (PERCENT)
 HIGHEST   100
 LOWEST     34
 AVERAGE    67

..........................................................


THE ANNISTON CLIMATE NORMALS FOR TODAY
                         NORMAL    RECORD    YEAR
 MAXIMUM TEMPERATURE (F)   89       102      1954
 MINIMUM TEMPERATURE (F)   69        54      1974


SUNRISE AND SUNSET
JUNE 27 2017..........SUNRISE   535 AM CDT   SUNSET   758 PM CDT
JUNE 28 2017..........SUNRISE   536 AM CDT   SUNSET   758 PM CDT


-  INDICATES NEGATIVE NUMBERS.
R  INDICATES RECORD WAS SET OR TIED.
MM INDICATES DATA IS MISSING.
T  INDICATES TRACE AMOUNT.




$$
