000
CDUS44 KBMX 180734
CLIANB


CLIMATE REPORT
NATIONAL WEATHER SERVICE BIRMINGHAM, AL
234 AM CDT FRI AUG 18 2017


...................................

...THE ANNISTON CLIMATE SUMMARY FOR AUGUST 17 2017...

CLIMATE NORMAL PERIOD 1981 TO 2010
CLIMATE RECORD PERIOD 1903 TO 2017


WEATHER ITEM   OBSERVED TIME   RECORD YEAR NORMAL DEPARTURE LAST
                VALUE   (LST)  VALUE       VALUE  FROM      YEAR
                                                  NORMAL
..................................................................
TEMPERATURE (F)
 YESTERDAY
  MAXIMUM         90    411 PM 101    2000  90      0       94
  MINIMUM         74    228 AM  62    2011  70      4       72
                                      1979
                                      1961
  AVERAGE         82                        80      2       83

PRECIPITATION (IN)
  YESTERDAY        0.00          1.84 1977   0.10  -0.10     0.01
  MONTH TO DATE    4.22                      1.88   2.34     1.37
  SINCE JUN 1     16.89                     10.58   6.31     5.95
  SINCE JAN 1     42.81                     33.51   9.30    25.67

..................................................................


WIND (MPH)
  HIGHEST WIND SPEED    13   HIGHEST WIND DIRECTION     W (250)
  HIGHEST GUST SPEED    16   HIGHEST GUST DIRECTION     W (260)
  AVERAGE WIND SPEED     5.0


SKY COVER
  AVERAGE SKY COVER 0.3


WEATHER CONDITIONS
 THE FOLLOWING WEATHER WAS RECORDED YESTERDAY.
  FOG


RELATIVE HUMIDITY (PERCENT)
 HIGHEST   100
 LOWEST     56
 AVERAGE    78

..........................................................


THE ANNISTON CLIMATE NORMALS FOR TODAY
                         NORMAL    RECORD    YEAR
 MAXIMUM TEMPERATURE (F)   90       101      2000
 MINIMUM TEMPERATURE (F)   70        59      1961
                                             1958


SUNRISE AND SUNSET
AUGUST 18 2017........SUNRISE   608 AM CDT   SUNSET   726 PM CDT
AUGUST 19 2017........SUNRISE   609 AM CDT   SUNSET   725 PM CDT


-  INDICATES NEGATIVE NUMBERS.
R  INDICATES RECORD WAS SET OR TIED.
MM INDICATES DATA IS MISSING.
T  INDICATES TRACE AMOUNT.




$$
