000
CDUS44 KBMX 010033
CLIANB


CLIMATE REPORT
NATIONAL WEATHER SERVICE BIRMINGHAM, AL
733 PM CDT THU JUN 30 2016


...................................

...THE ANNISTON CLIMATE SUMMARY FOR JUNE 30 2016...
VALID TODAY AS OF 0700 PM LOCAL TIME.

CLIMATE NORMAL PERIOD 1981 TO 2010
CLIMATE RECORD PERIOD 1903 TO 2016


WEATHER ITEM   OBSERVED RECORD YEAR NORMAL DEPARTURE LAST
                VALUE   VALUE       VALUE  FROM      YEAR
                                           NORMAL
...........................................................
TEMPERATURE (F)
 TODAY
  MAXIMUM         94    104    2012  89      5       85
  MINIMUM         65     55    1974  69     -4       68
  AVERAGE         80

PRECIPITATION (IN)
  TODAY            0.00   1.15 1931   0.14  -0.14     0.05
  MONTH TO DATE    1.56               4.08  -2.52     2.63
  SINCE JUN 1      1.56               4.08  -2.52     2.63
  SINCE JAN 1     21.28              27.01  -5.73    27.15

DEGREE DAYS
 COOLING
  TODAY           15                 14      1       12
  MONTH TO DATE  436                359     77      424
  SINCE JUN 1    436                359     77      424
  SINCE JAN 1    716                599    117      741
...........................................................


WIND (MPH)
  HIGHEST WIND SPEED    12   HIGHEST WIND DIRECTION     W (260)
  HIGHEST GUST SPEED    14   HIGHEST GUST DIRECTION     W (250)
  AVERAGE WIND SPEED     3.0


SKY COVER
  AVERAGE SKY COVER 0.0


WEATHER CONDITIONS
 THE FOLLOWING WEATHER WAS RECORDED TODAY.
  NO SIGNIFICANT WEATHER WAS OBSERVED.


RELATIVE HUMIDITY (PERCENT)
 HIGHEST    81
 LOWEST     20
 AVERAGE    51

..........................................................


THE ANNISTON CLIMATE NORMALS FOR TOMORROW
                         NORMAL    RECORD    YEAR
 MAXIMUM TEMPERATURE (F)   89       104      2012
 MINIMUM TEMPERATURE (F)   69        51      1950


SUNRISE AND SUNSET
JUNE 30 2016..........SUNRISE   537 AM CDT   SUNSET   758 PM CDT
JULY  1 2016..........SUNRISE   537 AM CDT   SUNSET   758 PM CDT


-  INDICATES NEGATIVE NUMBERS.
R  INDICATES RECORD WAS SET OR TIED.
MM INDICATES DATA IS MISSING.
T  INDICATES TRACE AMOUNT.




$$
