000
CDUS44 KBMX 300735
CLIANB


CLIMATE REPORT
NATIONAL WEATHER SERVICE BIRMINGHAM, AL
234 AM CDT SUN APR 30 2017


...................................

...THE ANNISTON CLIMATE SUMMARY FOR APRIL 29 2017...

CLIMATE NORMAL PERIOD 1981 TO 2010
CLIMATE RECORD PERIOD 1903 TO 2017


WEATHER ITEM   OBSERVED TIME   RECORD YEAR NORMAL DEPARTURE LAST
                VALUE   (LST)  VALUE       VALUE  FROM      YEAR
                                                  NORMAL
..................................................................
TEMPERATURE (F)
 YESTERDAY
  MAXIMUM         88    102 PM  90    1970  77     11       87
  MINIMUM         69    535 AM  37    1992  53     16       58
                                      1973
  AVERAGE         79                        65     14       73

PRECIPITATION (IN)
  YESTERDAY        0.00          6.15 1963   0.14  -0.14     0.09
  MONTH TO DATE    5.36                      3.98   1.38     3.10
  SINCE MAR 1      9.61                      8.94   0.67     6.39
  SINCE JAN 1     20.13                     18.54   1.59    15.23

SNOWFALL (IN)
  YESTERDAY        0.0                       0.0             0.0
  MONTH TO DATE    0.0                       0.2             0.0
  SINCE MAR 1      0.0                       0.9             0.0
  SINCE JUL 1      0.0                       2.0              T

DEGREE DAYS
 HEATING
  YESTERDAY        0
  MONTH TO DATE   51
  SINCE MAR 1    326
  SINCE JUL 1   1799
..................................................................


WIND (MPH)
  HIGHEST WIND SPEED    17   HIGHEST WIND DIRECTION     S (160)
  HIGHEST GUST SPEED    28   HIGHEST GUST DIRECTION    SE (140)
  AVERAGE WIND SPEED     6.9


SKY COVER
  AVERAGE SKY COVER 0.1


WEATHER CONDITIONS
 THE FOLLOWING WEATHER WAS RECORDED YESTERDAY.
  NO SIGNIFICANT WEATHER WAS OBSERVED.


RELATIVE HUMIDITY (PERCENT)
 HIGHEST    90
 LOWEST     48
 AVERAGE    69

..........................................................


THE ANNISTON CLIMATE NORMALS FOR TODAY
                         NORMAL    RECORD    YEAR
 MAXIMUM TEMPERATURE (F)   77        92      1970
 MINIMUM TEMPERATURE (F)   54        39      1965


SUNRISE AND SUNSET
APRIL 30 2017.........SUNRISE   556 AM CDT   SUNSET   726 PM CDT
MAY  1 2017...........SUNRISE   555 AM CDT   SUNSET   727 PM CDT


-  INDICATES NEGATIVE NUMBERS.
R  INDICATES RECORD WAS SET OR TIED.
MM INDICATES DATA IS MISSING.
T  INDICATES TRACE AMOUNT.




$$
