000
CDUS44 KBMX 180937
CLIANB


CLIMATE REPORT
NATIONAL WEATHER SERVICE BIRMINGHAM, AL
437 AM CDT THU SEP 18 2014


...................................

...THE ANNISTON CLIMATE SUMMARY FOR SEPTEMBER 17 2014...

CLIMATE NORMAL PERIOD 1981 TO 2010
CLIMATE RECORD PERIOD 1903 TO 2014


WEATHER ITEM   OBSERVED TIME   RECORD YEAR NORMAL DEPARTURE LAST
                VALUE   (LST)  VALUE       VALUE  FROM      YEAR
                                                  NORMAL
..................................................................
TEMPERATURE (F)
 YESTERDAY
  MAXIMUM         86    314 PM  98    2010  84      2       84
  MINIMUM         63   1001 PM  47    1999  63      0       62
                                      1961
  AVERAGE         75                        73      2       73

PRECIPITATION (IN)
  YESTERDAY        0.00          2.69 1960   0.10  -0.10     0.00
  MONTH TO DATE    1.39                      1.69  -0.30     1.77
  SINCE SEP 1      1.39                      1.69  -0.30     1.77
  SINCE JAN 1     34.03                     36.61  -2.58    59.55

DEGREE DAYS
 HEATING
  YESTERDAY        0
  MONTH TO DATE    0
  SINCE SEP 1      0
  SINCE JUL 1      0
..................................................................


WIND (MPH)
  HIGHEST WIND SPEED    15   HIGHEST WIND DIRECTION     W (270)
  HIGHEST GUST SPEED    18   HIGHEST GUST DIRECTION     W (270)
  AVERAGE WIND SPEED     5.3


SKY COVER
  AVERAGE SKY COVER 0.2


WEATHER CONDITIONS
 THE FOLLOWING WEATHER WAS RECORDED YESTERDAY.
  FOG
  HAZE


RELATIVE HUMIDITY (PERCENT)
 HIGHEST   100
 LOWEST     40
 AVERAGE    70

..........................................................


THE ANNISTON CLIMATE NORMALS FOR TODAY
                         NORMAL    RECORD    YEAR
 MAXIMUM TEMPERATURE (F)   84        97      2010
                                             1931
 MINIMUM TEMPERATURE (F)   62        43      1903


SUNRISE AND SUNSET
SEPTEMBER 18 2014.....SUNRISE   629 AM CDT   SUNSET   646 PM CDT
SEPTEMBER 19 2014.....SUNRISE   629 AM CDT   SUNSET   644 PM CDT


-  INDICATES NEGATIVE NUMBERS.
R  INDICATES RECORD WAS SET OR TIED.
MM INDICATES DATA IS MISSING.
T  INDICATES TRACE AMOUNT.




$$
