000
CDUS44 KBMX 272215
CLIANB


CLIMATE REPORT
NATIONAL WEATHER SERVICE BIRMINGHAM, AL
415 PM CST THU NOV 27 2014


...................................

...THE ANNISTON CLIMATE SUMMARY FOR NOVEMBER 27 2014...
VALID AS OF 0400 PM LOCAL TIME.

CLIMATE NORMAL PERIOD 1981 TO 2010
CLIMATE RECORD PERIOD 1903 TO 2014


WEATHER ITEM   OBSERVED TIME   RECORD YEAR NORMAL DEPARTURE LAST
                VALUE   (LST)  VALUE       VALUE  FROM      YEAR
                                                  NORMAL
..................................................................
TEMPERATURE (F)
 TODAY
  MAXIMUM         48    219 PM  81    1973  61    -13       41
  MINIMUM         35    505 AM  22    1950  39     -4       28
  AVERAGE         42

PRECIPITATION (IN)
  TODAY            0.00          1.84 2011   0.17  -0.17     0.04
  MONTH TO DATE    5.31                      4.08   1.23     2.69
  SINCE SEP 1     10.63                     10.13   0.50     8.28
  SINCE JAN 1     43.27                     45.05  -1.78    66.06

DEGREE DAYS
 HEATING
  TODAY           23
  MONTH TO DATE  461
  SINCE SEP 1    572
  SINCE JUL 1    572
..................................................................


WIND (MPH)
  HIGHEST WIND SPEED    16   HIGHEST WIND DIRECTION    NW (320)
  HIGHEST GUST SPEED    24   HIGHEST GUST DIRECTION    NW (320)
  AVERAGE WIND SPEED     8.5


SKY COVER
  AVERAGE SKY COVER 0.6


WEATHER CONDITIONS
 THE FOLLOWING WEATHER WAS RECORDED TODAY.
  NO SIGNIFICANT WEATHER WAS OBSERVED.


RELATIVE HUMIDITY (PERCENT)
 HIGHEST    75
 LOWEST     36
 AVERAGE    56

..........................................................


THE ANNISTON CLIMATE NORMALS FOR TOMORROW
                         NORMAL    RECORD    YEAR
 MAXIMUM TEMPERATURE (F)   61        78      2001
 MINIMUM TEMPERATURE (F)   39        19      2013


SUNRISE AND SUNSET
NOVEMBER 27 2014......SUNRISE   626 AM CST   SUNSET   436 PM CST
NOVEMBER 28 2014......SUNRISE   627 AM CST   SUNSET   436 PM CST


-  INDICATES NEGATIVE NUMBERS.
R  INDICATES RECORD WAS SET OR TIED.
MM INDICATES DATA IS MISSING.
T  INDICATES TRACE AMOUNT.




$$
