000
CDUS44 KBMX 201001
CLIANB


CLIMATE REPORT
NATIONAL WEATHER SERVICE BIRMINGHAM, AL
458 AM CDT SUN APR 20 2014


...................................

...THE ANNISTON CLIMATE SUMMARY FOR APRIL 19 2014...

CLIMATE NORMAL PERIOD 1981 TO 2010
CLIMATE RECORD PERIOD 1903 TO 2014


WEATHER ITEM   OBSERVED TIME   RECORD YEAR NORMAL DEPARTURE LAST
                VALUE   (LST)  VALUE       VALUE  FROM      YEAR
                                                  NORMAL
..................................................................
TEMPERATURE (F)
 YESTERDAY
  MAXIMUM         73    406 PM  90    1976  75     -2       74
  MINIMUM         52    535 AM  33    1983  50      2       45
  AVERAGE         63                        63      0       60

PRECIPITATION (IN)
  YESTERDAY        0.03          1.69 1984   0.14  -0.11     0.75
  MONTH TO DATE    6.07                      2.63   3.44     5.41
  SINCE MAR 1     11.48                      7.59   3.89     9.41
  SINCE JAN 1     18.64                     17.19   1.45    23.36

SNOWFALL (IN)
  YESTERDAY        0.0                       0.0             0.0
  MONTH TO DATE    0.0                       0.2             0.0
  SINCE MAR 1      0.0                       0.9              T
  SINCE JUL 1      2.3                       2.0             1.2

DEGREE DAYS
 HEATING
  YESTERDAY        2
  MONTH TO DATE  103
  SINCE MAR 1    485
  SINCE JUL 1   2966
..................................................................


WIND (MPH)
  HIGHEST WIND SPEED    17   HIGHEST WIND DIRECTION     N (10)
  HIGHEST GUST SPEED    24   HIGHEST GUST DIRECTION     N (10)
  AVERAGE WIND SPEED     6.9


SKY COVER
  AVERAGE SKY COVER 0.7


WEATHER CONDITIONS
 THE FOLLOWING WEATHER WAS RECORDED YESTERDAY.
  LIGHT RAIN
  FOG


RELATIVE HUMIDITY (PERCENT)
 HIGHEST    96
 LOWEST     39
 AVERAGE    68

..........................................................


THE ANNISTON CLIMATE NORMALS FOR TODAY
                         NORMAL    RECORD    YEAR
 MAXIMUM TEMPERATURE (F)   75        89      1972
 MINIMUM TEMPERATURE (F)   51        30      1983


SUNRISE AND SUNSET
APRIL 20 2014.........SUNRISE   607 AM CDT   SUNSET   718 PM CDT
APRIL 21 2014.........SUNRISE   606 AM CDT   SUNSET   719 PM CDT


-  INDICATES NEGATIVE NUMBERS.
R  INDICATES RECORD WAS SET OR TIED.
MM INDICATES DATA IS MISSING.
T  INDICATES TRACE AMOUNT.

$$
