000
CDUS44 KBMX 300739
CLIANB


CLIMATE REPORT
NATIONAL WEATHER SERVICE BIRMINGHAM, AL
238 AM CDT FRI SEP 30 2016


...................................

...THE ANNISTON CLIMATE SUMMARY FOR SEPTEMBER 29 2016...

CLIMATE NORMAL PERIOD 1981 TO 2010
CLIMATE RECORD PERIOD 1903 TO 2016


WEATHER ITEM   OBSERVED TIME   RECORD YEAR NORMAL DEPARTURE LAST
                VALUE   (LST)  VALUE       VALUE  FROM      YEAR
                                                  NORMAL
..................................................................
TEMPERATURE (F)
 YESTERDAY
  MAXIMUM         78    315 PM  95    1904  80     -2       85
  MINIMUM         56   1159 PM  39    1967  58     -2       70
  AVERAGE         67                        69     -2       78

PRECIPITATION (IN)
  YESTERDAY        0.00          1.06 1964   0.11  -0.11     0.02
  MONTH TO DATE    0.61                      2.83  -2.22     2.66
  SINCE SEP 1      0.61                      2.83  -2.22     2.66
  SINCE JAN 1     26.47                     37.75 -11.28    39.82

DEGREE DAYS
 HEATING
  YESTERDAY        0
  MONTH TO DATE    0
  SINCE SEP 1      0
  SINCE JUL 1      0
..................................................................


WIND (MPH)
  HIGHEST WIND SPEED    16   HIGHEST WIND DIRECTION     N (10)
  HIGHEST GUST SPEED    20   HIGHEST GUST DIRECTION    NW (330)
  AVERAGE WIND SPEED     6.5


SKY COVER
  AVERAGE SKY COVER 0.1


WEATHER CONDITIONS
 THE FOLLOWING WEATHER WAS RECORDED YESTERDAY.
  NO SIGNIFICANT WEATHER WAS OBSERVED.


RELATIVE HUMIDITY (PERCENT)
 HIGHEST    72
 LOWEST     26
 AVERAGE    49

..........................................................


THE ANNISTON CLIMATE NORMALS FOR TODAY
                         NORMAL    RECORD    YEAR
 MAXIMUM TEMPERATURE (F)   80        94      1904
 MINIMUM TEMPERATURE (F)   57        34      1967


SUNRISE AND SUNSET
SEPTEMBER 30 2016.....SUNRISE   637 AM CDT   SUNSET   628 PM CDT
OCTOBER  1 2016.......SUNRISE   638 AM CDT   SUNSET   627 PM CDT


-  INDICATES NEGATIVE NUMBERS.
R  INDICATES RECORD WAS SET OR TIED.
MM INDICATES DATA IS MISSING.
T  INDICATES TRACE AMOUNT.




$$
