000
CDUS44 KBMX 280835
CLIANB


CLIMATE REPORT
NATIONAL WEATHER SERVICE BIRMINGHAM, AL
235 AM CST TUE FEB 28 2017


...................................

...THE ANNISTON CLIMATE SUMMARY FOR FEBRUARY 27 2017...

CLIMATE NORMAL PERIOD 1981 TO 2010
CLIMATE RECORD PERIOD 1903 TO 2017


WEATHER ITEM   OBSERVED TIME   RECORD YEAR NORMAL DEPARTURE LAST
                VALUE   (LST)  VALUE       VALUE  FROM      YEAR
                                                  NORMAL
..................................................................
TEMPERATURE (F)
 YESTERDAY
  MAXIMUM         57    845 AM  82    1996  61     -4       60
  MINIMUM         45   1135 AM  14    1963  39      6       28
  AVERAGE         51                        50      1       44

PRECIPITATION (IN)
  YESTERDAY        0.23          2.56 2009   0.19   0.04     0.00
  MONTH TO DATE    2.97                      4.89  -1.92     5.65
  SINCE DEC 1     13.16                     13.53  -0.37    18.13
  SINCE JAN 1     10.52                      9.41   1.11     8.84

SNOWFALL (IN)
  YESTERDAY       MM                         0.1             0.0
  MONTH TO DATE    0.0                       0.4              T
  SINCE DEC 1      0.0                       1.1              T
  SINCE JUL 1      0.0                       1.1              T

DEGREE DAYS
 HEATING
  YESTERDAY       14
  MONTH TO DATE  288
  SINCE DEC 1   1195
  SINCE JUL 1   1468
..................................................................


WIND (MPH)
  HIGHEST WIND SPEED    18   HIGHEST WIND DIRECTION     N (350)
  HIGHEST GUST SPEED    31   HIGHEST GUST DIRECTION     N (360)
  AVERAGE WIND SPEED     7.0


SKY COVER
  AVERAGE SKY COVER 0.5


WEATHER CONDITIONS
 THE FOLLOWING WEATHER WAS RECORDED YESTERDAY.
  RAIN
  LIGHT RAIN
  FOG


RELATIVE HUMIDITY (PERCENT)
 HIGHEST    96
 LOWEST     35
 AVERAGE    66

..........................................................


THE ANNISTON CLIMATE NORMALS FOR TODAY
                         NORMAL    RECORD    YEAR
 MAXIMUM TEMPERATURE (F)   62        80      2011
                                             1976
 MINIMUM TEMPERATURE (F)   39        16      2002


SUNRISE AND SUNSET
FEBRUARY 28 2017......SUNRISE   613 AM CST   SUNSET   539 PM CST
MARCH  1 2017.........SUNRISE   611 AM CST   SUNSET   540 PM CST


-  INDICATES NEGATIVE NUMBERS.
R  INDICATES RECORD WAS SET OR TIED.
MM INDICATES DATA IS MISSING.
T  INDICATES TRACE AMOUNT.




$$
