000
CDUS44 KBMX 300948
CLIANB


CLIMATE REPORT
NATIONAL WEATHER SERVICE BIRMINGHAM, AL
447 AM CDT THU OCT 30 2014


...................................

...THE ANNISTON CLIMATE SUMMARY FOR OCTOBER 29 2014...

CLIMATE NORMAL PERIOD 1981 TO 2010
CLIMATE RECORD PERIOD 1903 TO 2014


WEATHER ITEM   OBSERVED TIME   RECORD YEAR NORMAL DEPARTURE LAST
                VALUE   (LST)  VALUE       VALUE  FROM      YEAR
                                                  NORMAL
..................................................................
TEMPERATURE (F)
 YESTERDAY
  MAXIMUM         68   1046 AM  84    1984  71     -3       78
  MINIMUM         47   1139 PM  24    1952  47      0       57
  AVERAGE         58                        59     -1       68

PRECIPITATION (IN)
  YESTERDAY        0.49          2.01 1993   0.11   0.38     0.00
  MONTH TO DATE    3.78                      2.91   0.87     2.79
  SINCE SEP 1      5.28                      5.84  -0.56     5.50
  SINCE JAN 1     37.92                     40.76  -2.84    63.28

SNOWFALL (IN)
  YESTERDAY       MM                         0.0             0.0
  MONTH TO DATE    0.0                       0.0             0.0
  SINCE SEP 1      0.0                       0.0             0.0
  SINCE JUL 1      0.0                       0.0             0.0

DEGREE DAYS
 HEATING
  YESTERDAY        7
  MONTH TO DATE   84
  SINCE SEP 1     84
  SINCE JUL 1     84
..................................................................


WIND (MPH)
  HIGHEST WIND SPEED    16   HIGHEST WIND DIRECTION     N (360)
  HIGHEST GUST SPEED    20   HIGHEST GUST DIRECTION     N (350)
  AVERAGE WIND SPEED     3.0


SKY COVER
  AVERAGE SKY COVER 0.8


WEATHER CONDITIONS
 THE FOLLOWING WEATHER WAS RECORDED YESTERDAY.
  HEAVY RAIN
  RAIN
  LIGHT RAIN
  FOG
  FOG W/VISIBILITY <= 1/4 MILE


RELATIVE HUMIDITY (PERCENT)
 HIGHEST   100
 LOWEST     78
 AVERAGE    89

..........................................................


THE ANNISTON CLIMATE NORMALS FOR TODAY
                         NORMAL    RECORD    YEAR
 MAXIMUM TEMPERATURE (F)   71        86      1961
 MINIMUM TEMPERATURE (F)   47        22      1952


SUNRISE AND SUNSET
OCTOBER 30 2014.......SUNRISE   701 AM CDT   SUNSET   553 PM CDT
OCTOBER 31 2014.......SUNRISE   701 AM CDT   SUNSET   552 PM CDT


-  INDICATES NEGATIVE NUMBERS.
R  INDICATES RECORD WAS SET OR TIED.
MM INDICATES DATA IS MISSING.
T  INDICATES TRACE AMOUNT.




$$
