000
CDUS44 KBMX 260755
CLIANB


CLIMATE REPORT
NATIONAL WEATHER SERVICE BIRMINGHAM, AL
153 AM CST WED NOV 26 2014


...................................

...THE ANNISTON CLIMATE SUMMARY FOR NOVEMBER 25 2014...

CLIMATE NORMAL PERIOD 1981 TO 2010
CLIMATE RECORD PERIOD 1903 TO 2014


WEATHER ITEM   OBSERVED TIME   RECORD YEAR NORMAL DEPARTURE LAST
                VALUE   (LST)  VALUE       VALUE  FROM      YEAR
                                                  NORMAL
..................................................................
TEMPERATURE (F)
 YESTERDAY
  MAXIMUM         63    115 PM  78    1958  62      1       48
  MINIMUM         44    735 AM   5    1950  39      5       30
  AVERAGE         54                        50      4       39

PRECIPITATION (IN)
  YESTERDAY        0.00          1.16 1992   0.16  -0.16     0.19
  MONTH TO DATE    5.31                      3.75   1.56     1.28
  SINCE SEP 1     10.63                      9.80   0.83     6.87
  SINCE JAN 1     43.27                     44.72  -1.45    64.65

SNOWFALL (IN)
  YESTERDAY        0.0                       0.0             0.0
  MONTH TO DATE    0.0                       0.0             0.0
  SINCE SEP 1      0.0                       0.0             0.0
  SINCE JUL 1      0.0                       0.0             0.0

DEGREE DAYS
 HEATING
  YESTERDAY       11
  MONTH TO DATE  420
  SINCE SEP 1    531
  SINCE JUL 1    531
..................................................................


WIND (MPH)
  HIGHEST WIND SPEED    13   HIGHEST WIND DIRECTION     N (360)
  HIGHEST GUST SPEED    18   HIGHEST GUST DIRECTION     N (340)
  AVERAGE WIND SPEED     4.3


SKY COVER
  AVERAGE SKY COVER 0.1


WEATHER CONDITIONS
 THE FOLLOWING WEATHER WAS RECORDED YESTERDAY.
  NO SIGNIFICANT WEATHER WAS OBSERVED.


RELATIVE HUMIDITY (PERCENT)
 HIGHEST    83
 LOWEST     29
 AVERAGE    56

..........................................................


THE ANNISTON CLIMATE NORMALS FOR TODAY
                         NORMAL    RECORD    YEAR
 MAXIMUM TEMPERATURE (F)   61        81      1973
 MINIMUM TEMPERATURE (F)   39        19      1950


SUNRISE AND SUNSET
NOVEMBER 26 2014......SUNRISE   625 AM CST   SUNSET   436 PM CST
NOVEMBER 27 2014......SUNRISE   626 AM CST   SUNSET   436 PM CST


-  INDICATES NEGATIVE NUMBERS.
R  INDICATES RECORD WAS SET OR TIED.
MM INDICATES DATA IS MISSING.
T  INDICATES TRACE AMOUNT.




$$
