000
CDAK48 PAFC 131251
CLIANC

CLIMATE REPORT
NATIONAL WEATHER SERVICE ANCHORAGE, AK
350 AM AKST SAT FEB 13 2016


...................................

...THE ANCHORAGE AK CLIMATE SUMMARY FOR FEBRUARY 12 2016...

CLIMATE NORMAL PERIOD 1981 TO 2010
CLIMATE RECORD PERIOD 1952 TO 2016


WEATHER ITEM   OBSERVED RECORD YEAR NORMAL DEPARTURE LAST
                VALUE   VALUE       VALUE  FROM      YEAR
                                           NORMAL
...........................................................
TEMPERATURE (F)
 YESTERDAY
  MAXIMUM         37     42    2006  26     11       31
  MINIMUM         27    -26    1956  13     14       25
  AVERAGE         32                 20     12       28

PRECIPITATION (IN)
  YESTERDAY        T      0.56 1955   0.03  -0.03
  MONTH TO DATE    0.08               0.33  -0.25
  SINCE DEC 1      0.59               2.17  -1.58
  SINCE JAN 1      0.36               1.06  -0.70

SNOWFALL (IN)
  YESTERDAY        0.0    6.8  1965   0.4   -0.4
  MONTH TO DATE    T                  4.9   -4.9
  SINCE DEC 1      6.1               32.9  -26.8
  SINCE JUL 1     25.8               54.3  -28.5
  SNOW DEPTH       1

DEGREE DAYS
 HEATING
  YESTERDAY       33                       -12
  MONTH TO DATE  448                      -108
  SINCE DEC 1   2959                      -508
  SINCE JUL 1   5773                      -858

 COOLING
  YESTERDAY        0                         0
  MONTH TO DATE    0                         0
  SINCE DEC 1      0                         0
  SINCE JAN 1      0                         0
...........................................................


WIND (MPH)
  HIGHEST WIND SPEED     9   HIGHEST WIND DIRECTION     N (20)
  HIGHEST GUST SPEED    MM   HIGHEST GUST DIRECTION    MM
  AVERAGE WIND SPEED     4.7




RELATIVE HUMIDITY (PERCENT)
 HIGHEST    85
 LOWEST     59
 AVERAGE    72

..........................................................


THE ANCHORAGE AK CLIMATE NORMALS FOR TODAY
                         NORMAL    RECORD    YEAR
 MAXIMUM TEMPERATURE (F)   26        42      1978
 MINIMUM TEMPERATURE (F)   14       -25      1956


SUNRISE AND SUNSET
FEBRUARY 13 2016......SUNRISE   849 AM AKST  SUNSET   541 PM AKST
FEBRUARY 14 2016......SUNRISE   846 AM AKST  SUNSET   544 PM AKST

CIVIL TWILIGHT
FEBRUARY 13 2016        START   803 AM AKST     END   627 PM AKST
FEBRUARY 14 2016        START   800 AM AKST     END   630 PM AKST



-  INDICATES NEGATIVE NUMBERS.
R  INDICATES RECORD WAS SET OR TIED.
MM INDICATES DATA IS MISSING.
T  INDICATES TRACE AMOUNT.




$$
&&
------------------------------------------------------
AMOUNT OF DAYLIGHT TODAY  (HOUR:MIN)........ 8:52
GAIN/LOSS SINCE YESTERDAY (HOUR:MIN:SEC)....+0:05:36

-
