000
CDAK48 PAFC 271243
CLIANC

CLIMATE REPORT
NATIONAL WEATHER SERVICE ANCHORAGE, AK
442 AM AKDT FRI MAR 27 2015


...................................

...THE ANCHORAGE AK CLIMATE SUMMARY FOR MARCH 26 2015...

CLIMATE NORMAL PERIOD 1981 TO 2010
CLIMATE RECORD PERIOD 1952 TO 2015


WEATHER ITEM   OBSERVED RECORD YEAR NORMAL DEPARTURE LAST
                VALUE   VALUE       VALUE  FROM      YEAR
                                           NORMAL
...........................................................
TEMPERATURE (F)
 YESTERDAY
  MAXIMUM         46     50    1984  37      9       40
  MINIMUM         31      2    2013  22      9       21
                               1961
  AVERAGE         39                 29     10       31

PRECIPITATION (IN)
  YESTERDAY        0.00   0.37 1986   0.01  -0.01
  MONTH TO DATE    0.77               0.51   0.26
  SINCE MAR 1      0.77               0.51   0.26
  SINCE JAN 1      1.85               1.96  -0.11

SNOWFALL (IN)
  YESTERDAY        0.0    7.0  1986   0.3   -0.3
  MONTH TO DATE    0.2                8.5   -8.3
  SINCE MAR 1      0.2                8.5   -8.3
  SINCE JUL 1     20.7               68.8  -48.1
  SNOW DEPTH       0

DEGREE DAYS
 HEATING
  YESTERDAY       26                       -10
  MONTH TO DATE  959                       -59
  SINCE MAR 1    959                       -59
  SINCE JUL 1   7311                     -1036

 COOLING
  YESTERDAY        0                         0
  MONTH TO DATE    0                         0
  SINCE MAR 1      0                         0
  SINCE JAN 1      0                         0
...........................................................


WIND (MPH)
  HIGHEST WIND SPEED    16   HIGHEST WIND DIRECTION    SE (150)
  HIGHEST GUST SPEED    30   HIGHEST GUST DIRECTION    SE (150)
  AVERAGE WIND SPEED     5.5




RELATIVE HUMIDITY (PERCENT)
 HIGHEST    67
 LOWEST     40
 AVERAGE    54

..........................................................


THE ANCHORAGE AK CLIMATE NORMALS FOR TODAY
                         NORMAL    RECORD    YEAR
 MAXIMUM TEMPERATURE (F)   37        48      1996
 MINIMUM TEMPERATURE (F)   22         0      2013


SUNRISE AND SUNSET
MARCH 27 2015.........SUNRISE   739 AM AKDT  SUNSET   833 PM AKDT
MARCH 28 2015.........SUNRISE   736 AM AKDT  SUNSET   836 PM AKDT

CIVIL TWILIGHT
MARCH 27 2015           START   656 AM AKDT     END   917 PM AKDT
MARCH 28 2015           START   653 AM AKDT     END   920 PM AKDT



-  INDICATES NEGATIVE NUMBERS.
R  INDICATES RECORD WAS SET OR TIED.
MM INDICATES DATA IS MISSING.
T  INDICATES TRACE AMOUNT.




$$
&&
------------------------------------------------------
AMOUNT OF DAYLIGHT TODAY  (HOUR:MIN)........12:54
GAIN/LOSS SINCE YESTERDAY (HOUR:MIN:SEC)....+0:05:44
