000
CDAK48 PAFC 012255
CLIANC


CLIMATE REPORT
NATIONAL WEATHER SERVICE ANCHORAGE, AK
255 PM AKDT FRI AUG 1 2014


...................................

...THE ANCHORAGE AK CLIMATE SUMMARY FOR AUGUST 1 2014...
VALID TODAY AS OF 0200 PM LOCAL TIME.

CLIMATE NORMAL PERIOD 1981 TO 2010
CLIMATE RECORD PERIOD 1915 TO 2014


WEATHER ITEM   OBSERVED RECORD YEAR NORMAL DEPARTURE LAST
                VALUE   VALUE       VALUE  FROM      YEAR
                                           NORMAL
...........................................................
TEMPERATURE (F)
 TODAY
  MAXIMUM         66     79    1978  65      1       69
  MINIMUM         55     39    1929  53      2       53
  AVERAGE         61                 59              61

PRECIPITATION (IN)
  TODAY            0.00   0.93 1989   0.08  -0.08     0.00
  MONTH TO DATE    0.00               0.08  -0.08     0.00
  SINCE JUN 1      6.56               2.88   3.68     1.56
  SINCE JAN 1      9.79               6.12   3.67     7.94

SNOWFALL (IN)
  TODAY            0.0    0.0    MM   0.0    0.0      0.0
  MONTH TO DATE    0.0                0.0    0.0      0.0
  SINCE JUN 1      0.0                0.0    0.0      0.0
  SINCE JUL 1      0.0                0.0    0.0      0.0
  SNOW DEPTH       0

DEGREE DAYS
 HEATING
  TODAY            4                  6     -2        4
  MONTH TO DATE    4                  6     -2        4
  SINCE JUN 1    486                493     -7      299
  SINCE JUL 1    158                200    -42      115

 COOLING
  TODAY            0                  0      0        0
  MONTH TO DATE    0                  0      0        0
  SINCE JUN 1      3                  2      1       21
  SINCE JAN 1      3                  2      1       21
...........................................................


WIND (MPH)
  RESULTANT WIND SPEED   1   RESULTANT WIND DIRECTION  NW (300)
  HIGHEST WIND SPEED     9   HIGHEST WIND DIRECTION    NW (300)
  HIGHEST GUST SPEED    MM   HIGHEST GUST DIRECTION    MM
  AVERAGE WIND SPEED     2.3


SKY COVER
  POSSIBLE SUNSHINE  MM
  AVERAGE SKY COVER 0.8


WEATHER CONDITIONS
 THE FOLLOWING WEATHER WAS RECORDED TODAY.
  NO SIGNIFICANT WEATHER WAS OBSERVED.


RELATIVE HUMIDITY (PERCENT)
 HIGHEST    86           600 AM
 LOWEST     58          1200 PM
 AVERAGE    72

..........................................................


THE ANCHORAGE AK CLIMATE NORMALS FOR TOMORROW
                         NORMAL    RECORD    YEAR
 MAXIMUM TEMPERATURE (F)   65        82      1978
 MINIMUM TEMPERATURE (F)   52        40      1922
                                             1921
                                             1917


SUNRISE AND SUNSET
AUGUST  1 2014........SUNRISE   533 AM AKDT  SUNSET  1038 PM AKDT
AUGUST  2 2014........SUNRISE   536 AM AKDT  SUNSET  1035 PM AKDT


-  INDICATES NEGATIVE NUMBERS.
R  INDICATES RECORD WAS SET OR TIED.
MM INDICATES DATA IS MISSING.
T  INDICATES TRACE AMOUNT.




$$
