000
CDAK48 PAFC 240049
CLIANC

CLIMATE REPORT
NATIONAL WEATHER SERVICE ANCHORAGE, AK
448 PM AKDT WED AUG 23 2017


...................................

...THE ANCHORAGE AK CLIMATE SUMMARY FOR AUGUST 23 2017...
VALID TODAY AS OF 0400 PM LOCAL TIME.

CLIMATE NORMAL PERIOD 1981 TO 2010
CLIMATE RECORD PERIOD 1952 TO 2017


WEATHER ITEM   OBSERVED TIME   RECORD YEAR NORMAL DEPARTURE LAST
                VALUE   (LST)  VALUE       VALUE  FROM      YEAR
                                                  NORMAL
..................................................................
TEMPERATURE (F)
 TODAY
  MAXIMUM         62        MM  74    2004  63     -1       66
                                      1987
  MINIMUM         51    100 AM  34    1974  49      2       53
  AVERAGE         57                        56      1       60

PRECIPITATION (IN)
  TODAY            0.04          0.64 1959   0.12  -0.08     0.22
  MONTH TO DATE    3.57                      2.33   1.24     5.09
  SINCE JUN 1      6.57                      5.13   1.44     9.28
  SINCE JAN 1     11.40                      8.37   3.03    11.44

SNOWFALL (IN)
  TODAY            0.0           0.0    MM   0.0    0.0      0.0
  MONTH TO DATE    0.0                       0.0    0.0      0.0
  SINCE JUN 1      0.0                       0.0    0.0      0.0
  SINCE JUL 1      0.0                       0.0    0.0      0.0
  SNOW DEPTH       0

DEGREE DAYS
 HEATING
  TODAY            8                         9     -1        5
  MONTH TO DATE  150                       171    -21      105
  SINCE JUN 1    580                       658    -78      353
  SINCE JUL 1    297                       365    -68      181

 COOLING
  TODAY            0                         0      0        0
  MONTH TO DATE    0                         0      0        0
  SINCE JUN 1      3                         2      1       13
  SINCE JAN 1      3                         2      1       13
..................................................................


WIND (MPH)
  RESULTANT WIND SPEED   4   RESULTANT WIND DIRECTION   S (170)
  HIGHEST WIND SPEED    14   HIGHEST WIND DIRECTION     S (170)
  HIGHEST GUST SPEED    30   HIGHEST GUST DIRECTION     S (180)
  AVERAGE WIND SPEED     5.4


SKY COVER
  POSSIBLE SUNSHINE  MM
  AVERAGE SKY COVER 0.7


WEATHER CONDITIONS
 THE FOLLOWING WEATHER WAS RECORDED TODAY.
  LIGHT RAIN


RELATIVE HUMIDITY (PERCENT)
 HIGHEST    96          1200 AM
 LOWEST     67           100 PM
 AVERAGE    82

..........................................................


THE ANCHORAGE AK CLIMATE NORMALS FOR TOMORROW
                         NORMAL    RECORD    YEAR
 MAXIMUM TEMPERATURE (F)   62        75      1978
 MINIMUM TEMPERATURE (F)   48        35      1969


SUNRISE AND SUNSET
AUGUST 23 2017........SUNRISE   630 AM AKDT  SUNSET   933 PM AKDT
AUGUST 24 2017........SUNRISE   633 AM AKDT  SUNSET   930 PM AKDT

CIVIL TWILIGHT
AUGUST 23 2017          START    540 AM GMT     END   1023 PM GMT
AUGUST 24 2017          START    543 AM GMT     END   1020 PM GMT



-  INDICATES NEGATIVE NUMBERS.
R  INDICATES RECORD WAS SET OR TIED.
MM INDICATES DATA IS MISSING.
T  INDICATES TRACE AMOUNT.




$$
&&
------------------------------------------------------
AMOUNT OF DAYLIGHT TODAY  (HOUR:MIN)........15:03
GAIN/LOSS SINCE YESTERDAY (HOUR:MIN:SEC)....-0:05:36
