444
CDAK48 PAFC 211236
CLIANC

CLIMATE REPORT
NATIONAL WEATHER SERVICE ANCHORAGE, AK
434 AM AKDT SAT OCT 21 2017


...................................

...THE ANCHORAGE AK CLIMATE SUMMARY FOR OCTOBER 20 2017...

CLIMATE NORMAL PERIOD 1981 TO 2010
CLIMATE RECORD PERIOD 1952 TO 2017


WEATHER ITEM   OBSERVED TIME   RECORD YEAR NORMAL DEPARTURE LAST
                VALUE   (LST)  VALUE       VALUE  FROM      YEAR
                                                  NORMAL
..................................................................
TEMPERATURE (F)
 YESTERDAY
  MAXIMUM         28        MM  52    2013  38    -10       43
  MINIMUM         19        MM   8    1996  27     -8       28
  AVERAGE         24                        33     -9       36

PRECIPITATION (IN)
  YESTERDAY        0.00          0.30 1956   0.05  -0.05
  MONTH TO DATE    1.85                      1.50   0.35
  SINCE SEP 1      4.31                      4.49  -0.18
  SINCE JAN 1     16.25                     13.78   2.47

SNOWFALL (IN)
  YESTERDAY        0.0           5.2  2001   0.4   -0.4      0.2
  MONTH TO DATE    0.0                       4.3   -4.3      0.2
  SINCE SEP 1      0.0                       4.7   -4.7      0.2
  SINCE JUL 1      0.0                       4.7   -4.7      0.2
  SNOW DEPTH       0

DEGREE DAYS
 HEATING
  YESTERDAY       41                                9
  MONTH TO DATE  480                              -64
  SINCE SEP 1    877                             -161
  SINCE JUL 1   1245                             -243

 COOLING
  YESTERDAY        0                                0
  MONTH TO DATE    0                                0
  SINCE SEP 1      0                                0
  SINCE JAN 1      3                                1
..................................................................


WIND (MPH)
  HIGHEST WIND SPEED     9   HIGHEST WIND DIRECTION     N (360)
  HIGHEST GUST SPEED    MM   HIGHEST GUST DIRECTION    MM
  AVERAGE WIND SPEED     5.7




RELATIVE HUMIDITY (PERCENT)
 HIGHEST    60
 LOWEST     45
 AVERAGE    53

..........................................................


THE ANCHORAGE AK CLIMATE NORMALS FOR TODAY
                         NORMAL    RECORD    YEAR
 MAXIMUM TEMPERATURE (F)   38        53      2002
 MINIMUM TEMPERATURE (F)   27         2      1996


SUNRISE AND SUNSET
OCTOBER 21 2017.......SUNRISE   859 AM AKDT  SUNSET   629 PM AKDT
OCTOBER 22 2017.......SUNRISE   902 AM AKDT  SUNSET   626 PM AKDT

CIVIL TWILIGHT
OCTOBER 21 2017         START    815 AM GMT     END    714 PM GMT
OCTOBER 22 2017         START    817 AM GMT     END    711 PM GMT



-  INDICATES NEGATIVE NUMBERS.
R  INDICATES RECORD WAS SET OR TIED.
MM INDICATES DATA IS MISSING.
T  INDICATES TRACE AMOUNT.




$$
&&
------------------------------------------------------
AMOUNT OF DAYLIGHT TODAY  (HOUR:MIN)........ 9:29
GAIN/LOSS SINCE YESTERDAY (HOUR:MIN:SEC)....-0:05:36
