000
CDAK48 PAFC 301248
CLIANC

CLIMATE REPORT
NATIONAL WEATHER SERVICE ANCHORAGE, AK
448 AM AKDT SUN AUG 30 2015


...................................

...THE ANCHORAGE AK CLIMATE SUMMARY FOR AUGUST 29 2015...

CLIMATE NORMAL PERIOD 1981 TO 2010
CLIMATE RECORD PERIOD 1952 TO 2015


WEATHER ITEM   OBSERVED RECORD YEAR NORMAL DEPARTURE LAST
                VALUE   VALUE       VALUE  FROM      YEAR
                                           NORMAL
...........................................................
TEMPERATURE (F)
 YESTERDAY
  MAXIMUM         56     70    2007  61     -5       62
  MINIMUM         40     33    1984  47     -7       50
  AVERAGE         48                 54     -6       56

PRECIPITATION (IN)
  YESTERDAY        0.00   0.78 1993   0.12  -0.12
  MONTH TO DATE    0.97               3.03  -2.06
  SINCE JUN 1      4.24               5.83  -1.59
  SINCE JAN 1      7.30               9.07  -1.77

SNOWFALL (IN)
  YESTERDAY        0.0    0.0    MM   0.0    0.0
  MONTH TO DATE    0.0                0.0    0.0
  SINCE JUN 1      0.0                0.0    0.0
  SINCE JUL 1      0.0                0.0    0.0
  SNOW DEPTH       0

DEGREE DAYS
 HEATING
  YESTERDAY       17                         6
  MONTH TO DATE  159                       -74
  SINCE JUN 1    425                      -295
  SINCE JUL 1    252                      -175

 COOLING
  YESTERDAY        0                         0
  MONTH TO DATE    8                         8
  SINCE JUN 1     34                        32
  SINCE JAN 1     34                        32
...........................................................


WIND (MPH)
  HIGHEST WIND SPEED    15   HIGHEST WIND DIRECTION     N (350)
  HIGHEST GUST SPEED    21   HIGHEST GUST DIRECTION     N (350)
  AVERAGE WIND SPEED     6.6




RELATIVE HUMIDITY (PERCENT)
 HIGHEST    76
 LOWEST     41
 AVERAGE    59

..........................................................


THE ANCHORAGE AK CLIMATE NORMALS FOR TODAY
                         NORMAL    RECORD    YEAR
 MAXIMUM TEMPERATURE (F)   61        73      1974
 MINIMUM TEMPERATURE (F)   47        34      1955


SUNRISE AND SUNSET
AUGUST 30 2015........SUNRISE   647 AM AKDT  SUNSET   913 PM AKDT
AUGUST 31 2015........SUNRISE   649 AM AKDT  SUNSET   910 PM AKDT

CIVIL TWILIGHT
AUGUST 30 2015          START   559 AM AKDT     END  1001 PM AKDT
AUGUST 31 2015          START   602 AM AKDT     END   957 PM AKDT



-  INDICATES NEGATIVE NUMBERS.
R  INDICATES RECORD WAS SET OR TIED.
MM INDICATES DATA IS MISSING.
T  INDICATES TRACE AMOUNT.




$$
&&
------------------------------------------------------
AMOUNT OF DAYLIGHT TODAY  (HOUR:MIN)........14:26
GAIN/LOSS SINCE YESTERDAY (HOUR:MIN:SEC)....-0:05:38
