000
CDAK48 PAFC 281158
CLIANC

CLIMATE REPORT
NATIONAL WEATHER SERVICE ANCHORAGE, AK
357 AM AKDT WED JUN 28 2017


...................................

...THE ANCHORAGE AK CLIMATE SUMMARY FOR JUNE 27 2017...

CLIMATE NORMAL PERIOD 1981 TO 2010
CLIMATE RECORD PERIOD 1952 TO 2017


WEATHER ITEM   OBSERVED TIME   RECORD YEAR NORMAL DEPARTURE LAST
                VALUE   (LST)  VALUE       VALUE  FROM      YEAR
                                                  NORMAL
..................................................................
TEMPERATURE (F)
 YESTERDAY
  MAXIMUM         60        MM  78    1997  64     -4       66
  MINIMUM         53        MM  41    1986  50      3       54
  AVERAGE         57                        57      0       60

PRECIPITATION (IN)
  YESTERDAY        0.03          0.40 1992   0.04  -0.01
  MONTH TO DATE    0.69                      0.86  -0.17
  SINCE JUN 1      0.69                      0.86  -0.17
  SINCE JAN 1      5.52                      4.10   1.42

SNOWFALL (IN)
  YESTERDAY        0.0           0.0    MM   0.0    0.0      0.0
  MONTH TO DATE    0.0                       0.0    0.0      0.0
  SINCE JUN 1      0.0                       0.0    0.0      0.0
  SINCE JUL 1     82.4                      74.5    7.9     38.3
  SNOW DEPTH       0

DEGREE DAYS
 HEATING
  YESTERDAY        8                                0
  MONTH TO DATE  259                              -12
  SINCE JUN 1    259                              -12
  SINCE JUL 1   9962                             -209

 COOLING
  YESTERDAY        0                                0
  MONTH TO DATE    0                                0
  SINCE JUN 1      0                                0
  SINCE JAN 1      0                                0
..................................................................


WIND (MPH)
  HIGHEST WIND SPEED    12   HIGHEST WIND DIRECTION    SE (130)
  HIGHEST GUST SPEED    20   HIGHEST GUST DIRECTION    SE (130)
  AVERAGE WIND SPEED     5.1




RELATIVE HUMIDITY (PERCENT)
 HIGHEST    93
 LOWEST     57
 AVERAGE    75

..........................................................


THE ANCHORAGE AK CLIMATE NORMALS FOR TODAY
                         NORMAL    RECORD    YEAR
 MAXIMUM TEMPERATURE (F)   65        80      1997
 MINIMUM TEMPERATURE (F)   50        44      1973
                                             1965


SUNRISE AND SUNSET
JUNE 28 2017..........SUNRISE   426 AM AKDT  SUNSET  1141 PM AKDT
JUNE 29 2017..........SUNRISE   427 AM AKDT  SUNSET  1140 PM AKDT

CIVIL TWILIGHT
JUNE 28 2017            START     **.** GMT     END     **.** GMT
JUNE 29 2017            START     **.** GMT     END     **.** GMT



-  INDICATES NEGATIVE NUMBERS.
R  INDICATES RECORD WAS SET OR TIED.
MM INDICATES DATA IS MISSING.
T  INDICATES TRACE AMOUNT.




$$
&&
------------------------------------------------------
AMOUNT OF DAYLIGHT TODAY  (HOUR:MIN)........19:15
GAIN/LOSS SINCE YESTERDAY (HOUR:MIN:SEC)....-0:01:29
