444
CDAK48 PAFC 241317
CLIANC

CLIMATE REPORT
NATIONAL WEATHER SERVICE ANCHORAGE, AK
416 AM AKST FRI FEB 24 2017


...................................

...THE ANCHORAGE AK CLIMATE SUMMARY FOR FEBRUARY 23 2017...

CLIMATE NORMAL PERIOD 1981 TO 2010
CLIMATE RECORD PERIOD 1952 TO 2017


WEATHER ITEM   OBSERVED TIME   RECORD YEAR NORMAL DEPARTURE LAST
                VALUE   (LST)  VALUE       VALUE  FROM      YEAR
                                                  NORMAL
..................................................................
TEMPERATURE (F)
 YESTERDAY
  MAXIMUM         25   1159 PM  46    1980  29     -4       37
  MINIMUM         18    918 PM -13    1966  15      3       29
                                      1954
  AVERAGE         22                        22      0       33

PRECIPITATION (IN)
  YESTERDAY        0.00          0.18 1968   0.02  -0.02
  MONTH TO DATE    0.91                      0.61   0.30
  SINCE DEC 1      4.09                      2.45   1.64
  SINCE JAN 1      2.62                      1.34   1.28

SNOWFALL (IN)
  YESTERDAY        0.0           3.6  1975   0.4   -0.4       T
  MONTH TO DATE   18.8                       9.3    9.5      1.8
  SINCE DEC 1     67.4                      37.3   30.1      7.9
  SINCE JUL 1     71.3                      58.7   12.6     27.6
  SNOW DEPTH      25

DEGREE DAYS
 HEATING
  YESTERDAY       43                                0
  MONTH TO DATE 1079                               37
  SINCE DEC 1   4175                              222
  SINCE JUL 1   6828                             -289

 COOLING
  YESTERDAY        0                                0
  MONTH TO DATE    0                                0
  SINCE DEC 1      0                                0
  SINCE JAN 1      0                                0
..................................................................


WIND (MPH)
  HIGHEST WIND SPEED     9   HIGHEST WIND DIRECTION     N (10)
  HIGHEST GUST SPEED    20   HIGHEST GUST DIRECTION     S (170)
  AVERAGE WIND SPEED     3.9




RELATIVE HUMIDITY (PERCENT)
 HIGHEST    92
 LOWEST     74
 AVERAGE    83

..........................................................


THE ANCHORAGE AK CLIMATE NORMALS FOR TODAY
                         NORMAL    RECORD    YEAR
 MAXIMUM TEMPERATURE (F)   29        46      1978
 MINIMUM TEMPERATURE (F)   15       -11      1995


SUNRISE AND SUNSET
FEBRUARY 24 2017......SUNRISE   814 AM AKST  SUNSET   613 PM AKST
FEBRUARY 25 2017......SUNRISE   811 AM AKST  SUNSET   616 PM AKST

CIVIL TWILIGHT
FEBRUARY 24 2017        START    731 AM GMT     END    658 PM GMT
FEBRUARY 25 2017        START    728 AM GMT     END    700 PM GMT



-  INDICATES NEGATIVE NUMBERS.
R  INDICATES RECORD WAS SET OR TIED.
MM INDICATES DATA IS MISSING.
T  INDICATES TRACE AMOUNT.




$$
&&
------------------------------------------------------
AMOUNT OF DAYLIGHT TODAY  (HOUR:MIN)........ 9:59
GAIN/LOSS SINCE YESTERDAY (HOUR:MIN:SEC)....+0:05:43

$$
