000
CDAK48 PAFC 251305
CLIANC

CLIMATE REPORT
NATIONAL WEATHER SERVICE ANCHORAGE, AK
503 AM AKDT SAT MAR 25 2017


...................................

...THE ANCHORAGE AK CLIMATE SUMMARY FOR MARCH 24 2017...

CLIMATE NORMAL PERIOD 1981 TO 2010
CLIMATE RECORD PERIOD 1952 TO 2017


WEATHER ITEM   OBSERVED TIME   RECORD YEAR NORMAL DEPARTURE LAST
                VALUE   (LST)  VALUE       VALUE  FROM      YEAR
                                                  NORMAL
..................................................................
TEMPERATURE (F)
 YESTERDAY
  MAXIMUM         29    157 PM  51    2016  36     -7       51
  MINIMUM         15    719 AM   0    1995  21     -6       33
                                      1964
  AVERAGE         22                        28     -6       42

PRECIPITATION (IN)
  YESTERDAY        0.00          0.42 2013   0.02  -0.02
  MONTH TO DATE    0.00                      0.48  -0.48
  SINCE MAR 1      0.00                      0.48  -0.48
  SINCE JAN 1      2.70                      1.93   0.77

SNOWFALL (IN)
  YESTERDAY        0.0           5.8  2013   0.3   -0.3      0.0
  MONTH TO DATE    0.0                       8.0   -8.0     10.7
  SINCE MAR 1      0.0                       8.0   -8.0     10.7
  SINCE JUL 1     72.1                      68.3    3.8     38.3
  SNOW DEPTH      20

DEGREE DAYS
 HEATING
  YESTERDAY       43                                7
  MONTH TO DATE 1147                              201
  SINCE MAR 1   1147                              201
  SINCE JUL 1   8185                              -90

 COOLING
  YESTERDAY        0                                0
  MONTH TO DATE    0                                0
  SINCE MAR 1      0                                0
  SINCE JAN 1      0                                0
..................................................................


WIND (MPH)
  HIGHEST WIND SPEED    12   HIGHEST WIND DIRECTION     N (360)
  HIGHEST GUST SPEED    17   HIGHEST GUST DIRECTION     N (10)
  AVERAGE WIND SPEED     5.2




RELATIVE HUMIDITY (PERCENT)
 HIGHEST    84
 LOWEST     35
 AVERAGE    60

..........................................................


THE ANCHORAGE AK CLIMATE NORMALS FOR TODAY
                         NORMAL    RECORD    YEAR
 MAXIMUM TEMPERATURE (F)   36        48      1970
 MINIMUM TEMPERATURE (F)   21        -1      1962


SUNRISE AND SUNSET
MARCH 25 2017.........SUNRISE   744 AM AKDT  SUNSET   829 PM AKDT
MARCH 26 2017.........SUNRISE   741 AM AKDT  SUNSET   832 PM AKDT

CIVIL TWILIGHT
MARCH 25 2017           START    701 AM GMT     END    913 PM GMT
MARCH 26 2017           START    657 AM GMT     END    916 PM GMT



-  INDICATES NEGATIVE NUMBERS.
R  INDICATES RECORD WAS SET OR TIED.
MM INDICATES DATA IS MISSING.
T  INDICATES TRACE AMOUNT.




$$
&&
------------------------------------------------------
AMOUNT OF DAYLIGHT TODAY  (HOUR:MIN)........12:45
GAIN/LOSS SINCE YESTERDAY (HOUR:MIN:SEC)....+0:05:44
