000
CDAK48 PAFC 311242
CLIANC

CLIMATE REPORT
NATIONAL WEATHER SERVICE ANCHORAGE, AK
341 AM AKST SAT JAN 31 2015


...................................

...THE ANCHORAGE AK CLIMATE SUMMARY FOR JANUARY 30 2015...

CLIMATE NORMAL PERIOD 1981 TO 2010
CLIMATE RECORD PERIOD 1952 TO 2015


WEATHER ITEM   OBSERVED RECORD YEAR NORMAL DEPARTURE LAST
                VALUE   VALUE       VALUE  FROM      YEAR
                                           NORMAL
...........................................................
TEMPERATURE (F)
 YESTERDAY
  MAXIMUM         20     44    1984  24     -4       27
  MINIMUM          7    -13    1989  12     -5       18
  AVERAGE         14                 18     -4       23

PRECIPITATION (IN)
  YESTERDAY        0.01   0.15 1956   0.02  -0.01
  MONTH TO DATE    0.36               0.70  -0.34
  SINCE DEC 1      1.04               1.81  -0.77
  SINCE JAN 1      0.36               0.70  -0.34

SNOWFALL (IN)
  YESTERDAY        0.1    4.4  2009   0.4   -0.3
  MONTH TO DATE    5.9               10.9   -5.0
  SINCE DEC 1     13.4               27.6  -14.2
  SINCE JUL 1     19.4               49.0  -29.6
  SNOW DEPTH       8

DEGREE DAYS
 HEATING
  YESTERDAY       51                         4
  MONTH TO DATE 1321                      -115
  SINCE DEC 1   2469                      -393
  SINCE JUL 1   5184                      -842

 COOLING
  YESTERDAY        0                         0
  MONTH TO DATE    0                         0
  SINCE DEC 1      0                         0
  SINCE JAN 1      0                         0
...........................................................


WIND (MPH)
  HIGHEST WIND SPEED     9   HIGHEST WIND DIRECTION     N (10)
  HIGHEST GUST SPEED    MM   HIGHEST GUST DIRECTION    MM
  AVERAGE WIND SPEED     5.2




RELATIVE HUMIDITY (PERCENT)
 HIGHEST    80
 LOWEST     49
 AVERAGE    65

..........................................................


THE ANCHORAGE AK CLIMATE NORMALS FOR TODAY
                         NORMAL    RECORD    YEAR
 MAXIMUM TEMPERATURE (F)   24        44      1994
                                             1985
 MINIMUM TEMPERATURE (F)   12       -17      1989


SUNRISE AND SUNSET
JANUARY 31 2015.......SUNRISE   923 AM AKST  SUNSET   505 PM AKST
FEBRUARY  1 2015......SUNRISE   920 AM AKST  SUNSET   508 PM AKST

CIVIL TWILIGHT
JANUARY 31 2015         START   833 AM AKST     END   555 PM AKST
FEBRUARY 1 2015         START   831 AM AKST     END   558 PM AKST



-  INDICATES NEGATIVE NUMBERS.
R  INDICATES RECORD WAS SET OR TIED.
MM INDICATES DATA IS MISSING.
T  INDICATES TRACE AMOUNT.




$$
&&
------------------------------------------------------
AMOUNT OF DAYLIGHT TODAY  (HOUR:MIN)........ 7:42
