000
CDUS43 KAPX 040533
CLIANJ


CLIMATE REPORT
NATIONAL WEATHER SERVICE GAYLORD MI
1232 AM EST SUN DEC 4 2016


...................................

...THE SAULT STE MARIE MI CLIMATE SUMMARY FOR DECEMBER 3 2016...

CLIMATE NORMAL PERIOD 1981 TO 2010
CLIMATE RECORD PERIOD 1888 TO 2016


WEATHER ITEM   OBSERVED TIME   RECORD YEAR NORMAL DEPARTURE LAST
                VALUE   (LST)  VALUE       VALUE  FROM      YEAR
                                                  NORMAL
..................................................................
TEMPERATURE (F)
 YESTERDAY
  MAXIMUM         39    329 PM  60    1982  33      6       37
  MINIMUM         32    854 PM -14    1940  21     11       33
  AVERAGE         36                        27      9       35

PRECIPITATION (IN)
  YESTERDAY        0.09          0.90 1984   0.11  -0.02     0.04
  MONTH TO DATE    0.27                      0.32  -0.05     0.19
  SINCE DEC 1      0.27                      0.32  -0.05     0.19
  SINCE JAN 1     31.02                     30.48   0.54    27.66

SNOWFALL (IN)
  YESTERDAY        0.7           8.9  1984   1.0   -0.3       T
  MONTH TO DATE    0.7                       2.9   -2.2       T
  SINCE OCT 1      7.6                      19.6  -12.0      9.0
  SINCE JUL 1      7.6                      19.6  -12.0      9.0
  SNOW DEPTH       T

DEGREE DAYS
 HEATING
  YESTERDAY       29                        38     -9       30
  MONTH TO DATE   87                       113    -26       88
  SINCE DEC 1     87                       113    -26       88
  SINCE JUL 1   1357                      2045   -688     1579
..................................................................


WIND (MPH)
  HIGHEST WIND SPEED    12   HIGHEST WIND DIRECTION    NW (310)
  HIGHEST GUST SPEED    15   HIGHEST GUST DIRECTION    NW (310)
  AVERAGE WIND SPEED     3.6




RELATIVE HUMIDITY (PERCENT)
 HIGHEST    96
 LOWEST     75
 AVERAGE    86

..........................................................


THE SAULT STE MARIE MI CLIMATE NORMALS FOR TODAY
                         NORMAL    RECORD    YEAR
 MAXIMUM TEMPERATURE (F)   32        59      1961
 MINIMUM TEMPERATURE (F)   21        -9      1926


SUNRISE AND SUNSET
DECEMBER  4 2016......SUNRISE   805 AM EST   SUNSET   451 PM EST
DECEMBER  5 2016......SUNRISE   806 AM EST   SUNSET   451 PM EST


-  INDICATES NEGATIVE NUMBERS.
R  INDICATES RECORD WAS SET OR TIED.
MM INDICATES DATA IS MISSING.
T  INDICATES TRACE AMOUNT.




$$
