000
CDUS43 KAPX 030534
CLIANJ


CLIMATE REPORT
NATIONAL WEATHER SERVICE GAYLORD MI
134 AM EDT MON AUG 3 2015


...................................

...THE SAULT STE MARIE MI CLIMATE SUMMARY FOR AUGUST 2 2015...

CLIMATE NORMAL PERIOD 1981 TO 2010
CLIMATE RECORD PERIOD 1888 TO 2015


WEATHER ITEM   OBSERVED TIME   RECORD YEAR NORMAL DEPARTURE LAST
                VALUE   (LST)  VALUE       VALUE  FROM      YEAR
                                                  NORMAL
..................................................................
TEMPERATURE (F)
 YESTERDAY
  MAXIMUM         73    105 PM  93    1988  76     -3       80
  MINIMUM         59   1159 PM  38    1976  56      3       49
  AVERAGE         66                        66      0       65

PRECIPITATION (IN)
  YESTERDAY        0.09          1.56 1987   0.10  -0.01     0.00
  MONTH TO DATE    0.09                      0.20  -0.11     0.00
  SINCE JUN 1      5.87                      5.76   0.11     4.40
  SINCE JAN 1     14.57                     16.20  -1.63    16.44

DEGREE DAYS
 HEATING
  YESTERDAY        0                         2     -2        0
  MONTH TO DATE    1                         4     -3        2
  SINCE JUN 1    243                       253    -10      222
  SINCE JUL 1     55                        73    -18      113

 COOLING
  YESTERDAY        1                         3     -2        0
  MONTH TO DATE    1                         6     -5        0
  SINCE JUN 1    100                       114    -14       58
  SINCE JAN 1    102                       119    -17       60
..................................................................


WIND (MPH)
  HIGHEST WIND SPEED    10   HIGHEST WIND DIRECTION     W (280)
  HIGHEST GUST SPEED    15   HIGHEST GUST DIRECTION     S (200)
  AVERAGE WIND SPEED     5.3




RELATIVE HUMIDITY (PERCENT)
 HIGHEST    93
 LOWEST     73
 AVERAGE    83

..........................................................


THE SAULT STE MARIE MI CLIMATE NORMALS FOR TODAY
                         NORMAL    RECORD    YEAR
 MAXIMUM TEMPERATURE (F)   76        91      1987
 MINIMUM TEMPERATURE (F)   56        38      1977


SUNRISE AND SUNSET
AUGUST  3 2015........SUNRISE   621 AM EDT   SUNSET   906 PM EDT
AUGUST  4 2015........SUNRISE   622 AM EDT   SUNSET   904 PM EDT


-  INDICATES NEGATIVE NUMBERS.
R  INDICATES RECORD WAS SET OR TIED.
MM INDICATES DATA IS MISSING.
T  INDICATES TRACE AMOUNT.




$$
