000
CDUS43 KAPX 142129
CLIANJ


CLIMATE REPORT
NATIONAL WEATHER SERVICE GAYLORD MI
528 PM EDT SUN SEP 14 2014


...................................

...THE SAULT STE MARIE MI CLIMATE SUMMARY FOR SEPTEMBER 14 2014...
VALID TODAY AS OF 0500 PM LOCAL TIME.

CLIMATE NORMAL PERIOD 1981 TO 2010
CLIMATE RECORD PERIOD 1888 TO 2014


WEATHER ITEM   OBSERVED TIME   RECORD YEAR NORMAL DEPARTURE LAST
                VALUE   (LST)  VALUE       VALUE  FROM      YEAR
                                                  NORMAL
..................................................................
TEMPERATURE (F)
 TODAY
  MAXIMUM         56    339 PM  89    1939  67    -11       66
  MINIMUM         41   1200 AM  32    1953  48     -7       40
                                      1913
  AVERAGE         49                        58     -9       53

PRECIPITATION (IN)
  TODAY            0.03          1.66 1941   0.13  -0.10     0.00
  MONTH TO DATE    3.02                      1.73   1.29     5.71
  SINCE SEP 1      3.02                      1.73   1.29     5.71
  SINCE JAN 1     21.94                     20.90   1.04    34.00

DEGREE DAYS
 HEATING
  TODAY           16                         8      8       12
  MONTH TO DATE   98                        84     14       91
  SINCE SEP 1     98                        84     14       91
  SINCE JUL 1    279                       231     48      207

 COOLING
  TODAY            0                         1     -1        0
  MONTH TO DATE    4                        14    -10       12
  SINCE SEP 1      4                        14    -10       12
  SINCE JAN 1    112                       192    -80      264
..................................................................


WIND (MPH)
  RESULTANT WIND SPEED   4   RESULTANT WIND DIRECTION  SE (150)
  HIGHEST WIND SPEED    14   HIGHEST WIND DIRECTION     S (200)
  HIGHEST GUST SPEED    19   HIGHEST GUST DIRECTION     S (190)
  AVERAGE WIND SPEED     4.4


SKY COVER
  POSSIBLE SUNSHINE  MM
  AVERAGE SKY COVER 1.0


WEATHER CONDITIONS
 THE FOLLOWING WEATHER WAS RECORDED TODAY.
  LIGHT RAIN
  FOG


RELATIVE HUMIDITY (PERCENT)
 HIGHEST    93           800 AM
 LOWEST     66           300 PM
 AVERAGE    80

..........................................................


THE SAULT STE MARIE MI CLIMATE NORMALS FOR TOMORROW
                         NORMAL    RECORD    YEAR
 MAXIMUM TEMPERATURE (F)   67        89      1939
 MINIMUM TEMPERATURE (F)   48        32      1995
                                             1983
                                             1964


SUNRISE AND SUNSET
SEPTEMBER 14 2014.....SUNRISE   714 AM EDT   SUNSET   751 PM EDT
SEPTEMBER 15 2014.....SUNRISE   715 AM EDT   SUNSET   749 PM EDT


-  INDICATES NEGATIVE NUMBERS.
R  INDICATES RECORD WAS SET OR TIED.
MM INDICATES DATA IS MISSING.
T  INDICATES TRACE AMOUNT.




$$
