000
CDUS43 KAPX 230526
CLIANJ


CLIMATE REPORT
NATIONAL WEATHER SERVICE GAYLORD MI
126 AM EDT SAT SEP 23 2017


...................................

...THE SAULT STE MARIE MI CLIMATE SUMMARY FOR SEPTEMBER 22 2017...

CLIMATE NORMAL PERIOD 1981 TO 2010
CLIMATE RECORD PERIOD 1888 TO 2017


WEATHER ITEM   OBSERVED TIME   RECORD YEAR NORMAL DEPARTURE LAST
                VALUE   (LST)  VALUE       VALUE  FROM      YEAR
                                                  NORMAL
..................................................................
TEMPERATURE (F)
 YESTERDAY
  MAXIMUM         87R   200 PM  85    1920  64     23       64
                                      1895
  MINIMUM         64    713 AM  28    1974  46     18       57
  AVERAGE         76                        55     21       61

PRECIPITATION (IN)
  YESTERDAY        0.04          1.11 1909   0.14  -0.10     0.02
  MONTH TO DATE    0.96                      2.77  -1.81     3.44
  SINCE SEP 1      0.96                      2.77  -1.81     3.44
  SINCE JAN 1     28.72                     21.94   6.78    23.52

DEGREE DAYS
 HEATING
  YESTERDAY        0                        10    -10        4
  MONTH TO DATE   92                       157    -65       32
  SINCE SEP 1     92                       157    -65       32
  SINCE JUL 1    175                       304   -129       67

 COOLING
  YESTERDAY       11                         0     11        0
  MONTH TO DATE   37                        15     22       35
  SINCE SEP 1     37                        15     22       35
  SINCE JAN 1    165                       193    -28      361
..................................................................


WIND (MPH)
  HIGHEST WIND SPEED    20   HIGHEST WIND DIRECTION    NW (310)
  HIGHEST GUST SPEED    30   HIGHEST GUST DIRECTION    NW (310)
  AVERAGE WIND SPEED     4.5




RELATIVE HUMIDITY (PERCENT)
 HIGHEST    93
 LOWEST     59
 AVERAGE    76

..........................................................


THE SAULT STE MARIE MI CLIMATE NORMALS FOR TODAY
                         NORMAL    RECORD    YEAR
 MAXIMUM TEMPERATURE (F)   64        84      1936
 MINIMUM TEMPERATURE (F)   45        25      1981


SUNRISE AND SUNSET
SEPTEMBER 23 2017.....SUNRISE   726 AM EDT   SUNSET   733 PM EDT
SEPTEMBER 24 2017.....SUNRISE   727 AM EDT   SUNSET   731 PM EDT


-  INDICATES NEGATIVE NUMBERS.
R  INDICATES RECORD WAS SET OR TIED.
MM INDICATES DATA IS MISSING.
T  INDICATES TRACE AMOUNT.




$$
