000
CDUS43 KAPX 300530
CLIANJ


CLIMATE REPORT
NATIONAL WEATHER SERVICE GAYLORD MI
128 AM EDT TUE MAY 30 2017


...................................

...THE SAULT STE MARIE MI CLIMATE SUMMARY FOR MAY 29 2017...

CLIMATE NORMAL PERIOD 1981 TO 2010
CLIMATE RECORD PERIOD 1888 TO 2017


WEATHER ITEM   OBSERVED TIME   RECORD YEAR NORMAL DEPARTURE LAST
                VALUE   (LST)  VALUE       VALUE  FROM      YEAR
                                                  NORMAL
..................................................................
TEMPERATURE (F)
 YESTERDAY
  MAXIMUM         68    225 PM  89    2006  67      1       80
                                      1895
  MINIMUM         53   1159 PM  30    1958  44      9       59
  AVERAGE         61                        55      6       70

PRECIPITATION (IN)
  YESTERDAY        T             1.22 1983   0.09  -0.09     0.05
  MONTH TO DATE    2.71                      2.39   0.32     1.76
  SINCE MAR 1      7.33                      6.73   0.60     6.84
  SINCE JAN 1     13.29                     10.26   3.03    10.55

DEGREE DAYS
 HEATING
  YESTERDAY        4                        10     -6        0
  MONTH TO DATE  377                       394    -17      339
  SINCE MAR 1   2227                      2337   -110     2193
  SINCE JUL 1   7101                      8463  -1362     7334

 COOLING
  YESTERDAY        0                         0      0        5
  MONTH TO DATE    1                         0      1       11
  SINCE MAR 1      1                         0      1       11
  SINCE JAN 1      1                         0      1       11
..................................................................


WIND (MPH)
  HIGHEST WIND SPEED    23   HIGHEST WIND DIRECTION     S (200)
  HIGHEST GUST SPEED    30   HIGHEST GUST DIRECTION    SW (220)
  AVERAGE WIND SPEED     6.5




RELATIVE HUMIDITY (PERCENT)
 HIGHEST   100
 LOWEST     48
 AVERAGE    74

..........................................................


THE SAULT STE MARIE MI CLIMATE NORMALS FOR TODAY
                         NORMAL    RECORD    YEAR
 MAXIMUM TEMPERATURE (F)   67        91      1919
 MINIMUM TEMPERATURE (F)   44        31      2009
                                             1996
                                             1973


SUNRISE AND SUNSET
MAY 30 2017...........SUNRISE   549 AM EDT   SUNSET   921 PM EDT
MAY 31 2017...........SUNRISE   549 AM EDT   SUNSET   922 PM EDT


-  INDICATES NEGATIVE NUMBERS.
R  INDICATES RECORD WAS SET OR TIED.
MM INDICATES DATA IS MISSING.
T  INDICATES TRACE AMOUNT.




$$
