000
CDUS43 KAPX 060537
CLIANJ


CLIMATE REPORT
NATIONAL WEATHER SERVICE GAYLORD MI
137 AM EDT MON JUL 6 2015


...................................

...THE SAULT STE MARIE MI CLIMATE SUMMARY FOR JULY 5 2015...

CLIMATE NORMAL PERIOD 1981 TO 2010
CLIMATE RECORD PERIOD 1888 TO 2015


WEATHER ITEM   OBSERVED TIME   RECORD YEAR NORMAL DEPARTURE LAST
                VALUE   (LST)  VALUE       VALUE  FROM      YEAR
                                                  NORMAL
..................................................................
TEMPERATURE (F)
 YESTERDAY
  MAXIMUM         82    425 PM  94    1921  76      6       76
  MINIMUM         48    337 AM  39    1972  53     -5       50
  AVERAGE         65                        64      1       63

PRECIPITATION (IN)
  YESTERDAY        0.00          1.25 1958   0.09  -0.09      T
  MONTH TO DATE    T                         0.42  -0.42     0.39
  SINCE JUN 1      2.73                      3.12  -0.39     3.31
  SINCE JAN 1     11.43                     13.56  -2.13    15.35

DEGREE DAYS
 HEATING
  YESTERDAY        0                         3     -3        2
  MONTH TO DATE   22                        15      7       22
  SINCE JUN 1    210                       195     15      131
  SINCE JUL 1     22                        15      7       22

 COOLING
  YESTERDAY        0                         2     -2        0
  MONTH TO DATE    0                        10    -10        4
  SINCE JUN 1      7                        40    -33       41
  SINCE JAN 1      9                        45    -36       43
..................................................................


WIND (MPH)
  HIGHEST WIND SPEED    16   HIGHEST WIND DIRECTION    SW (220)
  HIGHEST GUST SPEED    20   HIGHEST GUST DIRECTION    SW (210)
  AVERAGE WIND SPEED     5.5




RELATIVE HUMIDITY (PERCENT)
 HIGHEST    93
 LOWEST     51
 AVERAGE    72

..........................................................


THE SAULT STE MARIE MI CLIMATE NORMALS FOR TODAY
                         NORMAL    RECORD    YEAR
 MAXIMUM TEMPERATURE (F)   76        96      1988
 MINIMUM TEMPERATURE (F)   53        36      1983
                                             1965


SUNRISE AND SUNSET
JULY  6 2015..........SUNRISE   552 AM EDT   SUNSET   932 PM EDT
JULY  7 2015..........SUNRISE   552 AM EDT   SUNSET   932 PM EDT


-  INDICATES NEGATIVE NUMBERS.
R  INDICATES RECORD WAS SET OR TIED.
MM INDICATES DATA IS MISSING.
T  INDICATES TRACE AMOUNT.




$$
