000
CDUS43 KAPX 290546
CLIANJ


CLIMATE REPORT
NATIONAL WEATHER SERVICE GAYLORD MI
1246 AM EST THU JAN 29 2015


...................................

...THE SAULT STE MARIE MI CLIMATE SUMMARY FOR JANUARY 28 2015...

CLIMATE NORMAL PERIOD 1981 TO 2010
CLIMATE RECORD PERIOD 1888 TO 2015


WEATHER ITEM   OBSERVED TIME   RECORD YEAR NORMAL DEPARTURE LAST
                VALUE   (LST)  VALUE       VALUE  FROM      YEAR
                                                  NORMAL
..................................................................
TEMPERATURE (F)
 YESTERDAY
  MAXIMUM         25   1159 PM  40    1989  23      2        3
  MINIMUM         -1    805 AM -28    1986   7     -8      -11
  AVERAGE         12                        15     -3       -4

PRECIPITATION (IN)
  YESTERDAY        T             0.99 1970   0.06  -0.06     0.01
  MONTH TO DATE    1.86                      2.00  -0.14     2.32
  SINCE DEC 1      5.20                      4.79   0.41     5.12
  SINCE JAN 1      1.86                      2.00  -0.14     2.32

SNOWFALL (IN)
  YESTERDAY        T             9.9  1970   1.0   -1.0      0.2
  MONTH TO DATE   24.4                      28.6   -4.2     32.1
  SINCE OCT 1    125.6                      78.8   46.8     86.8
  SINCE JUL 1    125.6                      78.8   46.8     86.8
  SNOW DEPTH      21

DEGREE DAYS
 HEATING
  YESTERDAY       53                        50      3       69
  MONTH TO DATE 1498                      1388    110     1561
  SINCE DEC 1   2727                      2715     12     3183
  SINCE JUL 1   4889                      4647    242     5076
..................................................................


WIND (MPH)
  HIGHEST WIND SPEED    12   HIGHEST WIND DIRECTION     E (90)
  HIGHEST GUST SPEED    17   HIGHEST GUST DIRECTION     E (90)
  AVERAGE WIND SPEED     4.9




RELATIVE HUMIDITY (PERCENT)
 HIGHEST    87
 LOWEST     50
 AVERAGE    69

..........................................................


THE SAULT STE MARIE MI CLIMATE NORMALS FOR TODAY
                         NORMAL    RECORD    YEAR
 MAXIMUM TEMPERATURE (F)   23        48      1914
 MINIMUM TEMPERATURE (F)    7       -26      1899


SUNRISE AND SUNSET
JANUARY 29 2015.......SUNRISE   805 AM EST   SUNSET   537 PM EST
JANUARY 30 2015.......SUNRISE   804 AM EST   SUNSET   538 PM EST


-  INDICATES NEGATIVE NUMBERS.
R  INDICATES RECORD WAS SET OR TIED.
MM INDICATES DATA IS MISSING.
T  INDICATES TRACE AMOUNT.




$$
