000
CDUS43 KAPX 270538
CLIANJ


CLIMATE REPORT
NATIONAL WEATHER SERVICE GAYLORD MI
138 AM EDT FRI MAR 27 2015


...................................

...THE SAULT STE MARIE MI CLIMATE SUMMARY FOR MARCH 26 2015...

CLIMATE NORMAL PERIOD 1981 TO 2010
CLIMATE RECORD PERIOD 1888 TO 2015


WEATHER ITEM   OBSERVED TIME   RECORD YEAR NORMAL DEPARTURE LAST
                VALUE   (LST)  VALUE       VALUE  FROM      YEAR
                                                  NORMAL
..................................................................
TEMPERATURE (F)
 YESTERDAY
  MAXIMUM         34    439 AM  65    1945  39     -5       26
  MINIMUM         15   1159 PM  -9    1923  22     -7       19
  AVERAGE         25                        30     -5       23

PRECIPITATION (IN)
  YESTERDAY        0.04          1.50 1906   0.07  -0.03     0.00
  MONTH TO DATE    1.08                      1.59  -0.51     1.08
  SINCE MAR 1      1.08                      1.59  -0.51     1.08
  SINCE JAN 1      4.45                      5.12  -0.67     4.44

SNOWFALL (IN)
  YESTERDAY        0.8          11.4  1964   0.4    0.4      0.0
  MONTH TO DATE   13.8                      11.8    2.0     12.8
  SINCE OCT 1    162.5                     112.0   50.5    118.9
  SINCE JUL 1    162.5                     112.0   50.5    118.9
  SNOW DEPTH      24

DEGREE DAYS
 HEATING
  YESTERDAY       40                        35      5       42
  MONTH TO DATE 1108                      1034     74     1322
  SINCE MAR 1   1108                      1034     74     1322
  SINCE JUL 1   7887                      7160    727     8102

 COOLING
  YESTERDAY        0                         0      0        0
  MONTH TO DATE    0                         0      0        0
  SINCE MAR 1      0                         0      0        0
  SINCE JAN 1      0                         0      0        0
..................................................................


WIND (MPH)
  HIGHEST WIND SPEED    21   HIGHEST WIND DIRECTION    NW (300)
  HIGHEST GUST SPEED    27   HIGHEST GUST DIRECTION     W (290)
  AVERAGE WIND SPEED    11.3




RELATIVE HUMIDITY (PERCENT)
 HIGHEST    96
 LOWEST     62
 AVERAGE    79

..........................................................


THE SAULT STE MARIE MI CLIMATE NORMALS FOR TODAY
                         NORMAL    RECORD    YEAR
 MAXIMUM TEMPERATURE (F)   39        69      1945
 MINIMUM TEMPERATURE (F)   22        -6      1996


SUNRISE AND SUNSET
MARCH 27 2015.........SUNRISE   727 AM EDT   SUNSET   759 PM EDT
MARCH 28 2015.........SUNRISE   725 AM EDT   SUNSET   801 PM EDT


-  INDICATES NEGATIVE NUMBERS.
R  INDICATES RECORD WAS SET OR TIED.
MM INDICATES DATA IS MISSING.
T  INDICATES TRACE AMOUNT.




$$
