000
CDUS43 KAPX 110534
CLIANJ


CLIMATE REPORT
NATIONAL WEATHER SERVICE GAYLORD MI
129 AM EDT FRI JUL 11 2014


...................................

...THE SAULT STE MARIE MI CLIMATE SUMMARY FOR JULY 10 2014...

CLIMATE NORMAL PERIOD 1981 TO 2010
CLIMATE RECORD PERIOD 1888 TO 2014


WEATHER ITEM   OBSERVED TIME   RECORD YEAR NORMAL DEPARTURE LAST
                VALUE   (LST)  VALUE       VALUE  FROM      YEAR
                                                  NORMAL
..................................................................
TEMPERATURE (F)
 YESTERDAY
  MAXIMUM         73    336 PM  93    1936  76     -3       69
  MINIMUM         43    538 AM  38    1968  54    -11       55
  AVERAGE         58                        65     -7       62

PRECIPITATION (IN)
  YESTERDAY        0.00          1.01 1889   0.09  -0.09     0.07
  MONTH TO DATE    0.50                      0.86  -0.36     0.24
  SINCE JUN 1      3.42                      3.56  -0.14     3.49
  SINCE JAN 1     15.46                     14.00   1.46    17.75

DEGREE DAYS
 HEATING
  YESTERDAY        7                         3      4        3
  MONTH TO DATE   49                        30     19        4
  SINCE JUN 1    158                       210    -52      150
  SINCE JUL 1     49                        30     19        4

 COOLING
  YESTERDAY        0                         3     -3        0
  MONTH TO DATE    4                        21    -17       40
  SINCE JUN 1     41                        51    -10       79
  SINCE JAN 1     43                        56    -13       88
..................................................................


WIND (MPH)
  HIGHEST WIND SPEED    12   HIGHEST WIND DIRECTION    SW (220)
  HIGHEST GUST SPEED    16   HIGHEST GUST DIRECTION     S (190)
  AVERAGE WIND SPEED     3.8




RELATIVE HUMIDITY (PERCENT)
 HIGHEST    93
 LOWEST     38
 AVERAGE    66

..........................................................


THE SAULT STE MARIE MI CLIMATE NORMALS FOR TODAY
                         NORMAL    RECORD    YEAR
 MAXIMUM TEMPERATURE (F)   76        96      1936
 MINIMUM TEMPERATURE (F)   54        36      1985


SUNRISE AND SUNSET
JULY 11 2014..........SUNRISE   556 AM EDT   SUNSET   929 PM EDT
JULY 12 2014..........SUNRISE   557 AM EDT   SUNSET   929 PM EDT


-  INDICATES NEGATIVE NUMBERS.
R  INDICATES RECORD WAS SET OR TIED.
MM INDICATES DATA IS MISSING.
T  INDICATES TRACE AMOUNT.




$$
