000
CDAK47 PANT 010013
CLIANN

CLIMATE REPORT
NATIONAL WEATHER SERVICE ANNETTE, AK
413 PM AKDT THU JUL 31 2014

...................................
...THE ANNETTE WSO AP CLIMATE SUMMARY FOR JULY 31 2014...
VALID TODAY AS OF 2:00 PM LOCAL TIME

CLIMATE NORMAL PERIOD  1981 TO  2010
CLIMATE RECORD PERIOD  1948 TO  2014

WEATHER ITEM   OBSERVED TIME    RECORD YEAR NORMAL DEPARTURE LAST
               VALUE    (LST)   VALUE       VALUE  FROM      YEAR
                                                   NORMAL
...................................................................
TEMPERATURE
TODAY
 MAXIMUM            69  0353 PM    86  2009     66       3     73
 MINIMUM            MM    MM       47  1972     54      MM     55
 AVERAGE            MM                          60      MM     64

PRECIPITATION
(INCHES)
 TODAY            0.00           1.98  1949   0.16   -0.16   0.00
 MONTH TO DATE    7.60                        4.65    2.95   3.60
 SINCE JUN 1     15.35                        9.53    5.82   7.58
 SINCE JAN 1     56.15                       47.95    8.20  46.89

SNOWFALL
(INCHES)
 TODAY             0.0            0.0  2014    0.0     0.0    0.0
 MONTH TO DATE     0.0                         0.0     0.0    0.0
 SINCE JUN 1       0.0                         0.0     0.0    0.0
 SINCE JUL 1       0.0                         0.0     0.0    0.0
 SNOW DEPTH (IN)     0                                          0

DEGREE DAYS
 HEATING
  TODAY             MM                           5      MM      1
  MONTH TO DATE     MM                         206      MM    151
  SINCE JUN 1      666                         504     162    371
  SINCE JUL 1      339                         206     133    151

 COOLING
  TODAY             MM                           0      MM      0
  MONTH TO DATE     MM                           0      MM     14
  SINCE JUN 1        8                           0       8     20
  SINCE JAN 1       MM                           0      MM     20
...................................................................

WIND (MPH)
 HIGHEST WIND SPEED    12     HIGHEST WIND DIRECTION    330
 HIGHEST GUST SPEED    15     HIGHEST GUST DIRECTION    330
 AVERAGE WIND SPEED   0.0

WEATHER CONDITIONS
 THE FOLLOWING WEATHER WAS RECORDED TODAY.
NO SIGNIFICANT WEATHER WAS OBSERVED.

...................................................................

THE ANNETTE CLIMATE NORMALS FOR TOMORROW
                        NORMAL    RECORD   YEAR
 MAXIMUM TEMPERATURE      66        82     1999
 MINIMUM TEMPERATURE      54        45     1973

SUNRISE AND SUNSET
 JUL 31 2014..........SUNRISE  4:54 AM      SUNSET  8:51 PM
 AUG 1 2014..........SUNRISE  4:56 AM      SUNSET  8:49 PM

-  INDICATES NEGATIVE NUMBERS.
R  INDICATES RECORD HAS BEEN SET OR TIED.
MM INDICATES DATA IS MISSING.
T  INDICATES TRACE OF PRECIPITATION.

&&
-------------------------------------------------------------------

AMOUNT OF DAYLIGHT TODAY  (HOUR:MIN)........15 HOURS 57 MINUTES
GAIN/LOSS SINCE YESTERDAY (HOUR:MIN:SEC)....-0:03:38

$$
TR JUL 14
