000
CDAK47 PANT 030908
CLIANN

CLIMATE REPORT
NATIONAL WEATHER SERVICE ANNETTE, AK
108 AM AKDT FRI JUL 3 2015

...................................
...THE ANNETTE WSO AP CLIMATE SUMMARY FOR JULY 3 2015...
VALID TODAY AS OF 2:00 PM LOCAL TIME

CLIMATE NORMAL PERIOD  1981 TO  2010
CLIMATE RECORD PERIOD  1948 TO  2015

WEATHER ITEM   OBSERVED TIME    RECORD YEAR NORMAL DEPARTURE LAST
               VALUE    (LST)   VALUE       VALUE  FROM      YEAR
                                                   NORMAL
...................................................................
TEMPERATURE
TODAY
 MAXIMUM            69  0408 PM    81  1972     63       6     55
 MINIMUM            55  1159 PM    44  2012     51       4     52
 AVERAGE            62                          57       5     54

PRECIPITATION
(INCHES)
 TODAY            0.00           1.03  1957   0.15   -0.15   0.52
 MONTH TO DATE    0.00                        0.45   -0.45   0.83
 SINCE JUN 1      3.99                        5.33   -1.34   8.58
 SINCE JAN 1     47.47                       43.75    3.72  49.38

SNOWFALL
(INCHES)
 TODAY             0.0            0.0  2015    0.0     0.0    0.0
 MONTH TO DATE     0.0                         0.0     0.0    0.0
 SINCE JUN 1       0.0                         0.0     0.0    0.0
 SINCE JUL 1       0.0                         0.0     0.0    0.0
 SNOW DEPTH (IN)     0                                          0

DEGREE DAYS
 HEATING
  TODAY              3                           8      -5     11
  MONTH TO DATE      8                          24     -16     22
  SINCE JUN 1      196                         322    -126    349
  SINCE JUL 1        8                          24     -16     22

 COOLING
  TODAY              0                           0       0      0
  MONTH TO DATE      0                           0       0      0
  SINCE JUN 1        2                           0       2      0
  SINCE JAN 1        2                           0       2      0
...................................................................

WIND (MPH)
 HIGHEST WIND SPEED    12     HIGHEST WIND DIRECTION    330
 HIGHEST GUST SPEED    16     HIGHEST GUST DIRECTION    120
 AVERAGE WIND SPEED   6.9

SKY COVER
  POSSIBLE SUNSHINE  MM            AVERAGE SKY COVER MM

WEATHER CONDITIONS
 THE FOLLOWING WEATHER WAS RECORDED TODAY.
NO SIGNIFICANT WEATHER WAS OBSERVED.

RELATIVE HUMIDITY
 HIGHEST RH     MM PERCENT       MM
 LOWEST  RH     MM PERCENT       MM
 AVERAGE RH     MM PERCENT       MM
...................................................................

THE ANNETTE CLIMATE NORMALS FOR TOMORROW
                        NORMAL    RECORD   YEAR
 MAXIMUM TEMPERATURE      63        80     1972
 MINIMUM TEMPERATURE      52        45     1977

SUNRISE AND SUNSET
 JUL 3 2015..........SUNRISE  4:14 AM      SUNSET  9:28 PM
 JUL 4 2015..........SUNRISE  4:15 AM      SUNSET  9:27 PM

-  INDICATES NEGATIVE NUMBERS.
R  INDICATES RECORD HAS BEEN SET OR TIED.
MM INDICATES DATA IS MISSING.
T  INDICATES TRACE OF PRECIPITATION.

&&
-------------------------------------------------------------------

AMOUNT OF DAYLIGHT TODAY  (HOUR:MIN)........17 HOURS 14 MINUTES
GAIN/LOSS SINCE YESTERDAY (HOUR:MIN:SEC)....-0:01:24

$$
MM JUL 15
