000
CDAK47 PANT 030930
CLIANN

CLIMATE REPORT
NATIONAL WEATHER SERVICE ANNETTE, AK
130 AM AKDT TUE MAY 3 2016

...................................
...THE ANNETTE WSO AP CLIMATE SUMMARY FOR MAY 2 2016...

CLIMATE NORMAL PERIOD  1981 TO  2010
CLIMATE RECORD PERIOD  1948 TO  2016

WEATHER ITEM   OBSERVED TIME    RECORD YEAR NORMAL DEPARTURE LAST
               VALUE    (LST)   VALUE       VALUE  FROM      YEAR
                                                   NORMAL
...................................................................
TEMPERATURE
YESTERDAY
 MAXIMUM            58  0113 AM    76  2009     53       5     54
 MINIMUM            58  1159 PM    33  1999     41      17     36
 AVERAGE            58                          47      11     45

PRECIPITATION
(INCHES)
 YESTERDAY        0.12           2.39  1965   0.20   -0.08   0.00
 MONTH TO DATE    2.01                        0.40    1.61   0.17
 SINCE MAR 1     20.42                       15.22    5.20  22.09
 SINCE JAN 1     45.46                       33.26   12.20  43.15

SNOWFALL
(INCHES)
 YESTERDAY         0.0            0.2  1999    0.0     0.0    0.0
 MONTH TO DATE     0.0                         0.0     0.0    0.0
 SINCE MAR 1       0.0                         8.3    -8.3    0.0
 SINCE JUL 1       5.0                        34.8   -29.8   10.2
 SNOW DEPTH (IN)     0                                          0

DEGREE DAYS
 HEATING
  YESTERDAY          7                          18     -11     20
  MONTH TO DATE     18                          36     -18     40
  SINCE MAR 1     1280                        1443    -163   1276
  SINCE JUL 1     5358                        5981    -623     MM

 COOLING
  YESTERDAY          0                           0       0      0
  MONTH TO DATE      0                           0       0      0
  SINCE MAR 1        0                           0       0      0
  SINCE JAN 1        0                           0       0      0
...................................................................

WIND (MPH)
 HIGHEST WIND SPEED    18     HIGHEST WIND DIRECTION    120
 HIGHEST GUST SPEED    26     HIGHEST GUST DIRECTION    140
 AVERAGE WIND SPEED   7.1

SKY COVER
  POSSIBLE SUNSHINE    MM          AVERAGE SKY COVER     MM

WEATHER CONDITIONS
 THE FOLLOWING WEATHER WAS RECORDED YESTERDAY.
  FOG
RAIN


RELATIVE HUMIDITY
 HIGHEST RH     MM PERCENT       MM
 LOWEST  RH     MM PERCENT       MM
 AVERAGE RH     MM PERCENT       MM
...................................................................

THE ANNETTE CLIMATE NORMALS FOR TODAY
                           NORMAL    RECORD   YEAR
 MAXIMUM TEMPERATURE (F)     54        68     1991
 MINIMUM TEMPERATURE (F)     41        32     1999

SUNRISE AND SUNSET
 MAY 3 2016..........SUNRISE  5:01 AM      SUNSET  8:28 PM
 MAY 4 2016..........SUNRISE  4:59 AM      SUNSET  8:30 PM

-  INDICATES NEGATIVE NUMBERS.
R  INDICATES RECORD HAS BEEN SET OR TIED.
MM INDICATES DATA IS MISSING.
T  INDICATES TRACE OF PRECIPITATION.

&&
-------------------------------------------------------------------

AMOUNT OF DAYLIGHT TODAY  (HOUR:MIN)........15 HOURS 27 MINUTES
GAIN/LOSS SINCE YESTERDAY (HOUR:MIN:SEC)....+0:04:01

$$
*** MAY 16
