000
CDAK47 PANT 202353
CLIANN

CLIMATE REPORT
NATIONAL WEATHER SERVICE ANNETTE, AK
353 PM AKDT SUN APR 20 2014

...................................
...THE ANNETTE WSO AP CLIMATE SUMMARY FOR APRIL 20 2014...
VALID TODAY AS OF 2:00 PM LOCAL TIME

CLIMATE NORMAL PERIOD  1981 TO  2010
CLIMATE RECORD PERIOD  1948 TO  2014

WEATHER ITEM   OBSERVED TIME    RECORD YEAR NORMAL DEPARTURE LAST
               VALUE    (LST)   VALUE       VALUE  FROM      YEAR
                                                   NORMAL
...................................................................
TEMPERATURE
TODAY
 MAXIMUM            50  1230 PM    63  2004     51      -1     50
 MINIMUM            43  0637 AM    30  1975     39       4     33
 AVERAGE            47                          45       2     42

PRECIPITATION
(INCHES)
 TODAY            0.13           2.18  2000   0.21   -0.08   0.00
 MONTH TO DATE   10.06                        4.74    5.32   4.66
 SINCE MAR 1     18.20                       12.79    5.41   9.02
 SINCE JAN 1     30.30                       30.83   -0.53  30.58

SNOWFALL
(INCHES)
 TODAY             0.0            0.7  1972    0.0     0.0    0.0
 MONTH TO DATE     0.0                         1.2    -1.2      T
 SINCE MAR 1       0.3                         8.1    -7.8    0.9
 SINCE JUL 1      25.4                        34.6    -9.2   12.8
 SNOW DEPTH (IN)     0                                          0

DEGREE DAYS
 HEATING
  TODAY             18                          20      -2     23
  MONTH TO DATE    438                         432       6    437
  SINCE MAR 1     1305                        1216      89   1249
  SINCE JUL 1     5794                        5754      40   5775

 COOLING
  TODAY              0                           0       0      0
  MONTH TO DATE      0                           0       0      0
  SINCE MAR 1        0                           0       0      0
  SINCE JAN 1        0                           0       0      0
...................................................................

WIND (MPH)
 HIGHEST WIND SPEED    26     HIGHEST WIND DIRECTION    130
 HIGHEST GUST SPEED    36     HIGHEST GUST DIRECTION    130
 AVERAGE WIND SPEED    MM

SKY COVER
  POSSIBLE SUNSHINE  MM            AVERAGE SKY COVER MM

WEATHER CONDITIONS
 THE FOLLOWING WEATHER WAS RECORDED TODAY.
FOG
RAIN


RELATIVE HUMIDITY
 HIGHEST RH     MM PERCENT       MM
 LOWEST  RH     MM PERCENT       MM
 AVERAGE RH     MM PERCENT       MM
...................................................................

THE ANNETTE CLIMATE NORMALS FOR TOMORROW
                        NORMAL    RECORD   YEAR
 MAXIMUM TEMPERATURE      51        73     1956
 MINIMUM TEMPERATURE      39        30     2013

SUNRISE AND SUNSET
 APR 20 2014..........SUNRISE  5:31 AM      SUNSET  8:01 PM
 APR 21 2014..........SUNRISE  5:29 AM      SUNSET  8:03 PM

-  INDICATES NEGATIVE NUMBERS.
R  INDICATES RECORD HAS BEEN SET OR TIED.
MM INDICATES DATA IS MISSING.
T  INDICATES TRACE OF PRECIPITATION.

&&
-------------------------------------------------------------------

AMOUNT OF DAYLIGHT TODAY  (HOUR:MIN)........14 HOURS 30 MINUTES
GAIN/LOSS SINCE YESTERDAY (HOUR:MIN:SEC)....+0:04:19

$$
LTB APR 14
