000
CDAK47 PANT 240001
CLIANN

CLIMATE REPORT
NATIONAL WEATHER SERVICE ANNETTE, AK
401 PM AKDT SAT JUL 23 2016

...................................
...THE ANNETTE WSO AP CLIMATE SUMMARY FOR JULY 23 2016...
VALID TODAY AS OF 2:00 PM LOCAL TIME

CLIMATE NORMAL PERIOD  1981 TO  2010
CLIMATE RECORD PERIOD  1948 TO  2016

WEATHER ITEM   OBSERVED TIME    RECORD YEAR NORMAL DEPARTURE LAST
               VALUE    (LST)   VALUE       VALUE  FROM      YEAR
                                                   NORMAL
...................................................................
TEMPERATURE
TODAY
 MAXIMUM            58  0300 PM    84  1966     65      -7     59
 MINIMUM            57  0159 PM    43  1965     54       3     55
 AVERAGE            58                          59      -1     57

PRECIPITATION
(INCHES)
 TODAY            0.91           2.11  1988   0.16    0.75   0.61
 MONTH TO DATE    3.48                        3.40    0.08   2.53
 SINCE JUN 1      7.73                        8.28   -0.55   6.52
 SINCE JAN 1     57.47                       46.70   10.77  50.00

SNOWFALL
(INCHES)
 TODAY             0.0            0.0  2016    0.0     0.0    0.0
 MONTH TO DATE     0.0                         0.0     0.0    0.0
 SINCE JUN 1       0.0                         0.0     0.0    0.0
 SINCE JUL 1       0.0                         0.0     0.0    0.0
 SNOW DEPTH (IN)     0                                          0

DEGREE DAYS
 HEATING
  TODAY              7                           6       1      8
  MONTH TO DATE     96                         160     -64     67
  SINCE JUN 1      365                         458     -93    255
  SINCE JUL 1       96                         160     -64     67

 COOLING
  TODAY              0                           0       0      0
  MONTH TO DATE     20                           0      20     35
  SINCE JUN 1       20                           0      20     37
  SINCE JAN 1       22                           0      22     37
...................................................................

WIND (MPH)
 HIGHEST WIND SPEED    21     HIGHEST WIND DIRECTION    140
 HIGHEST GUST SPEED    31     HIGHEST GUST DIRECTION    150
 AVERAGE WIND SPEED    MM

SKY COVER
  POSSIBLE SUNSHINE  MM            AVERAGE SKY COVER MM

WEATHER CONDITIONS
 THE FOLLOWING WEATHER WAS RECORDED TODAY.
FOG
RAIN


RELATIVE HUMIDITY
 HIGHEST RH     MM PERCENT       MM
 LOWEST  RH     MM PERCENT       MM
 AVERAGE RH     MM PERCENT       MM
...................................................................

THE ANNETTE CLIMATE NORMALS FOR TOMORROW
                        NORMAL    RECORD   YEAR
 MAXIMUM TEMPERATURE      65        80     1971
 MINIMUM TEMPERATURE      54        47     1999

SUNRISE AND SUNSET
 JUL 23 2016..........SUNRISE  4:41 AM      SUNSET  9:04 PM
 JUL 24 2016..........SUNRISE  4:43 AM      SUNSET  9:03 PM

-  INDICATES NEGATIVE NUMBERS.
R  INDICATES RECORD HAS BEEN SET OR TIED.
MM INDICATES DATA IS MISSING.
T  INDICATES TRACE OF PRECIPITATION.

&&
-------------------------------------------------------------------

AMOUNT OF DAYLIGHT TODAY  (HOUR:MIN)........16 HOURS 23 MINUTES
GAIN/LOSS SINCE YESTERDAY (HOUR:MIN:SEC)....-0:03:14

$$
JZ JUL 16
