000
CDAK47 PAJK 161232
CLIANN
CLIMATE REPORT
NATIONAL WEATHER SERVICE JUNEAU, AK
330 AM AKST TUE JAN 16 2018


...................................

...THE ANNETTE ISLAND CLIMATE SUMMARY FOR JANUARY 15 2018...

CLIMATE NORMAL PERIOD 1981 TO 2010
CLIMATE RECORD PERIOD 1941 TO 2018


WEATHER ITEM   OBSERVED RECORD YEAR NORMAL DEPARTURE LAST
                VALUE   VALUE       VALUE  FROM      YEAR
                                           NORMAL
...........................................................
TEMPERATURE (F)
 YESTERDAY
  MAXIMUM         62R    60    1981  42     20       47
  MINIMUM         46      7    2005  32     14       43
                               1971
                               1950
  AVERAGE         54                 37     17       45

PRECIPITATION (IN)
  YESTERDAY        0.04   3.64 1966   0.36  -0.32     0.63
  MONTH TO DATE    0.68               5.25  -4.57     3.37
  SINCE JAN 1      0.68               5.25  -4.57     3.37

SNOWFALL (IN)
  YESTERDAY        0.0    3.7  1951   0.2   -0.2      0.0
  MONTH TO DATE    T                  3.8   -3.8      1.0
  SINCE JUL 1      T                 15.5  -15.5      6.8
  SNOW DEPTH       0

DEGREE DAYS
 HEATING
  YESTERDAY       11                 28    -17       20
  MONTH TO DATE  165                420   -255      436
...........................................................


WIND (MPH)
  HIGHEST WIND SPEED    MM   HIGHEST WIND DIRECTION    MM
  HIGHEST GUST SPEED    MM   HIGHEST GUST DIRECTION    MM
  AVERAGE WIND SPEED    MM


SKY COVER
  AVERAGE SKY COVER  MM


WEATHER CONDITIONS
 THE FOLLOWING WEATHER WAS RECORDED YESTERDAY.
  LIGHT RAIN


..........................................................


THE ANNETTE ISLAND CLIMATE NORMALS FOR TODAY
                         NORMAL    RECORD    YEAR
 MAXIMUM TEMPERATURE (F)   42        57      1981
 MINIMUM TEMPERATURE (F)   32         4      2012


SUNRISE AND SUNSET
JANUARY 16 2018.......SUNRISE   801 AM AKST  SUNSET   352 PM AKST
JANUARY 17 2018.......SUNRISE   800 AM AKST  SUNSET   354 PM AKST


-  INDICATES NEGATIVE NUMBERS.
R  INDICATES RECORD WAS SET OR TIED.
MM INDICATES DATA IS MISSING.
T  INDICATES TRACE AMOUNT.




$$
--------------------------------------------------------------

AMOUNT OF DAYLIGHT TODAY (HOUR:MIN)......... 7 HOURS 51 MINUTES
GAIN/LOSS SINCE YESTERDAY (HOUR:MIN:SEC).... +0:02:55

$$
