000
CDUS41 KCTP 220642
CLIAOO


CLIMATE REPORT
NATIONAL WEATHER SERVICE STATE COLLEGE PA
142 AM EST WED FEB 22 2017


...................................

...THE ALTOONA CLIMATE SUMMARY FOR FEBRUARY 21 2017...

CLIMATE NORMAL PERIOD 1981 TO 2010
CLIMATE RECORD PERIOD 1948 TO 2017


WEATHER ITEM   OBSERVED TIME   RECORD YEAR NORMAL DEPARTURE LAST
                VALUE   (LST)  VALUE       VALUE  FROM      YEAR
                                                  NORMAL
..................................................................
TEMPERATURE (F)
 YESTERDAY
  MAXIMUM         51    144 PM  71    1997  39     12       55
  MINIMUM         36    604 AM   1    1968  22     14       36
  AVERAGE         44                        30     14       46

PRECIPITATION (IN)
  YESTERDAY        T             0.82 1951   0.08  -0.08      T
  MONTH TO DATE    1.15                      1.51  -0.36     1.60
  SINCE DEC 1      6.66                      6.10   0.56     6.98
  SINCE JAN 1      4.34                      3.68   0.66     3.24

DEGREE DAYS
 HEATING
  YESTERDAY       21                        35    -14       19
  MONTH TO DATE  592                       765   -173      758
  SINCE DEC 1   2560                      3012   -452     2613
  SINCE JUL 1   3551                      4318   -767     3606

 COOLING
  YESTERDAY        0                         0      0        0
  MONTH TO DATE    0                         0      0        0
  SINCE DEC 1      0                         0      0        0
  SINCE JAN 1      0                         0      0        0
..................................................................


WIND (MPH)
  HIGHEST WIND SPEED    16   HIGHEST WIND DIRECTION     S (160)
  HIGHEST GUST SPEED    20   HIGHEST GUST DIRECTION    SE (150)
  AVERAGE WIND SPEED     7.4


SKY COVER
  POSSIBLE SUNSHINE  MM
  AVERAGE SKY COVER 0.1


WEATHER CONDITIONS
 THE FOLLOWING WEATHER WAS RECORDED YESTERDAY.
  LIGHT RAIN


RELATIVE HUMIDITY (PERCENT)
 HIGHEST    65          1100 PM
 LOWEST     39           900 AM
 AVERAGE    52

..........................................................


THE ALTOONA CLIMATE NORMALS FOR TODAY
                         NORMAL    RECORD    YEAR
 MAXIMUM TEMPERATURE (F)   39        62      1974
 MINIMUM TEMPERATURE (F)   22        -3      1963


SUNRISE AND SUNSET
FEBRUARY 22 2017......SUNRISE   657 AM EST   SUNSET   557 PM EST
FEBRUARY 23 2017......SUNRISE   655 AM EST   SUNSET   558 PM EST


-  INDICATES NEGATIVE NUMBERS.
R  INDICATES RECORD WAS SET OR TIED.
MM INDICATES DATA IS MISSING.
T  INDICATES TRACE AMOUNT.




$$
