000
CDUS41 KCTP 280615
CLIAOO


CLIMATE REPORT
NATIONAL WEATHER SERVICE STATE COLLEGE PA
215 AM EDT SUN AUG 28 2016


...................................

...THE ALTOONA CLIMATE SUMMARY FOR AUGUST 27 2016...

CLIMATE NORMAL PERIOD 1981 TO 2010
CLIMATE RECORD PERIOD 1948 TO 2016


WEATHER ITEM   OBSERVED TIME   RECORD YEAR NORMAL DEPARTURE LAST
                VALUE   (LST)  VALUE       VALUE  FROM      YEAR
                                                  NORMAL
..................................................................
TEMPERATURE (F)
 YESTERDAY
  MAXIMUM         87    225 PM  96    1948  79      8       71
  MINIMUM         59    557 AM  45    1958  57      2       51
  AVERAGE         73                        68      5       61

PRECIPITATION (IN)
  YESTERDAY        0.00          0.85 2006   0.10  -0.10     0.00
  MONTH TO DATE    3.01                      2.60   0.41     1.00
  SINCE JUN 1      7.30                      9.34  -2.04    14.27
  SINCE JAN 1     17.28                     23.52  -6.24    23.77

DEGREE DAYS
 HEATING
  YESTERDAY        0                         1     -1        4
  MONTH TO DATE    0                        19    -19       10
  SINCE JUN 1     27                        87    -60       52
  SINCE JUL 1      4                        29    -25       13

 COOLING
  YESTERDAY        8                         4      4        0
  MONTH TO DATE  242                       140    102      126
  SINCE JUN 1    662                       434    228      460
  SINCE JAN 1    713                       467    246      564
..................................................................


WIND (MPH)
  HIGHEST WIND SPEED    10   HIGHEST WIND DIRECTION     S (190)
  HIGHEST GUST SPEED    14   HIGHEST GUST DIRECTION    SE (150)
  AVERAGE WIND SPEED     3.1


SKY COVER
  POSSIBLE SUNSHINE  MM
  AVERAGE SKY COVER 0.0


WEATHER CONDITIONS
 THE FOLLOWING WEATHER WAS RECORDED YESTERDAY.
  FOG


RELATIVE HUMIDITY (PERCENT)
 HIGHEST   100          1200 AM
 LOWEST     48           200 PM
 AVERAGE    74

..........................................................


THE ALTOONA CLIMATE NORMALS FOR TODAY
                         NORMAL    RECORD    YEAR
 MAXIMUM TEMPERATURE (F)   78        97      1948
 MINIMUM TEMPERATURE (F)   57        44      1986


SUNRISE AND SUNSET
AUGUST 28 2016........SUNRISE   637 AM EDT   SUNSET   751 PM EDT
AUGUST 29 2016........SUNRISE   638 AM EDT   SUNSET   749 PM EDT


-  INDICATES NEGATIVE NUMBERS.
R  INDICATES RECORD WAS SET OR TIED.
MM INDICATES DATA IS MISSING.
T  INDICATES TRACE AMOUNT.




$$
