000
CDUS41 KCTP 292117
CLIAOO


CLIMATE REPORT
NATIONAL WEATHER SERVICE STATE COLLEGE PA
517 PM EDT MON JUN 29 2015


...................................

...THE ALTOONA CLIMATE SUMMARY FOR JUNE 29 2015...
VALID TODAY AS OF 0500 PM LOCAL TIME.

CLIMATE NORMAL PERIOD 1981 TO 2010
CLIMATE RECORD PERIOD 1948 TO 2015


WEATHER ITEM   OBSERVED TIME   RECORD YEAR NORMAL DEPARTURE LAST
                VALUE   (LST)  VALUE       VALUE  FROM      YEAR
                                                  NORMAL
..................................................................
TEMPERATURE (F)
 TODAY
  MAXIMUM         76    343 PM  95    2012  80     -4       80
  MINIMUM         53    439 AM  46    1956  59     -6       66
  AVERAGE         65                        70     -5       73

PRECIPITATION (IN)
  TODAY            0.00          0.53 1972   0.11  -0.11     0.24
  MONTH TO DATE    7.37                      3.37   4.00     6.40
  SINCE JUN 1      7.37                      3.37   4.00     6.40
  SINCE JAN 1     16.87                     17.55  -0.68    19.90

DEGREE DAYS
 HEATING
  TODAY            0                         1     -1        0
  MONTH TO DATE   39                        58    -19       15
  SINCE JUN 1     39                        58    -19       15
  SINCE JUL 1   6294                      6204     90     6352

 COOLING
  TODAY            0                         5     -5        8
  MONTH TO DATE  142                       103     39      127
  SINCE JUN 1    142                       103     39      127
  SINCE JAN 1    246                       136    110      174
..................................................................


WIND (MPH)
  HIGHEST WIND SPEED    14   HIGHEST WIND DIRECTION     W (270)
  HIGHEST GUST SPEED    19   HIGHEST GUST DIRECTION     W (290)
  AVERAGE WIND SPEED     5.9


SKY COVER
  POSSIBLE SUNSHINE  MM
  AVERAGE SKY COVER 0.2


WEATHER CONDITIONS
 THE FOLLOWING WEATHER WAS RECORDED TODAY.
  NO SIGNIFICANT WEATHER WAS OBSERVED.


RELATIVE HUMIDITY (PERCENT)
 HIGHEST    83           500 AM
 LOWEST     43           300 PM
 AVERAGE    63

..........................................................


THE ALTOONA CLIMATE NORMALS FOR TOMORROW
                         NORMAL    RECORD    YEAR
 MAXIMUM TEMPERATURE (F)   81        95      1969
 MINIMUM TEMPERATURE (F)   59        46      2010


SUNRISE AND SUNSET
JUNE 29 2015..........SUNRISE   546 AM EDT   SUNSET   847 PM EDT
JUNE 30 2015..........SUNRISE   547 AM EDT   SUNSET   847 PM EDT


-  INDICATES NEGATIVE NUMBERS.
R  INDICATES RECORD WAS SET OR TIED.
MM INDICATES DATA IS MISSING.
T  INDICATES TRACE AMOUNT.




$$
