049
CDUS41 KCTP 280621
CLIAOO


CLIMATE REPORT
NATIONAL WEATHER SERVICE STATE COLLEGE PA
221 AM EDT WED SEP 28 2016


...................................

...THE ALTOONA CLIMATE SUMMARY FOR SEPTEMBER 27 2016...

CLIMATE NORMAL PERIOD 1981 TO 2010
CLIMATE RECORD PERIOD 1948 TO 2016


WEATHER ITEM   OBSERVED TIME   RECORD YEAR NORMAL DEPARTURE LAST
                VALUE   (LST)  VALUE       VALUE  FROM      YEAR
                                                  NORMAL
..................................................................
TEMPERATURE (F)
 YESTERDAY
  MAXIMUM         72    302 PM  87    1998  68      4       70
  MINIMUM         48   1155 PM  29    1957  47      1       56
  AVERAGE         60                        57      3       63

PRECIPITATION (IN)
  YESTERDAY        0.00          1.94 2011   0.11  -0.11      T
  MONTH TO DATE    1.20                      3.13  -1.93     1.73
  SINCE SEP 1      1.20                      3.13  -1.93     1.73
  SINCE JAN 1     18.86                     24.05  -5.19    25.89

DEGREE DAYS
 HEATING
  YESTERDAY        5                         8     -3        2
  MONTH TO DATE   31                       120    -89       55
  SINCE SEP 1     31                       120    -89       55
  SINCE JUL 1     35                       144   -109       69

 COOLING
  YESTERDAY        0                         1     -1        0
  MONTH TO DATE  118                        46     72      106
  SINCE SEP 1    118                        46     72      106
  SINCE JAN 1    862                       519    343      691
..................................................................


WIND (MPH)
  HIGHEST WIND SPEED    17   HIGHEST WIND DIRECTION     W (250)
  HIGHEST GUST SPEED    23   HIGHEST GUST DIRECTION     W (280)
  AVERAGE WIND SPEED     6.9


SKY COVER
  POSSIBLE SUNSHINE  MM
  AVERAGE SKY COVER 0.1


WEATHER CONDITIONS
 THE FOLLOWING WEATHER WAS RECORDED YESTERDAY.
  NO SIGNIFICANT WEATHER WAS OBSERVED.


RELATIVE HUMIDITY (PERCENT)
 HIGHEST    97          1200 AM
 LOWEST     31           400 PM
 AVERAGE    64

..........................................................


THE ALTOONA CLIMATE NORMALS FOR TODAY
                         NORMAL    RECORD    YEAR
 MAXIMUM TEMPERATURE (F)   67        84      1959
 MINIMUM TEMPERATURE (F)   47        30      1957


SUNRISE AND SUNSET
SEPTEMBER 28 2016.....SUNRISE   707 AM EDT   SUNSET   700 PM EDT
SEPTEMBER 29 2016.....SUNRISE   708 AM EDT   SUNSET   658 PM EDT


-  INDICATES NEGATIVE NUMBERS.
R  INDICATES RECORD WAS SET OR TIED.
MM INDICATES DATA IS MISSING.
T  INDICATES TRACE AMOUNT.




$$
