000
CDUS41 KCTP 250647
CLIAOO


CLIMATE REPORT
NATIONAL WEATHER SERVICE STATE COLLEGE PA
247 AM EDT SUN JUN 25 2017


...................................

...THE ALTOONA CLIMATE SUMMARY FOR JUNE 24 2017...

CLIMATE NORMAL PERIOD 1981 TO 2010
CLIMATE RECORD PERIOD 1948 TO 2017


WEATHER ITEM   OBSERVED TIME   RECORD YEAR NORMAL DEPARTURE LAST
                VALUE   (LST)  VALUE       VALUE  FROM      YEAR
                                                  NORMAL
..................................................................
TEMPERATURE (F)
 YESTERDAY
  MAXIMUM         79    459 PM  91    1966  79      0       79
  MINIMUM         61   1149 PM  45    1982  58      3       64
  AVERAGE         70                        69      1       72

PRECIPITATION (IN)
  YESTERDAY        0.05          1.30 1996   0.11  -0.06     0.00
  MONTH TO DATE    4.07                      2.80   1.27     2.51
  SINCE JUN 1      4.07                      2.80   1.27     2.51
  SINCE JAN 1     21.36                     16.98   4.38    12.49

DEGREE DAYS
 HEATING
  YESTERDAY        0                         1     -1        0
  MONTH TO DATE   22                        53    -31       22
  SINCE JUN 1     22                        53    -31       22
  SINCE JUL 1   4991                      6199  -1208     5190

 COOLING
  YESTERDAY        5                         5      0        7
  MONTH TO DATE  139                        78     61      105
  SINCE JUN 1    139                        78     61      105
  SINCE JAN 1    212                       111    101      156
..................................................................


WIND (MPH)
  HIGHEST WIND SPEED    21   HIGHEST WIND DIRECTION    NW (300)
  HIGHEST GUST SPEED    27   HIGHEST GUST DIRECTION     W (280)
  AVERAGE WIND SPEED     9.6


SKY COVER
  POSSIBLE SUNSHINE  MM
  AVERAGE SKY COVER 0.4


WEATHER CONDITIONS
 THE FOLLOWING WEATHER WAS RECORDED YESTERDAY.
  LIGHT RAIN


RELATIVE HUMIDITY (PERCENT)
 HIGHEST   100           100 AM
 LOWEST     45           300 PM
 AVERAGE    73

..........................................................


THE ALTOONA CLIMATE NORMALS FOR TODAY
                         NORMAL    RECORD    YEAR
 MAXIMUM TEMPERATURE (F)   80        93      1952
 MINIMUM TEMPERATURE (F)   59        41      1979


SUNRISE AND SUNSET
JUNE 25 2017..........SUNRISE   545 AM EDT   SUNSET   847 PM EDT
JUNE 26 2017..........SUNRISE   545 AM EDT   SUNSET   847 PM EDT


-  INDICATES NEGATIVE NUMBERS.
R  INDICATES RECORD WAS SET OR TIED.
MM INDICATES DATA IS MISSING.
T  INDICATES TRACE AMOUNT.




$$
