000
CDUS41 KCTP 260620
CLIAOO


CLIMATE REPORT
NATIONAL WEATHER SERVICE STATE COLLEGE PA
120 AM EST WED NOV 26 2014


...................................

...THE ALTOONA CLIMATE SUMMARY FOR NOVEMBER 25 2014...

CLIMATE NORMAL PERIOD 1981 TO 2010
CLIMATE RECORD PERIOD 1948 TO 2014


WEATHER ITEM   OBSERVED TIME   RECORD YEAR NORMAL DEPARTURE LAST
                VALUE   (LST)  VALUE       VALUE  FROM      YEAR
                                                  NORMAL
..................................................................
TEMPERATURE (F)
 YESTERDAY
  MAXIMUM         51   1229 AM  66    1973  45      6       32
  MINIMUM         33   1151 PM   7    1950  31      2       12
  AVERAGE         42                        38      4       22

PRECIPITATION (IN)
  YESTERDAY        0.00          3.56 1950   0.10  -0.10     0.00
  MONTH TO DATE    1.22                      2.69  -1.47     0.93
  SINCE SEP 1      5.01                      8.75  -3.74     6.90
  SINCE JAN 1     33.63                     29.67   3.96    25.91

DEGREE DAYS
 HEATING
  YESTERDAY       23                        27     -4       43
  MONTH TO DATE  648                       562     86      612
  SINCE SEP 1   1110                      1145    -35     1098
  SINCE JUL 1   1144                      1169    -25     1119

 COOLING
  YESTERDAY        0                         0      0        0
  MONTH TO DATE    0                         0      0        0
  SINCE SEP 1     69                        52     17       87
  SINCE JAN 1    521                       522     -1      695
..................................................................


WIND (MPH)
  HIGHEST WIND SPEED    21   HIGHEST WIND DIRECTION     W (260)
  HIGHEST GUST SPEED    27   HIGHEST GUST DIRECTION     W (250)
  AVERAGE WIND SPEED    10.3


SKY COVER
  POSSIBLE SUNSHINE  MM
  AVERAGE SKY COVER 0.2


WEATHER CONDITIONS
 THE FOLLOWING WEATHER WAS RECORDED YESTERDAY.
  NO SIGNIFICANT WEATHER WAS OBSERVED.


RELATIVE HUMIDITY (PERCENT)
 HIGHEST    70           800 AM
 LOWEST     46           200 PM
 AVERAGE    58

..........................................................


THE ALTOONA CLIMATE NORMALS FOR TODAY
                         NORMAL    RECORD    YEAR
 MAXIMUM TEMPERATURE (F)   45        64      1979
 MINIMUM TEMPERATURE (F)   30         7      1950


SUNRISE AND SUNSET
NOVEMBER 26 2014......SUNRISE   711 AM EST   SUNSET   449 PM EST
NOVEMBER 27 2014......SUNRISE   713 AM EST   SUNSET   449 PM EST


-  INDICATES NEGATIVE NUMBERS.
R  INDICATES RECORD WAS SET OR TIED.
MM INDICATES DATA IS MISSING.
T  INDICATES TRACE AMOUNT.




$$
