000
CDUS41 KCTP 300629
CLIAOO


CLIMATE REPORT
NATIONAL WEATHER SERVICE STATE COLLEGE PA
229 AM EDT THU OCT 30 2014


...................................

...THE ALTOONA CLIMATE SUMMARY FOR OCTOBER 29 2014...

CLIMATE NORMAL PERIOD 1981 TO 2010
CLIMATE RECORD PERIOD 1948 TO 2014


WEATHER ITEM   OBSERVED TIME   RECORD YEAR NORMAL DEPARTURE LAST
                VALUE   (LST)  VALUE       VALUE  FROM      YEAR
                                                  NORMAL
..................................................................
TEMPERATURE (F)
 YESTERDAY
  MAXIMUM         64   1218 AM  77    1971  57      7       58
  MINIMUM         47   1159 PM  21    1965  38      9       43
  AVERAGE         56                        47      9       51

PRECIPITATION (IN)
  YESTERDAY        0.12          2.36 2012   0.09   0.03     0.00
  MONTH TO DATE    3.03                      2.42   0.61     3.74
  SINCE SEP 1      3.79                      5.88  -2.09     5.78
  SINCE JAN 1     32.41                     26.80   5.61    24.79

DEGREE DAYS
 HEATING
  YESTERDAY        9                        18     -9       14
  MONTH TO DATE  297                       400   -103      321
  SINCE SEP 1    421                       548   -127      469
  SINCE JUL 1    455                       571   -116      490

 COOLING
  YESTERDAY        0                         0      0        0
  MONTH TO DATE    2                         0      2       32
  SINCE SEP 1     69                        47     22       87
  SINCE JAN 1    521                       522     -1      695
..................................................................


WIND (MPH)
  HIGHEST WIND SPEED    21   HIGHEST WIND DIRECTION     W (280)
  HIGHEST GUST SPEED    26   HIGHEST GUST DIRECTION     W (290)
  AVERAGE WIND SPEED     9.6


SKY COVER
  POSSIBLE SUNSHINE  MM
  AVERAGE SKY COVER 0.8


WEATHER CONDITIONS
 THE FOLLOWING WEATHER WAS RECORDED YESTERDAY.
  LIGHT RAIN
  FOG


RELATIVE HUMIDITY (PERCENT)
 HIGHEST    89           500 AM
 LOWEST     47           400 PM
 AVERAGE    68

..........................................................


THE ALTOONA CLIMATE NORMALS FOR TODAY
                         NORMAL    RECORD    YEAR
 MAXIMUM TEMPERATURE (F)   57        78      1971
 MINIMUM TEMPERATURE (F)   38        22      1983


SUNRISE AND SUNSET
OCTOBER 30 2014.......SUNRISE   741 AM EDT   SUNSET   613 PM EDT
OCTOBER 31 2014.......SUNRISE   742 AM EDT   SUNSET   612 PM EDT


-  INDICATES NEGATIVE NUMBERS.
R  INDICATES RECORD WAS SET OR TIED.
MM INDICATES DATA IS MISSING.
T  INDICATES TRACE AMOUNT.




$$
