000
CDUS42 KMFL 220835
CLIAPF


CLIMATE REPORT
NATIONAL WEATHER SERVICE MIAMI, FL
435 AM EDT SUN OCT 22 2017


...................................

...THE NAPLES CLIMATE SUMMARY FOR OCTOBER 21 2017...

CLIMATE NORMAL PERIOD 1981 TO 2010
CLIMATE RECORD PERIOD 1942 TO 2017


WEATHER ITEM   OBSERVED TIME   RECORD YEAR NORMAL DEPARTURE LAST
                VALUE   (LST)  VALUE       VALUE  FROM      YEAR
                                                  NORMAL
..................................................................
TEMPERATURE (F)
 YESTERDAY
  MAXIMUM         MM        MM  94    1983  86     MM       84
  MINIMUM         MM        MM  48    1989  69     MM       68
  AVERAGE         MM                        78     MM       76

PRECIPITATION (IN)
  YESTERDAY        0.00          1.55 1959   0.10  -0.10     0.00
  MONTH TO DATE    1.47                      3.31  -1.84     4.60
  SINCE JUN 1     60.92                     35.67  25.25    32.10
  SINCE JAN 1     66.55                     47.52  19.03    44.20

SNOWFALL (IN)
  YESTERDAY        0.0
  MONTH TO DATE    0.0
  SINCE SEP 1      0.0
  SINCE JUL 1      0.0
  SNOW DEPTH       0

DEGREE DAYS
 HEATING
  YESTERDAY       MM                         0     MM        0
  MONTH TO DATE    0                         0      0        0
  SINCE SEP 1      0                         0      0        0
  SINCE JUL 1      0                         0      0        0

 COOLING
  YESTERDAY       MM                        13     MM       11
  MONTH TO DATE  342                       303     39      341
  SINCE SEP 1    802                       823    -21      892
  SINCE JAN 1   3842                      3480    362     3808
..................................................................


WIND (MPH)
  HIGHEST WIND SPEED    MM   HIGHEST WIND DIRECTION    MM
  HIGHEST GUST SPEED    MM   HIGHEST GUST DIRECTION    MM
  AVERAGE WIND SPEED    MM


SKY COVER
  AVERAGE SKY COVER  MM


WEATHER CONDITIONS
 THE FOLLOWING WEATHER WAS RECORDED YESTERDAY.
  NO SIGNIFICANT WEATHER WAS OBSERVED.


RELATIVE HUMIDITY (PERCENT)
 HIGHEST    MM
 LOWEST     MM
 AVERAGE    MM

..........................................................


THE NAPLES CLIMATE NORMALS FOR TODAY
                         NORMAL    RECORD    YEAR
 MAXIMUM TEMPERATURE (F)   86        92      1990
 MINIMUM TEMPERATURE (F)   69        51      1976


SUNRISE AND SUNSET
OCTOBER 22 2017.......SUNRISE   730 AM EDT   SUNSET   653 PM EDT
OCTOBER 23 2017.......SUNRISE   731 AM EDT   SUNSET   652 PM EDT


-  INDICATES NEGATIVE NUMBERS.
R  INDICATES RECORD WAS SET OR TIED.
MM INDICATES DATA IS MISSING.
T  INDICATES TRACE AMOUNT.




$$
