309
CDUS42 KMFL 220840
CLIAPF


CLIMATE REPORT
NATIONAL WEATHER SERVICE MIAMI, FL
440 AM EDT THU JUN 22 2017


...................................

...THE NAPLES CLIMATE SUMMARY FOR JUNE 21 2017...

CLIMATE NORMAL PERIOD 1981 TO 2010
CLIMATE RECORD PERIOD 1942 TO 2017


WEATHER ITEM   OBSERVED TIME   RECORD YEAR NORMAL DEPARTURE LAST
                VALUE   (LST)  VALUE       VALUE  FROM      YEAR
                                                  NORMAL
..................................................................
TEMPERATURE (F)
 YESTERDAY
  MAXIMUM         93    118 PM  96    1997  90      3       91
                                      1964
  MINIMUM         78    623 AM  67    1973  75      3       72
                                      1971
                                      1965
  AVERAGE         86                        82      4       82

PRECIPITATION (IN)
  YESTERDAY        T             3.17 2003   0.34  -0.34      T
  MONTH TO DATE   12.31                      5.65   6.66     3.15
  SINCE JUN 1     12.31                      5.65   6.66     3.15
  SINCE JAN 1     17.94                     17.50   0.44    15.25

SNOWFALL (IN)
  YESTERDAY        0.0
  MONTH TO DATE    0.0
  SINCE JUN 1      0.0
  SINCE JUL 1      0.0
  SNOW DEPTH       0

DEGREE DAYS
 HEATING
  YESTERDAY        0                         0      0        0
  MONTH TO DATE    0                         0      0        0
  SINCE JUN 1      0                         0      0        0
  SINCE JUL 1     67                       260   -193      142

 COOLING
  YESTERDAY       21                        17      4       17
  MONTH TO DATE  366                       347     19      377
  SINCE JUN 1    366                       347     19      377
  SINCE JAN 1   1710                      1375    335     1561
..................................................................


WIND (MPH)
  HIGHEST WIND SPEED    22   HIGHEST WIND DIRECTION     S (170)
  HIGHEST GUST SPEED    28   HIGHEST GUST DIRECTION    SE (150)
  AVERAGE WIND SPEED    10.0


SKY COVER
  AVERAGE SKY COVER 0.4


WEATHER CONDITIONS
 THE FOLLOWING WEATHER WAS RECORDED YESTERDAY.
  LIGHT RAIN
  FOG


RELATIVE HUMIDITY (PERCENT)
 HIGHEST   100
 LOWEST     56
 AVERAGE    78

..........................................................


THE NAPLES CLIMATE NORMALS FOR TODAY
                         NORMAL    RECORD    YEAR
 MAXIMUM TEMPERATURE (F)   90        94      2010
                                             2006
                                             1998
 MINIMUM TEMPERATURE (F)   75        68      1979
                                             1960


SUNRISE AND SUNSET
JUNE 22 2017..........SUNRISE   636 AM EDT   SUNSET   822 PM EDT
JUNE 23 2017..........SUNRISE   636 AM EDT   SUNSET   823 PM EDT


-  INDICATES NEGATIVE NUMBERS.
R  INDICATES RECORD WAS SET OR TIED.
MM INDICATES DATA IS MISSING.
T  INDICATES TRACE AMOUNT.




$$
