000
CDUS42 KMFL 270825
CLIAPF


CLIMATE REPORT
NATIONAL WEATHER SERVICE MIAMI, FL
425 AM EDT FRI MAY 27 2016


...................................

...THE NAPLES CLIMATE SUMMARY FOR MAY 26 2016...

CLIMATE NORMAL PERIOD 1981 TO 2010
CLIMATE RECORD PERIOD 1942 TO 2016


WEATHER ITEM   OBSERVED TIME   RECORD YEAR NORMAL DEPARTURE LAST
                VALUE   (LST)  VALUE       VALUE  FROM      YEAR
                                                  NORMAL
..................................................................
TEMPERATURE (F)
 YESTERDAY
  MAXIMUM         90    244 PM  93    1989  89      1       92
                                      1945
  MINIMUM         67    541 AM  58    1979  71     -4       75
  AVERAGE         79                        80     -1       84

PRECIPITATION (IN)
  YESTERDAY        0.00          2.00 1961   0.14  -0.14     0.13
  MONTH TO DATE    1.32                      2.41  -1.09     2.57
  SINCE NOV 1     15.56                     14.59   0.97     8.71
  SINCE JAN 1     10.94                     11.10  -0.16     7.41

SNOWFALL (IN)
  YESTERDAY        0.0
  MONTH TO DATE    0.0
  SINCE MAR 1      0.0
  SINCE JUL 1      0.0
  SNOW DEPTH       0

DEGREE DAYS
 HEATING
  YESTERDAY        0                         0      0        0
  MONTH TO DATE    0                         0      0        0
  SINCE MAR 1      4                        27    -23        1
  SINCE JUL 1    142                       260   -118      198

 COOLING
  YESTERDAY       14                        15     -1       19
  MONTH TO DATE  364                       333     31      384
  SINCE MAR 1    946                       762    184     1101
  SINCE JAN 1   1108                       953    155     1277
..................................................................


WIND (MPH)
  HIGHEST WIND SPEED    18   HIGHEST WIND DIRECTION     E (90)
  HIGHEST GUST SPEED    22   HIGHEST GUST DIRECTION     E (80)
  AVERAGE WIND SPEED     9.8


SKY COVER
  AVERAGE SKY COVER 0.2


WEATHER CONDITIONS
 THE FOLLOWING WEATHER WAS RECORDED YESTERDAY.
  TORNADO


RELATIVE HUMIDITY (PERCENT)
 HIGHEST    81
 LOWEST     32
 AVERAGE    57

..........................................................


THE NAPLES CLIMATE NORMALS FOR TODAY
                         NORMAL    RECORD    YEAR
 MAXIMUM TEMPERATURE (F)   89        94      1945
 MINIMUM TEMPERATURE (F)   71        58      1979


SUNRISE AND SUNSET
MAY 27 2016...........SUNRISE   636 AM EDT   SUNSET   813 PM EDT
MAY 28 2016...........SUNRISE   636 AM EDT   SUNSET   813 PM EDT


-  INDICATES NEGATIVE NUMBERS.
R  INDICATES RECORD WAS SET OR TIED.
MM INDICATES DATA IS MISSING.
T  INDICATES TRACE AMOUNT.




$$
