000
CDUS42 KMFL 110923
CLIAPF


CLIMATE REPORT
NATIONAL WEATHER SERVICE MIAMI, FL
421 AM EST MON DEC 11 2017


...................................

...THE NAPLES CLIMATE SUMMARY FOR DECEMBER 10 2017...

CLIMATE NORMAL PERIOD 1981 TO 2010
CLIMATE RECORD PERIOD 1942 TO 2017


WEATHER ITEM   OBSERVED TIME   RECORD YEAR NORMAL DEPARTURE LAST
                VALUE   (LST)  VALUE       VALUE  FROM      YEAR
                                                  NORMAL
..................................................................
TEMPERATURE (F)
 YESTERDAY
  MAXIMUM         59    421 PM  88    2001  77    -18       77
  MINIMUM         46    736 AM  39    1996  58    -12       59
                                      1981
                                      1974
  AVERAGE         53                        68    -15       68

PRECIPITATION (IN)
  YESTERDAY        0.00          1.10 2001   0.04  -0.04     0.00
  MONTH TO DATE    1.06                      0.46   0.60     0.10
  SINCE NOV 1      1.15                      2.50  -1.35     0.10
  SINCE JAN 1     69.52                     50.90  18.62    44.30

SNOWFALL (IN)
  YESTERDAY        0.0
  MONTH TO DATE    0.0
  SINCE DEC 1      0.0
  SINCE JUL 1      0.0
  SNOW DEPTH       0

DEGREE DAYS
 HEATING
  YESTERDAY       12                         2     10        0
  MONTH TO DATE   12                        15     -3        0
  SINCE DEC 1     12                        15     -3        0
  SINCE JUL 1     16                        29    -13        4

 COOLING
  YESTERDAY        0                         5     -5        3
  MONTH TO DATE   73                        50     23       90
  SINCE DEC 1     73                        50     23       90
  SINCE JAN 1   4273                      3869    404     4242
..................................................................


WIND (MPH)
  HIGHEST WIND SPEED    16   HIGHEST WIND DIRECTION    NE (40)
  HIGHEST GUST SPEED    23   HIGHEST GUST DIRECTION     N (20)
  AVERAGE WIND SPEED     7.5


SKY COVER
  AVERAGE SKY COVER 0.0


WEATHER CONDITIONS
 THE FOLLOWING WEATHER WAS RECORDED YESTERDAY.
  NO SIGNIFICANT WEATHER WAS OBSERVED.


RELATIVE HUMIDITY (PERCENT)
 HIGHEST    86
 LOWEST     40
 AVERAGE    63

..........................................................


THE NAPLES CLIMATE NORMALS FOR TODAY
                         NORMAL    RECORD    YEAR
 MAXIMUM TEMPERATURE (F)   77        88      2001
 MINIMUM TEMPERATURE (F)   58        35      1962


SUNRISE AND SUNSET
DECEMBER 11 2017......SUNRISE   704 AM EST   SUNSET   536 PM EST
DECEMBER 12 2017......SUNRISE   705 AM EST   SUNSET   537 PM EST


-  INDICATES NEGATIVE NUMBERS.
R  INDICATES RECORD WAS SET OR TIED.
MM INDICATES DATA IS MISSING.
T  INDICATES TRACE AMOUNT.




$$
