000
CDUS42 KMFL 300821
CLIAPF


CLIMATE REPORT
NATIONAL WEATHER SERVICE MIAMI, FL
420 AM EDT SAT JUL 30 2016


...................................

...THE NAPLES CLIMATE SUMMARY FOR JULY 29 2016...

CLIMATE NORMAL PERIOD 1981 TO 2010
CLIMATE RECORD PERIOD 1942 TO 2016


WEATHER ITEM   OBSERVED TIME   RECORD YEAR NORMAL DEPARTURE LAST
                VALUE   (LST)  VALUE       VALUE  FROM      YEAR
                                                  NORMAL
..................................................................
TEMPERATURE (F)
 YESTERDAY
  MAXIMUM         91    134 PM  97    1944  91      0       89
  MINIMUM         77    439 AM  69    1983  75      2       81
                                      1976
                                      1956
  AVERAGE         84                        83      1       85

PRECIPITATION (IN)
  YESTERDAY        0.00          2.03 1965   0.19  -0.19     0.44
  MONTH TO DATE    6.28                      6.85  -0.57    10.03
  SINCE JUN 1     11.19                     15.67  -4.48    16.35
  SINCE JAN 1     23.29                     27.52  -4.23    24.37

SNOWFALL (IN)
  YESTERDAY        0.0
  MONTH TO DATE    0.0
  SINCE JUN 1      0.0
  SINCE JUL 1      0.0
  SNOW DEPTH       0

DEGREE DAYS
 HEATING
  YESTERDAY        0                         0      0        0
  MONTH TO DATE    0                         0      0        0
  SINCE JUN 1      0                         0      0        0
  SINCE JUL 1      0                         0      0        0

 COOLING
  YESTERDAY       19                        18      1       20
  MONTH TO DATE  565                       522     43      526
  SINCE JUN 1   1104                      1029     75     1036
  SINCE JAN 1   2288                      2057    231     2391
..................................................................


WIND (MPH)
  HIGHEST WIND SPEED    14   HIGHEST WIND DIRECTION    SW (210)
  HIGHEST GUST SPEED    18   HIGHEST GUST DIRECTION    SW (210)
  AVERAGE WIND SPEED     5.8


SKY COVER
  AVERAGE SKY COVER 0.1


WEATHER CONDITIONS
 THE FOLLOWING WEATHER WAS RECORDED YESTERDAY.
  THUNDERSTORM


RELATIVE HUMIDITY (PERCENT)
 HIGHEST    94
 LOWEST     59
 AVERAGE    77

..........................................................


THE NAPLES CLIMATE NORMALS FOR TODAY
                         NORMAL    RECORD    YEAR
 MAXIMUM TEMPERATURE (F)   91        98      1966
 MINIMUM TEMPERATURE (F)   75        69      1976
                                             1968


SUNRISE AND SUNSET
JULY 30 2016..........SUNRISE   652 AM EDT   SUNSET   815 PM EDT
JULY 31 2016..........SUNRISE   653 AM EDT   SUNSET   814 PM EDT


-  INDICATES NEGATIVE NUMBERS.
R  INDICATES RECORD WAS SET OR TIED.
MM INDICATES DATA IS MISSING.
T  INDICATES TRACE AMOUNT.




$$
