000
CDUS42 KMFL 290822
CLIAPF


CLIMATE REPORT
NATIONAL WEATHER SERVICE MIAMI, FL
422 AM EDT SAT AUG 29 2015


...................................

...THE NAPLES CLIMATE SUMMARY FOR AUGUST 28 2015...

CLIMATE NORMAL PERIOD 1981 TO 2010
CLIMATE RECORD PERIOD 1942 TO 2015


WEATHER ITEM   OBSERVED TIME   RECORD YEAR NORMAL DEPARTURE LAST
                VALUE   (LST)  VALUE       VALUE  FROM      YEAR
                                                  NORMAL
..................................................................
TEMPERATURE (F)
 YESTERDAY
  MAXIMUM         93    133 PM  97    2007  91      2       92
                                      1987
                                      1974
  MINIMUM         77   1155 PM  63    1973  76      1       78
  AVERAGE         85                        83      2       85

PRECIPITATION (IN)
  YESTERDAY        T             2.50 1988   0.29  -0.29     0.02
  MONTH TO DATE    1.32                      7.72  -6.40    12.49
  SINCE JUN 1     17.79                     23.81  -6.02    27.62
  SINCE JAN 1     25.81                     35.66  -9.85    36.45

SNOWFALL (IN)
  YESTERDAY        0.0
  MONTH TO DATE    0.0
  SINCE JUN 1      0.0
  SINCE JUL 1      0.0
  SNOW DEPTH       0

DEGREE DAYS
 HEATING
  YESTERDAY        0                         0      0        0
  MONTH TO DATE    0                         0      0        0
  SINCE JUN 1      0                         0      0        0
  SINCE JUL 1      0                         0      0        0

 COOLING
  YESTERDAY       20                        18      2       20
  MONTH TO DATE  565                       504     61      543
  SINCE JUN 1   1641                      1570     71     1619
  SINCE JAN 1   2996                      2598    398     2808
..................................................................


WIND (MPH)
  HIGHEST WIND SPEED    28   HIGHEST WIND DIRECTION    NE (60)
  HIGHEST GUST SPEED    34   HIGHEST GUST DIRECTION    NE (60)
  AVERAGE WIND SPEED     8.2


SKY COVER
  AVERAGE SKY COVER 0.2


WEATHER CONDITIONS
 THE FOLLOWING WEATHER WAS RECORDED YESTERDAY.
  THUNDERSTORM
  LIGHT RAIN


RELATIVE HUMIDITY (PERCENT)
 HIGHEST    91
 LOWEST     52
 AVERAGE    72

..........................................................


THE NAPLES CLIMATE NORMALS FOR TODAY
                         NORMAL    RECORD    YEAR
 MAXIMUM TEMPERATURE (F)   91        98      2007
 MINIMUM TEMPERATURE (F)   76        69      1967


SUNRISE AND SUNSET
AUGUST 29 2015........SUNRISE   706 AM EDT   SUNSET   750 PM EDT
AUGUST 30 2015........SUNRISE   706 AM EDT   SUNSET   749 PM EDT


-  INDICATES NEGATIVE NUMBERS.
R  INDICATES RECORD WAS SET OR TIED.
MM INDICATES DATA IS MISSING.
T  INDICATES TRACE AMOUNT.




$$
