000
CDUS42 KMFL 270921
CLIAPF


CLIMATE REPORT
NATIONAL WEATHER SERVICE MIAMI, FL
421 AM EST SAT DEC 27 2014


...................................

...THE NAPLES CLIMATE SUMMARY FOR DECEMBER 26 2014...

CLIMATE NORMAL PERIOD 1981 TO 2010
CLIMATE RECORD PERIOD 1942 TO 2014


WEATHER ITEM   OBSERVED TIME   RECORD YEAR NORMAL DEPARTURE LAST
                VALUE   (LST)  VALUE       VALUE  FROM      YEAR
                                                  NORMAL
..................................................................
TEMPERATURE (F)
 YESTERDAY
  MAXIMUM         79    247 PM  87    1984  76      3       81
                                      1951
  MINIMUM         58    639 AM  27    1983  55      3       65
  AVERAGE         69                        65      4       73

PRECIPITATION (IN)
  YESTERDAY        0.00          0.79 2001   0.05  -0.05     0.00
  MONTH TO DATE    0.25                      1.26  -1.01     0.09
  SINCE NOV 1      1.30                      3.30  -2.00     0.87
  SINCE JAN 1     50.66                     51.70  -1.04    49.09

SNOWFALL (IN)
  YESTERDAY        0.0
  MONTH TO DATE    0.0
  SINCE DEC 1      0.0
  SINCE JUL 1      0.0
  SNOW DEPTH       0

DEGREE DAYS
 HEATING
  YESTERDAY        0                         2     -2
  MONTH TO DATE   51                        47      4
  SINCE DEC 1     51                        47      4
  SINCE JUL 1     80                        61     19

 COOLING
  YESTERDAY        4                         3      1
  MONTH TO DATE  107                       107      0
  SINCE DEC 1    107                       107      0
  SINCE JAN 1   4055                      3926    129
..................................................................


WIND (MPH)
  HIGHEST WIND SPEED    16   HIGHEST WIND DIRECTION    NE (60)
  HIGHEST GUST SPEED    19   HIGHEST GUST DIRECTION     E (80)
  AVERAGE WIND SPEED     9.5


SKY COVER
  AVERAGE SKY COVER 0.6


WEATHER CONDITIONS
 THE FOLLOWING WEATHER WAS RECORDED YESTERDAY.
  FOG


RELATIVE HUMIDITY (PERCENT)
 HIGHEST    93
 LOWEST     63
 AVERAGE    78

..........................................................


THE NAPLES CLIMATE NORMALS FOR TODAY
                         NORMAL    RECORD    YEAR
 MAXIMUM TEMPERATURE (F)   75        86      1990
                                             1942
 MINIMUM TEMPERATURE (F)   55        31      1985


SUNRISE AND SUNSET
DECEMBER 27 2014......SUNRISE   713 AM EST   SUNSET   544 PM EST
DECEMBER 28 2014......SUNRISE   713 AM EST   SUNSET   544 PM EST


-  INDICATES NEGATIVE NUMBERS.
R  INDICATES RECORD WAS SET OR TIED.
MM INDICATES DATA IS MISSING.
T  INDICATES TRACE AMOUNT.




$$
