000
CDUS42 KMFL 260832
CLIAPF


CLIMATE REPORT
NATIONAL WEATHER SERVICE MIAMI, FL
432 AM EDT SUN MAR 26 2017


...................................

...THE NAPLES CLIMATE SUMMARY FOR MARCH 25 2017...

CLIMATE NORMAL PERIOD 1981 TO 2010
CLIMATE RECORD PERIOD 1942 TO 2017


WEATHER ITEM   OBSERVED TIME   RECORD YEAR NORMAL DEPARTURE LAST
                VALUE   (LST)  VALUE       VALUE  FROM      YEAR
                                                  NORMAL
..................................................................
TEMPERATURE (F)
 YESTERDAY
  MAXIMUM         85    115 PM  90    1974  81      4       83
  MINIMUM         63    520 AM  43    1968  61      2       67
  AVERAGE         74                        71      3       75

PRECIPITATION (IN)
  YESTERDAY        0.00          0.37 2016   0.08  -0.08     0.37
  MONTH TO DATE    0.11                      1.82  -1.71     0.44
  SINCE NOV 1      2.38                      9.26  -6.88    13.76
  SINCE JAN 1      2.03                      5.77  -3.74     9.14

SNOWFALL (IN)
  YESTERDAY        0.0
  MONTH TO DATE    0.0
  SINCE MAR 1      0.0
  SINCE JUL 1      0.0
  SNOW DEPTH       0

DEGREE DAYS
 HEATING
  YESTERDAY        0                         0      0        0
  MONTH TO DATE   11                        19     -8        4
  SINCE MAR 1     11                        19     -8        4
  SINCE JUL 1     67                       252   -185      142

 COOLING
  YESTERDAY        9                         6      3       10
  MONTH TO DATE  142                       135      7      184
  SINCE MAR 1    142                       135      7      184
  SINCE JAN 1    465                       326    139      346
..................................................................


WIND (MPH)
  HIGHEST WIND SPEED    20   HIGHEST WIND DIRECTION     E (90)
  HIGHEST GUST SPEED    23   HIGHEST GUST DIRECTION     E (100)
  AVERAGE WIND SPEED     8.6


SKY COVER
  AVERAGE SKY COVER 0.5


WEATHER CONDITIONS
 THE FOLLOWING WEATHER WAS RECORDED YESTERDAY.
  NO SIGNIFICANT WEATHER WAS OBSERVED.


RELATIVE HUMIDITY (PERCENT)
 HIGHEST    93
 LOWEST     47
 AVERAGE    70

..........................................................


THE NAPLES CLIMATE NORMALS FOR TODAY
                         NORMAL    RECORD    YEAR
 MAXIMUM TEMPERATURE (F)   81        89      2007
                                             1974
                                             1965
 MINIMUM TEMPERATURE (F)   61        47      1956


SUNRISE AND SUNSET
MARCH 26 2017.........SUNRISE   724 AM EDT   SUNSET   741 PM EDT
MARCH 27 2017.........SUNRISE   723 AM EDT   SUNSET   742 PM EDT


-  INDICATES NEGATIVE NUMBERS.
R  INDICATES RECORD WAS SET OR TIED.
MM INDICATES DATA IS MISSING.
T  INDICATES TRACE AMOUNT.




$$
