000
CDUS42 KMFL 310825
CLIAPF


CLIMATE REPORT
NATIONAL WEATHER SERVICE MIAMI, FL
425 AM EDT FRI OCT 31 2014


...................................

...THE NAPLES CLIMATE SUMMARY FOR OCTOBER 30 2014...

CLIMATE NORMAL PERIOD 1981 TO 2010
CLIMATE RECORD PERIOD 1942 TO 2014


WEATHER ITEM   OBSERVED TIME   RECORD YEAR NORMAL DEPARTURE LAST
                VALUE   (LST)  VALUE       VALUE  FROM      YEAR
                                                  NORMAL
..................................................................
TEMPERATURE (F)
 YESTERDAY
  MAXIMUM         84    128 PM  92    2009  85     -1       88
                                      1981
                                      1959
  MINIMUM         68    653 AM  51    1973  67      1       68
  AVERAGE         76                        76      0       78

PRECIPITATION (IN)
  YESTERDAY        0.00          1.49 1969   0.08  -0.08     0.00
  MONTH TO DATE    1.43                      4.11  -2.68     1.24
  SINCE JUN 1     40.53                     36.47   4.06    37.88
  SINCE JAN 1     49.36                     48.32   1.04    48.22

SNOWFALL (IN)
  YESTERDAY        0.0
  MONTH TO DATE    0.0
  SINCE SEP 1      0.0
  SINCE JUL 1      0.0
  SNOW DEPTH       0

DEGREE DAYS
 HEATING
  YESTERDAY        0                         0      0
  MONTH TO DATE    0                         0      0
  SINCE SEP 1      0                         0      0
  SINCE JUL 1      0                         0      0

 COOLING
  YESTERDAY       11                        11      0
  MONTH TO DATE  410                       407      3
  SINCE SEP 1    929                       927      2
  SINCE JAN 1   3799                      3584    215
..................................................................


WIND (MPH)
  HIGHEST WIND SPEED    14   HIGHEST WIND DIRECTION    SW (220)
  HIGHEST GUST SPEED    22   HIGHEST GUST DIRECTION    SW (220)
  AVERAGE WIND SPEED     4.6


SKY COVER
  AVERAGE SKY COVER 0.3


WEATHER CONDITIONS
 THE FOLLOWING WEATHER WAS RECORDED YESTERDAY.
  NO SIGNIFICANT WEATHER WAS OBSERVED.


RELATIVE HUMIDITY (PERCENT)
 HIGHEST    97
 LOWEST     62
 AVERAGE    80

..........................................................


THE NAPLES CLIMATE NORMALS FOR TODAY
                         NORMAL    RECORD    YEAR
 MAXIMUM TEMPERATURE (F)   84        90      1981
                                             1972
 MINIMUM TEMPERATURE (F)   67        52      1968
                                             1953


SUNRISE AND SUNSET
OCTOBER 31 2014.......SUNRISE   735 AM EDT   SUNSET   646 PM EDT
NOVEMBER  1 2014......SUNRISE   736 AM EDT   SUNSET   645 PM EDT


-  INDICATES NEGATIVE NUMBERS.
R  INDICATES RECORD WAS SET OR TIED.
MM INDICATES DATA IS MISSING.
T  INDICATES TRACE AMOUNT.




$$
