000
CDUS42 KMFL 242034
CLIAPF


CLIMATE REPORT
NATIONAL WEATHER SERVICE MIAMI, FL
434 PM EDT THU APR 24 2014


...................................

...THE NAPLES CLIMATE SUMMARY FOR APRIL 24 2014...
VALID TODAY AS OF 0400 PM LOCAL TIME.

CLIMATE NORMAL PERIOD 1981 TO 2010
CLIMATE RECORD PERIOD 1942 TO 2014


WEATHER ITEM   OBSERVED TIME   RECORD YEAR NORMAL DEPARTURE LAST
                VALUE   (LST)  VALUE       VALUE  FROM      YEAR
                                                  NORMAL
..................................................................
TEMPERATURE (F)
 TODAY
  MAXIMUM         81   1215 PM  91    2002  85     -4       84
  MINIMUM         64    622 AM  52    1986  65     -1       63
  AVERAGE         73                        75     -2       74

PRECIPITATION (IN)
  TODAY            0.00          2.53 1978   0.07  -0.07     0.00
  MONTH TO DATE    1.73                      1.98  -0.25     4.21
  SINCE OCT 1      9.13                     15.99  -6.86    11.75
  SINCE JAN 1      6.79                      8.31  -1.52     6.65

SNOWFALL (IN)
  TODAY            0.0
  MONTH TO DATE    0.0
  SINCE MAR 1      0.0
  SINCE JUL 1      0.0
  SNOW DEPTH       0

DEGREE DAYS
 HEATING
  TODAY            0                         0      0
  MONTH TO DATE    0                         0      0
  SINCE MAR 1      7                        23    -16
  SINCE JUL 1    149                       256   -107

 COOLING
  TODAY            8                        10     -2
  MONTH TO DATE  217                       191     26
  SINCE MAR 1    375                       367      8
  SINCE JAN 1    648                       558     90
..................................................................


WIND (MPH)
  HIGHEST WIND SPEED    14   HIGHEST WIND DIRECTION     W (250)
  HIGHEST GUST SPEED    18   HIGHEST GUST DIRECTION     W (260)
  AVERAGE WIND SPEED     4.9


SKY COVER
  AVERAGE SKY COVER 0.0


WEATHER CONDITIONS
 THE FOLLOWING WEATHER WAS RECORDED TODAY.
  FOG


RELATIVE HUMIDITY (PERCENT)
 HIGHEST   100
 LOWEST     58
 AVERAGE    79

..........................................................


THE NAPLES CLIMATE NORMALS FOR TOMORROW
                         NORMAL    RECORD    YEAR
 MAXIMUM TEMPERATURE (F)   85        91      2011
 MINIMUM TEMPERATURE (F)   65        52      1986


SUNRISE AND SUNSET
APRIL 24 2014.........SUNRISE   656 AM EDT   SUNSET   755 PM EDT
APRIL 25 2014.........SUNRISE   655 AM EDT   SUNSET   756 PM EDT


-  INDICATES NEGATIVE NUMBERS.
R  INDICATES RECORD WAS SET OR TIED.
MM INDICATES DATA IS MISSING.
T  INDICATES TRACE AMOUNT.




$$
