000
CDUS43 KAPX 070528
CLIAPN


CLIMATE REPORT
NATIONAL WEATHER SERVICE GAYLORD MI
1228 AM EST WED DEC 7 2016


...................................

...THE ALPENA MI CLIMATE SUMMARY FOR DECEMBER 6 2016...

CLIMATE NORMAL PERIOD 1981 TO 2010
CLIMATE RECORD PERIOD 1916 TO 2016


WEATHER ITEM   OBSERVED TIME   RECORD YEAR NORMAL DEPARTURE LAST
                VALUE   (LST)  VALUE       VALUE  FROM      YEAR
                                                  NORMAL
..................................................................
TEMPERATURE (F)
 YESTERDAY
  MAXIMUM         42    219 PM  62    2001  35      7       49
  MINIMUM         25    319 AM  -3    1926  22      3       24
  AVERAGE         34                        28      6       37

PRECIPITATION (IN)
  YESTERDAY        T             0.68 1998   0.06  -0.06     0.00
  MONTH TO DATE    0.40                      0.38   0.02     0.08
  SINCE DEC 1      0.40                      0.38   0.02     0.08
  SINCE JAN 1     28.24                     26.79   1.45    20.37

SNOWFALL (IN)
  YESTERDAY        0.0           7.4  1962   0.6   -0.6      0.0
  MONTH TO DATE    4.2                       3.4    0.8      0.0
  SINCE OCT 1      6.0                      11.5   -5.5      1.7
  SINCE JUL 1      6.0                      11.5   -5.5      1.7
  SNOW DEPTH       1

DEGREE DAYS
 HEATING
  YESTERDAY       31                        37     -6       28
  MONTH TO DATE  170                       215    -45      171
  SINCE DEC 1    170                       215    -45      171
  SINCE JUL 1   1379                      2038   -659     1544
..................................................................


WIND (MPH)
  HIGHEST WIND SPEED    22   HIGHEST WIND DIRECTION    SE (150)
  HIGHEST GUST SPEED    27   HIGHEST GUST DIRECTION    SE (130)
  AVERAGE WIND SPEED     7.1




RELATIVE HUMIDITY (PERCENT)
 HIGHEST    96
 LOWEST     65
 AVERAGE    81

..........................................................


THE ALPENA MI CLIMATE NORMALS FOR TODAY
                         NORMAL    RECORD    YEAR
 MAXIMUM TEMPERATURE (F)   34        55      1951
 MINIMUM TEMPERATURE (F)   21        -6      1976
                                             1972


SUNRISE AND SUNSET
DECEMBER  7 2016......SUNRISE   759 AM EST   SUNSET   452 PM EST
DECEMBER  8 2016......SUNRISE   800 AM EST   SUNSET   452 PM EST


-  INDICATES NEGATIVE NUMBERS.
R  INDICATES RECORD WAS SET OR TIED.
MM INDICATES DATA IS MISSING.
T  INDICATES TRACE AMOUNT.




$$
