000
CDUS43 KAPX 280637
CLIAPN


CLIMATE REPORT
NATIONAL WEATHER SERVICE GAYLORD MI
237 AM EDT SUN AUG 28 2016


...................................

...THE ALPENA MI CLIMATE SUMMARY FOR AUGUST 27 2016...

CLIMATE NORMAL PERIOD 1981 TO 2010
CLIMATE RECORD PERIOD 1916 TO 2016


WEATHER ITEM   OBSERVED TIME   RECORD YEAR NORMAL DEPARTURE LAST
                VALUE   (LST)  VALUE       VALUE  FROM      YEAR
                                                  NORMAL
..................................................................
TEMPERATURE (F)
 YESTERDAY
  MAXIMUM         71    552 PM  94    1953  75     -4       66
                                      1948
  MINIMUM         56    157 AM  36    1934  52      4       50
  AVERAGE         64                        64      0       58

PRECIPITATION (IN)
  YESTERDAY        0.08          1.63 1993   0.11  -0.03     0.00
  MONTH TO DATE    1.21                      2.80  -1.59     2.15
  SINCE JUN 1      5.19                      8.45  -3.26     5.96
  SINCE JAN 1     19.92                     18.35   1.57    14.51

DEGREE DAYS
 HEATING
  YESTERDAY        1                         3     -2        7
  MONTH TO DATE    5                        57    -52       35
  SINCE JUN 1    130                       244   -114      213
  SINCE JUL 1     22                       101    -79       70

 COOLING
  YESTERDAY        0                         2     -2        0
  MONTH TO DATE  187                        72    115      116
  SINCE JUN 1    443                       244    199      266
  SINCE JAN 1    475                       257    218      290
..................................................................


WIND (MPH)
  HIGHEST WIND SPEED    10   HIGHEST WIND DIRECTION    SE (120)
  HIGHEST GUST SPEED    14   HIGHEST GUST DIRECTION     S (180)
  AVERAGE WIND SPEED     3.8




RELATIVE HUMIDITY (PERCENT)
 HIGHEST    93
 LOWEST     73
 AVERAGE    83

..........................................................


THE ALPENA MI CLIMATE NORMALS FOR TODAY
                         NORMAL    RECORD    YEAR
 MAXIMUM TEMPERATURE (F)   75        96      1953
 MINIMUM TEMPERATURE (F)   52        31      1925


SUNRISE AND SUNSET
AUGUST 28 2016........SUNRISE   652 AM EDT   SUNSET   818 PM EDT
AUGUST 29 2016........SUNRISE   653 AM EDT   SUNSET   816 PM EDT


-  INDICATES NEGATIVE NUMBERS.
R  INDICATES RECORD WAS SET OR TIED.
MM INDICATES DATA IS MISSING.
T  INDICATES TRACE AMOUNT.




$$
