056
CDUS43 KAPX 010529
CLIAPN


CLIMATE REPORT
NATIONAL WEATHER SERVICE GAYLORD MI
128 AM EDT SUN MAY 1 2016


...................................

...THE ALPENA MI CLIMATE SUMMARY FOR APRIL 30 2016...

CLIMATE NORMAL PERIOD 1981 TO 2010
CLIMATE RECORD PERIOD 1916 TO 2016


WEATHER ITEM   OBSERVED TIME   RECORD YEAR NORMAL DEPARTURE LAST
                VALUE   (LST)  VALUE       VALUE  FROM      YEAR
                                                  NORMAL
..................................................................
TEMPERATURE (F)
 YESTERDAY
  MAXIMUM         58    248 PM  87    2001  59     -1       61
  MINIMUM         27    529 AM  22    1969  36     -9       36
                                      1919
  AVERAGE         43                        47     -4       49

PRECIPITATION (IN)
  YESTERDAY        0.00          1.11 1942   0.08  -0.08     0.00
  MONTH TO DATE    3.42                      2.39   1.03     2.14
  SINCE MAR 1      8.94                      4.25   4.69     3.10
  SINCE JAN 1     13.42                      7.23   6.19     4.89

SNOWFALL (IN)
  YESTERDAY        0.0           4.3  1979   0.1   -0.1      0.0
  MONTH TO DATE   21.8                       5.8   16.0      2.0
  SINCE OCT 1     88.8                      84.1    4.7     48.6
  SINCE JUL 1     88.8                      84.1    4.7     48.6
  SNOW DEPTH       0

DEGREE DAYS
 HEATING
  YESTERDAY       22                        18      4       16
  MONTH TO DATE  849                       702    147      701
  SINCE MAR 1   1827                      1827      0     1878
  SINCE JUL 1   6609                      7559   -950     8141

 COOLING
  YESTERDAY        0                         0      0        0
  MONTH TO DATE    0                         2     -2        0
  SINCE MAR 1      0                         2     -2        0
  SINCE JAN 1      0                         2     -2        0
..................................................................


WIND (MPH)
  HIGHEST WIND SPEED    14   HIGHEST WIND DIRECTION     E (100)
  HIGHEST GUST SPEED    20   HIGHEST GUST DIRECTION    NE (60)
  AVERAGE WIND SPEED     5.2




RELATIVE HUMIDITY (PERCENT)
 HIGHEST    92
 LOWEST     28
 AVERAGE    60

..........................................................


THE ALPENA MI CLIMATE NORMALS FOR TODAY
                         NORMAL    RECORD    YEAR
 MAXIMUM TEMPERATURE (F)   59        84      2013
                                             1954
                                             1930
 MINIMUM TEMPERATURE (F)   36        23      1963


SUNRISE AND SUNSET
MAY  1 2016...........SUNRISE   623 AM EDT   SUNSET   841 PM EDT
MAY  2 2016...........SUNRISE   621 AM EDT   SUNSET   842 PM EDT


-  INDICATES NEGATIVE NUMBERS.
R  INDICATES RECORD WAS SET OR TIED.
MM INDICATES DATA IS MISSING.
T  INDICATES TRACE AMOUNT.




$$
