000
CDUS43 KAPX 290529
CLIAPN


CLIMATE REPORT
NATIONAL WEATHER SERVICE GAYLORD MI
129 AM EDT TUE JUL 29 2014


...................................

...THE ALPENA MI CLIMATE SUMMARY FOR JULY 28 2014...

CLIMATE NORMAL PERIOD 1981 TO 2010
CLIMATE RECORD PERIOD 1916 TO 2014


WEATHER ITEM   OBSERVED TIME   RECORD YEAR NORMAL DEPARTURE LAST
                VALUE   (LST)  VALUE       VALUE  FROM      YEAR
                                                  NORMAL
..................................................................
TEMPERATURE (F)
 YESTERDAY
  MAXIMUM         65    526 PM  97    1931  79    -14       67
  MINIMUM         52   1157 PM  44    1978  56     -4       54
                                      1925
  AVERAGE         59                        68     -9       61

PRECIPITATION (IN)
  YESTERDAY        0.00          0.66 1986   0.09  -0.09     0.06
  MONTH TO DATE    3.66                      2.74   0.92     3.49
  SINCE JUN 1      4.84                      5.36  -0.52     5.52
  SINCE JAN 1     16.34                     15.26   1.08    20.45

DEGREE DAYS
 HEATING
  YESTERDAY        6                         1      5        4
  MONTH TO DATE   64                        38     26       43
  SINCE JUN 1    176                       181     -5      179
  SINCE JUL 1     64                        38     26       43

 COOLING
  YESTERDAY        0                         4     -4        0
  MONTH TO DATE   50                       109    -59      128
  SINCE JUN 1    105                       165    -60      192
  SINCE JAN 1    110                       178    -68      205
..................................................................


WIND (MPH)
  HIGHEST WIND SPEED    20   HIGHEST WIND DIRECTION     N (20)
  HIGHEST GUST SPEED    26   HIGHEST GUST DIRECTION     N (350)
  AVERAGE WIND SPEED    11.2




RELATIVE HUMIDITY (PERCENT)
 HIGHEST    89
 LOWEST     52
 AVERAGE    71

..........................................................


THE ALPENA MI CLIMATE NORMALS FOR TODAY
                         NORMAL    RECORD    YEAR
 MAXIMUM TEMPERATURE (F)   79        99      1917
 MINIMUM TEMPERATURE (F)   56        36      1934


SUNRISE AND SUNSET
JULY 29 2014..........SUNRISE   616 AM EDT   SUNSET   905 PM EDT
JULY 30 2014..........SUNRISE   617 AM EDT   SUNSET   904 PM EDT


-  INDICATES NEGATIVE NUMBERS.
R  INDICATES RECORD WAS SET OR TIED.
MM INDICATES DATA IS MISSING.
T  INDICATES TRACE AMOUNT.




$$
