000
CDUS43 KAPX 300531
CLIAPN


CLIMATE REPORT
NATIONAL WEATHER SERVICE GAYLORD MI
130 AM EDT MON MAY 30 2016


...................................

...THE ALPENA MI CLIMATE SUMMARY FOR MAY 29 2016...

CLIMATE NORMAL PERIOD 1981 TO 2010
CLIMATE RECORD PERIOD 1916 TO 2016


WEATHER ITEM   OBSERVED TIME   RECORD YEAR NORMAL DEPARTURE LAST
                VALUE   (LST)  VALUE       VALUE  FROM      YEAR
                                                  NORMAL
..................................................................
TEMPERATURE (F)
 YESTERDAY
  MAXIMUM         86    403 PM  92    2006  69     17       84
  MINIMUM         66   1159 PM  29    2004  44     22       53
                                      1965
  AVERAGE         76                        57     19       69

PRECIPITATION (IN)
  YESTERDAY        0.24          1.70 1954   0.09   0.15     0.19
  MONTH TO DATE    1.31                      2.48  -1.17     3.37
  SINCE MAR 1     10.25                      6.73   3.52     6.47
  SINCE JAN 1     14.73                      9.71   5.02     8.26

DEGREE DAYS
 HEATING
  YESTERDAY        0                         9     -9        0
  MONTH TO DATE  337                       381    -44      265
  SINCE MAR 1   2160                      2208    -48     2143
  SINCE JUL 1   6942                      7940   -998     8406

 COOLING
  YESTERDAY       11                         1     10        4
  MONTH TO DATE   29                         6     23       24
  SINCE MAR 1     29                         8     21       24
  SINCE JAN 1     29                         8     21       24
..................................................................


WIND (MPH)
  HIGHEST WIND SPEED    22   HIGHEST WIND DIRECTION     S (200)
  HIGHEST GUST SPEED    30   HIGHEST GUST DIRECTION    SW (220)
  AVERAGE WIND SPEED     9.3




RELATIVE HUMIDITY (PERCENT)
 HIGHEST    84
 LOWEST     32
 AVERAGE    58

..........................................................


THE ALPENA MI CLIMATE NORMALS FOR TODAY
                         NORMAL    RECORD    YEAR
 MAXIMUM TEMPERATURE (F)   69        94      1937
 MINIMUM TEMPERATURE (F)   45        29      2009
                                             1964
                                             1961


SUNRISE AND SUNSET
MAY 30 2016...........SUNRISE   551 AM EDT   SUNSET   913 PM EDT
MAY 31 2016...........SUNRISE   551 AM EDT   SUNSET   914 PM EDT


-  INDICATES NEGATIVE NUMBERS.
R  INDICATES RECORD WAS SET OR TIED.
MM INDICATES DATA IS MISSING.
T  INDICATES TRACE AMOUNT.




$$
