000
CDUS43 KAPX 162227
CLIAPN


CLIMATE REPORT
NATIONAL WEATHER SERVICE GAYLORD MI
526 PM EST MON JAN 16 2017


...................................

...THE ALPENA MI CLIMATE SUMMARY FOR JANUARY 16 2017...
VALID TODAY AS OF 0500 PM LOCAL TIME.

CLIMATE NORMAL PERIOD 1981 TO 2010
CLIMATE RECORD PERIOD 1916 TO 2017


WEATHER ITEM   OBSERVED TIME   RECORD YEAR NORMAL DEPARTURE LAST
                VALUE   (LST)  VALUE       VALUE  FROM      YEAR
                                                  NORMAL
..................................................................
TEMPERATURE (F)
 TODAY
  MAXIMUM         40    345 PM  51    1973  27     13       26
  MINIMUM         17    924 AM -28    1994  11      6       15
  AVERAGE         29                        19     10       21

PRECIPITATION (IN)
  TODAY            0.00          0.33 1924   0.06  -0.06     0.03
  MONTH TO DATE    1.34                      0.92   0.42     1.22
  SINCE DEC 1      3.38                      2.67   0.71     5.01
  SINCE JAN 1      1.34                      0.92   0.42     1.22

SNOWFALL (IN)
  TODAY            0.0           3.9  1924   0.7             0.5
  MONTH TO DATE   10.0                      11.2             8.0
  SINCE OCT 1     37.7                      38.5            20.0
  SINCE JUL 1     37.7                      38.5            20.0

DEGREE DAYS
 HEATING
  TODAY           36                        46    -10       44
  MONTH TO DATE  718                       725     -7      674
  SINCE DEC 1   1884                      1963    -79     1549
  SINCE JUL 1   3093                      3786   -693     2922
..................................................................


WIND (MPH)
  RESULTANT WIND SPEED   5   RESULTANT WIND DIRECTION  SW (230)
  HIGHEST WIND SPEED    10   HIGHEST WIND DIRECTION    SW (240)
  HIGHEST GUST SPEED    16   HIGHEST GUST DIRECTION    SW (230)
  AVERAGE WIND SPEED     4.9


SKY COVER
  POSSIBLE SUNSHINE  MM
  AVERAGE SKY COVER 0.0


WEATHER CONDITIONS
 THE FOLLOWING WEATHER WAS RECORDED TODAY.
  NO SIGNIFICANT WEATHER WAS OBSERVED.


RELATIVE HUMIDITY (PERCENT)
 HIGHEST    88
 LOWEST     40
 AVERAGE    64

..........................................................


THE ALPENA MI CLIMATE NORMALS FOR TOMORROW
                         NORMAL    RECORD    YEAR
 MAXIMUM TEMPERATURE (F)   27        50      1986
 MINIMUM TEMPERATURE (F)   11       -19      1965


SUNRISE AND SUNSET
JANUARY 16 2017.......SUNRISE   808 AM EST   SUNSET   520 PM EST
JANUARY 17 2017.......SUNRISE   808 AM EST   SUNSET   522 PM EST


-  INDICATES NEGATIVE NUMBERS.
R  INDICATES RECORD WAS SET OR TIED.
MM INDICATES DATA IS MISSING.
T  INDICATES TRACE AMOUNT.




$$
