000
CDUS43 KAPX 270538
CLIAPN


CLIMATE REPORT
NATIONAL WEATHER SERVICE GAYLORD MI
137 AM EDT WED MAY 27 2015


...................................

...THE ALPENA MI CLIMATE SUMMARY FOR MAY 26 2015...

CLIMATE NORMAL PERIOD 1981 TO 2010
CLIMATE RECORD PERIOD 1916 TO 2015


WEATHER ITEM   OBSERVED TIME   RECORD YEAR NORMAL DEPARTURE LAST
                VALUE   (LST)  VALUE       VALUE  FROM      YEAR
                                                  NORMAL
..................................................................
TEMPERATURE (F)
 YESTERDAY
  MAXIMUM         86    236 PM  90    1944  68     18       86
  MINIMUM         63    351 AM  25    1969  43     20       47
  AVERAGE         75                        56     19       67

PRECIPITATION (IN)
  YESTERDAY        0.50          1.34 1991   0.09   0.41      T
  MONTH TO DATE    3.18                      2.20   0.98     2.31
  SINCE MAR 1      6.28                      6.45  -0.17     8.97
  SINCE JAN 1      8.07                      9.43  -1.36    11.50

DEGREE DAYS
 HEATING
  YESTERDAY        0                        10    -10        0
  MONTH TO DATE  263                       353    -90      360
  SINCE MAR 1   2141                      2180    -39     2540
  SINCE JUL 1   8404                      7912    492     9029

 COOLING
  YESTERDAY       10                         1      9        2
  MONTH TO DATE   19                         3     16        2
  SINCE MAR 1     19                         5     14        2
  SINCE JAN 1     19                         5     14        2
..................................................................


WIND (MPH)
  HIGHEST WIND SPEED    23   HIGHEST WIND DIRECTION     S (180)
  HIGHEST GUST SPEED    28   HIGHEST GUST DIRECTION     S (190)
  AVERAGE WIND SPEED    10.0




RELATIVE HUMIDITY (PERCENT)
 HIGHEST    93
 LOWEST     40
 AVERAGE    67

..........................................................


THE ALPENA MI CLIMATE NORMALS FOR TODAY
                         NORMAL    RECORD    YEAR
 MAXIMUM TEMPERATURE (F)   68        93      1978
 MINIMUM TEMPERATURE (F)   44        27      1934


SUNRISE AND SUNSET
MAY 27 2015...........SUNRISE   554 AM EDT   SUNSET   909 PM EDT
MAY 28 2015...........SUNRISE   553 AM EDT   SUNSET   910 PM EDT


-  INDICATES NEGATIVE NUMBERS.
R  INDICATES RECORD WAS SET OR TIED.
MM INDICATES DATA IS MISSING.
T  INDICATES TRACE AMOUNT.




$$
