000
CDUS43 KAPX 190527
CLIAPN


CLIMATE REPORT
NATIONAL WEATHER SERVICE GAYLORD MI
127 AM EDT FRI SEP 19 2014


...................................

...THE ALPENA MI CLIMATE SUMMARY FOR SEPTEMBER 18 2014...

CLIMATE NORMAL PERIOD 1981 TO 2010
CLIMATE RECORD PERIOD 1916 TO 2014


WEATHER ITEM   OBSERVED TIME   RECORD YEAR NORMAL DEPARTURE LAST
                VALUE   (LST)  VALUE       VALUE  FROM      YEAR
                                                  NORMAL
..................................................................
TEMPERATURE (F)
 YESTERDAY
  MAXIMUM         55    236 PM  93    1955  68    -13       76
  MINIMUM         35   1136 PM  27    1990  46    -11       37
  AVERAGE         45                        57    -12       57

PRECIPITATION (IN)
  YESTERDAY        0.00          1.35 1978   0.09  -0.09     0.00
  MONTH TO DATE    2.79                      1.77   1.02     0.92
  SINCE SEP 1      2.79                      1.77   1.02     0.92
  SINCE JAN 1     24.69                     20.55   4.14    22.99

DEGREE DAYS
 HEATING
  YESTERDAY       20                         9     11        8
  MONTH TO DATE  138                       110     28      140
  SINCE SEP 1    138                       110     28      140
  SINCE JUL 1    262                       225     37      251

 COOLING
  YESTERDAY        0                         1     -1        0
  MONTH TO DATE   18                        20     -2       25
  SINCE SEP 1     18                        20     -2       25
  SINCE JAN 1    168                       286   -118      332
..................................................................


WIND (MPH)
  HIGHEST WIND SPEED    14   HIGHEST WIND DIRECTION    NE (30)
  HIGHEST GUST SPEED    16   HIGHEST GUST DIRECTION     N (20)
  AVERAGE WIND SPEED     6.2




RELATIVE HUMIDITY (PERCENT)
 HIGHEST    92
 LOWEST     56
 AVERAGE    74

..........................................................


THE ALPENA MI CLIMATE NORMALS FOR TODAY
                         NORMAL    RECORD    YEAR
 MAXIMUM TEMPERATURE (F)   68        88      1955
 MINIMUM TEMPERATURE (F)   46        27      1929


SUNRISE AND SUNSET
SEPTEMBER 19 2014.....SUNRISE   718 AM EDT   SUNSET   738 PM EDT
SEPTEMBER 20 2014.....SUNRISE   719 AM EDT   SUNSET   736 PM EDT


-  INDICATES NEGATIVE NUMBERS.
R  INDICATES RECORD WAS SET OR TIED.
MM INDICATES DATA IS MISSING.
T  INDICATES TRACE AMOUNT.




$$
