000
CDUS43 KAPX 012227
CLIAPN


CLIMATE REPORT
NATIONAL WEATHER SERVICE GAYLORD MI
526 PM EST SUN MAR 1 2015


...................................

...THE ALPENA MI CLIMATE SUMMARY FOR MARCH 1 2015...
VALID TODAY AS OF 0500 PM LOCAL TIME.

CLIMATE NORMAL PERIOD 1981 TO 2010
CLIMATE RECORD PERIOD 1916 TO 2015


WEATHER ITEM   OBSERVED TIME   RECORD YEAR NORMAL DEPARTURE LAST
                VALUE   (LST)  VALUE       VALUE  FROM      YEAR
                                                  NORMAL
..................................................................
TEMPERATURE (F)
 TODAY
  MAXIMUM         29    314 PM  48    1990  33     -4       17
                                      1983
  MINIMUM          5    234 AM -23    1962  14     -9        2
  AVERAGE         17                        23     -6       10

PRECIPITATION (IN)
  TODAY            0.00          1.19 1972   0.06  -0.06     0.04
  MONTH TO DATE    0.00                      0.06  -0.06     0.04
  SINCE MAR 1      0.00                      0.06  -0.06     0.04
  SINCE JAN 1      1.79                      3.04  -1.25     2.57

SNOWFALL (IN)
  TODAY            0.0           6.2  1926   0.5             0.3
  MONTH TO DATE    0.0                       0.5             0.3
  SINCE OCT 1     42.1                      66.6            55.8
  SINCE JUL 1     42.1                      66.6            55.8

DEGREE DAYS
 HEATING
  TODAY           48                        42      6       55
  MONTH TO DATE   48                        42      6       55
  SINCE MAR 1     48                        42      6       55
  SINCE JUL 1   6311                      5774    537     6544
..................................................................


WIND (MPH)
  RESULTANT WIND SPEED   7   RESULTANT WIND DIRECTION  SW (230)
  HIGHEST WIND SPEED    16   HIGHEST WIND DIRECTION    SW (230)
  HIGHEST GUST SPEED    22   HIGHEST GUST DIRECTION    SW (240)
  AVERAGE WIND SPEED     7.4


SKY COVER
  POSSIBLE SUNSHINE  MM
  AVERAGE SKY COVER 0.6


WEATHER CONDITIONS
 THE FOLLOWING WEATHER WAS RECORDED TODAY.
  NO SIGNIFICANT WEATHER WAS OBSERVED.


RELATIVE HUMIDITY (PERCENT)
 HIGHEST    76
 LOWEST     50
 AVERAGE    63

..........................................................


THE ALPENA MI CLIMATE NORMALS FOR TOMORROW
                         NORMAL    RECORD    YEAR
 MAXIMUM TEMPERATURE (F)   33        58      1964
 MINIMUM TEMPERATURE (F)   14       -27      1962


SUNRISE AND SUNSET
MARCH  1 2015.........SUNRISE   713 AM EST   SUNSET   621 PM EST
MARCH  2 2015.........SUNRISE   711 AM EST   SUNSET   623 PM EST


-  INDICATES NEGATIVE NUMBERS.
R  INDICATES RECORD WAS SET OR TIED.
MM INDICATES DATA IS MISSING.
T  INDICATES TRACE AMOUNT.




$$
