000
CDUS43 KAPX 270529
CLIAPN


CLIMATE REPORT
NATIONAL WEATHER SERVICE GAYLORD MI
127 AM EDT THU APR 27 2017


...................................

...THE ALPENA MI CLIMATE SUMMARY FOR APRIL 26 2017...

CLIMATE NORMAL PERIOD 1981 TO 2010
CLIMATE RECORD PERIOD 1916 TO 2017


WEATHER ITEM   OBSERVED TIME   RECORD YEAR NORMAL DEPARTURE LAST
                VALUE   (LST)  VALUE       VALUE  FROM      YEAR
                                                  NORMAL
..................................................................
TEMPERATURE (F)
 YESTERDAY
  MAXIMUM         69    638 PM  89    1990  57     12       50
  MINIMUM         44    655 AM  18    1958  35      9       32
  AVERAGE         57                        46     11       41

PRECIPITATION (IN)
  YESTERDAY        0.00          1.19 2011   0.08  -0.08     0.20
  MONTH TO DATE    4.00                      2.08   1.92     3.42
  SINCE MAR 1      6.83                      3.94   2.89     8.94
  SINCE JAN 1     12.32                      6.92   5.40    13.42

SNOWFALL (IN)
  YESTERDAY        0.0           1.6  1966   0.1   -0.1      0.0
  MONTH TO DATE    T                         5.6   -5.6     21.8
  SINCE OCT 1     66.4                      83.9  -17.5     88.8
  SINCE JUL 1     66.4                      83.9  -17.5     88.8
  SNOW DEPTH       0

DEGREE DAYS
 HEATING
  YESTERDAY        8                        19    -11       24
  MONTH TO DATE  522                       629   -107      753
  SINCE MAR 1   1653                      1753   -100     1731
  SINCE JUL 1   6284                      7485  -1201     6513

 COOLING
  YESTERDAY        0                         0      0        0
  MONTH TO DATE    0                         0      0        0
  SINCE MAR 1      0                         0      0        0
  SINCE JAN 1      0                         0      0        0
..................................................................


WIND (MPH)
  HIGHEST WIND SPEED    23   HIGHEST WIND DIRECTION    SE (130)
  HIGHEST GUST SPEED    33   HIGHEST GUST DIRECTION    SE (140)
  AVERAGE WIND SPEED     9.5




RELATIVE HUMIDITY (PERCENT)
 HIGHEST   100
 LOWEST     61
 AVERAGE    81

..........................................................


THE ALPENA MI CLIMATE NORMALS FOR TODAY
                         NORMAL    RECORD    YEAR
 MAXIMUM TEMPERATURE (F)   58        88      1990
 MINIMUM TEMPERATURE (F)   35        19      1958


SUNRISE AND SUNSET
APRIL 27 2017.........SUNRISE   629 AM EDT   SUNSET   835 PM EDT
APRIL 28 2017.........SUNRISE   628 AM EDT   SUNSET   837 PM EDT


-  INDICATES NEGATIVE NUMBERS.
R  INDICATES RECORD WAS SET OR TIED.
MM INDICATES DATA IS MISSING.
T  INDICATES TRACE AMOUNT.




$$
