000
CDUS43 KAPX 020529
CLIAPN


CLIMATE REPORT
NATIONAL WEATHER SERVICE GAYLORD MI
128 AM EDT SUN AUG 2 2015


...................................

...THE ALPENA MI CLIMATE SUMMARY FOR AUGUST 1 2015...

CLIMATE NORMAL PERIOD 1981 TO 2010
CLIMATE RECORD PERIOD 1916 TO 2015


WEATHER ITEM   OBSERVED TIME   RECORD YEAR NORMAL DEPARTURE LAST
                VALUE   (LST)  VALUE       VALUE  FROM      YEAR
                                                  NORMAL
..................................................................
TEMPERATURE (F)
 YESTERDAY
  MAXIMUM         82    145 PM  98    2006  79      3       80
                                      1955
  MINIMUM         57   1135 PM  38    1918  56      1       53
  AVERAGE         70                        67      3       67

PRECIPITATION (IN)
  YESTERDAY        T             2.61 1973   0.10  -0.10     0.00
  MONTH TO DATE    T                         0.10  -0.10     0.00
  SINCE JUN 1      3.81                      5.75  -1.94     5.09
  SINCE JAN 1     12.36                     15.65  -3.29    16.59

DEGREE DAYS
 HEATING
  YESTERDAY        0                         1     -1        0
  MONTH TO DATE    0                         1     -1        0
  SINCE JUN 1    178                       188    -10      181
  SINCE JUL 1     35                        45    -10       69

 COOLING
  YESTERDAY        5                         4      1        2
  MONTH TO DATE    5                         4      1        2
  SINCE JUN 1    155                       176    -21      108
  SINCE JAN 1    179                       189    -10      113
..................................................................


WIND (MPH)
  HIGHEST WIND SPEED    14   HIGHEST WIND DIRECTION     E (90)
  HIGHEST GUST SPEED    18   HIGHEST GUST DIRECTION     E (100)
  AVERAGE WIND SPEED     5.1




RELATIVE HUMIDITY (PERCENT)
 HIGHEST    93
 LOWEST     36
 AVERAGE    65

..........................................................


THE ALPENA MI CLIMATE NORMALS FOR TODAY
                         NORMAL    RECORD    YEAR
 MAXIMUM TEMPERATURE (F)   79       102      1988
 MINIMUM TEMPERATURE (F)   55        35      1924


SUNRISE AND SUNSET
AUGUST  2 2015........SUNRISE   620 AM EDT   SUNSET   900 PM EDT
AUGUST  3 2015........SUNRISE   621 AM EDT   SUNSET   859 PM EDT


-  INDICATES NEGATIVE NUMBERS.
R  INDICATES RECORD WAS SET OR TIED.
MM INDICATES DATA IS MISSING.
T  INDICATES TRACE AMOUNT.




$$
