000
CDUS43 KAPX 170527
CLIAPN


CLIMATE REPORT
NATIONAL WEATHER SERVICE GAYLORD MI
1227 AM EST SUN DEC 17 2017


...................................

...THE ALPENA MI CLIMATE SUMMARY FOR DECEMBER 16 2017...

CLIMATE NORMAL PERIOD 1981 TO 2010
CLIMATE RECORD PERIOD 1916 TO 2017


WEATHER ITEM   OBSERVED TIME   RECORD YEAR NORMAL DEPARTURE LAST
                VALUE   (LST)  VALUE       VALUE  FROM      YEAR
                                                  NORMAL
..................................................................
TEMPERATURE (F)
 YESTERDAY
  MAXIMUM         21   1214 AM  57    1984  31    -10       21
  MINIMUM          9    936 PM -12    1980  18     -9       12
  AVERAGE         15                        25    -10       17

PRECIPITATION (IN)
  YESTERDAY        T             0.54 2014   0.06  -0.06     0.07
  MONTH TO DATE    0.61                      0.97  -0.36     0.79
  SINCE DEC 1      0.61                      0.97  -0.36     0.79
  SINCE JAN 1     39.52                     27.38  12.14    28.63

SNOWFALL (IN)
  YESTERDAY        T             5.8  2007   0.6   -0.6      0.8
  MONTH TO DATE    6.3                       9.5   -3.2     11.6
  SINCE OCT 1      6.8                      17.6  -10.8     13.4
  SINCE JUL 1      6.8                      17.6  -10.8     13.4
  SNOW DEPTH       3

DEGREE DAYS
 HEATING
  YESTERDAY       50                        40     10       48
  MONTH TO DATE  633                       603     30      603
  SINCE DEC 1    633                       603     30      603
  SINCE JUL 1   2137                      2426   -289     1812
..................................................................


WIND (MPH)
  HIGHEST WIND SPEED    15   HIGHEST WIND DIRECTION     N (10)
  HIGHEST GUST SPEED    18   HIGHEST GUST DIRECTION     N (360)
  AVERAGE WIND SPEED     6.3




RELATIVE HUMIDITY (PERCENT)
 HIGHEST    96
 LOWEST     73
 AVERAGE    85

..........................................................


THE ALPENA MI CLIMATE NORMALS FOR TODAY
                         NORMAL    RECORD    YEAR
 MAXIMUM TEMPERATURE (F)   31        47      2006
                                             1984
 MINIMUM TEMPERATURE (F)   18       -17      1980


SUNRISE AND SUNSET
DECEMBER 17 2017......SUNRISE   807 AM EST   SUNSET   454 PM EST
DECEMBER 18 2017......SUNRISE   808 AM EST   SUNSET   454 PM EST


-  INDICATES NEGATIVE NUMBERS.
R  INDICATES RECORD WAS SET OR TIED.
MM INDICATES DATA IS MISSING.
T  INDICATES TRACE AMOUNT.




$$
