000
CDUS43 KAPX 220539
CLIAPN


CLIMATE REPORT
NATIONAL WEATHER SERVICE GAYLORD MI
1239 AM EST MON DEC 22 2014


...................................

...THE ALPENA MI CLIMATE SUMMARY FOR DECEMBER 21 2014...

CLIMATE NORMAL PERIOD 1981 TO 2010
CLIMATE RECORD PERIOD 1916 TO 2014


WEATHER ITEM   OBSERVED TIME   RECORD YEAR NORMAL DEPARTURE LAST
                VALUE   (LST)  VALUE       VALUE  FROM      YEAR
                                                  NORMAL
..................................................................
TEMPERATURE (F)
 YESTERDAY
  MAXIMUM         31   1159 PM  58    1967  30      1       26
  MINIMUM         15    453 AM -11    1989  17     -2       24
  AVERAGE         23                        23      0       25

PRECIPITATION (IN)
  YESTERDAY        0.00          0.48 2008   0.05  -0.05      T
  MONTH TO DATE    0.76                      1.22  -0.46     1.66
  SINCE DEC 1      0.76                      1.22  -0.46     1.66
  SINCE JAN 1     33.87                     27.63   6.24    31.13

SNOWFALL (IN)
  YESTERDAY        0.0           8.0  2008   0.7   -0.7       T
  MONTH TO DATE    0.5                      12.6  -12.1     17.0
  SINCE OCT 1     16.1                      20.7   -4.6     19.6
  SINCE JUL 1     16.1                      20.7   -4.6     19.6
  SNOW DEPTH       0

DEGREE DAYS
 HEATING
  YESTERDAY       42                        42      0       40
  MONTH TO DATE  781                       809    -28      952
  SINCE DEC 1    781                       809    -28      952
  SINCE JUL 1   2714                      2632     82     2820
..................................................................


WIND (MPH)
  HIGHEST WIND SPEED    13   HIGHEST WIND DIRECTION     S (170)
  HIGHEST GUST SPEED    17   HIGHEST GUST DIRECTION    SW (210)
  AVERAGE WIND SPEED     5.4




RELATIVE HUMIDITY (PERCENT)
 HIGHEST    96
 LOWEST     78
 AVERAGE    87

..........................................................


THE ALPENA MI CLIMATE NORMALS FOR TODAY
                         NORMAL    RECORD    YEAR
 MAXIMUM TEMPERATURE (F)   30        59      1918
 MINIMUM TEMPERATURE (F)   16       -13      1935


SUNRISE AND SUNSET
DECEMBER 22 2014......SUNRISE   810 AM EST   SUNSET   456 PM EST
DECEMBER 23 2014......SUNRISE   811 AM EST   SUNSET   456 PM EST


-  INDICATES NEGATIVE NUMBERS.
R  INDICATES RECORD WAS SET OR TIED.
MM INDICATES DATA IS MISSING.
T  INDICATES TRACE AMOUNT.




$$
