000
CDUS44 KLCH 212205
CLIARA


CLIMATE REPORT
NATIONAL WEATHER SERVICE LAKE CHARLES, LA
405 PM CST TUE NOV 21 2017


...................................

...THE NEW IBERIA CLIMATE SUMMARY FOR NOVEMBER 21 2017...
VALID TODAY AS OF 0400 PM LOCAL TIME.

CLIMATE NORMAL PERIOD 1981 TO 2010
CLIMATE RECORD PERIOD 1948 TO 2017


WEATHER ITEM   OBSERVED TIME   RECORD YEAR NORMAL DEPARTURE LAST
                VALUE   (LST)  VALUE       VALUE  FROM      YEAR
                                                  NORMAL
..................................................................
TEMPERATURE (F)
 TODAY
  MAXIMUM         73    216 PM  84    2011  70      3       71
  MINIMUM         44   1205 AM  28    1952  49     -5       33
  AVERAGE         59                        60     -1       52

PRECIPITATION (IN)
  TODAY            T             0.95 2009   0.15  -0.15     0.00
  MONTH TO DATE    0.25                      2.58  -2.33     0.55
  SINCE SEP 1      7.09                     12.17  -5.08     8.66
  SINCE JAN 1     59.47                     53.02   6.45    76.01

SNOWFALL (IN)
  TODAY           MM             0.0    MM  MM               0.0
  MONTH TO DATE    0.0                      MM               0.0
  SINCE SEP 1      0.0                      MM               0.0
  SINCE JUL 1      0.0                      MM               0.0

DEGREE DAYS
 HEATING
  TODAY            6                         7     -1       13
  MONTH TO DATE   55                        90    -35       60
  SINCE SEP 1    106                       124    -18       67
  SINCE JUL 1    106                       124    -18       67

 COOLING
  TODAY            0                         1     -1        0
  MONTH TO DATE   83                        34     49       62
  SINCE SEP 1    779                       636    143      842
  SINCE JAN 1   3082                      2779    303     3127
..................................................................


WIND (MPH)
  RESULTANT WIND SPEED   4   RESULTANT WIND DIRECTION   E (90)
  HIGHEST WIND SPEED    12   HIGHEST WIND DIRECTION     E (90)
  HIGHEST GUST SPEED    16   HIGHEST GUST DIRECTION     E (80)
  AVERAGE WIND SPEED     4.2


SKY COVER
  POSSIBLE SUNSHINE  MM
  AVERAGE SKY COVER 0.7


WEATHER CONDITIONS
 THE FOLLOWING WEATHER WAS RECORDED TODAY.
  HAZE


RELATIVE HUMIDITY (PERCENT)
 HIGHEST    93           200 AM
 LOWEST     57           100 PM
 AVERAGE    75

..........................................................


THE NEW IBERIA CLIMATE NORMALS FOR TOMORROW
                         NORMAL    RECORD    YEAR
 MAXIMUM TEMPERATURE (F)   70        82      1996
 MINIMUM TEMPERATURE (F)   49        29      1952


SUNRISE AND SUNSET
NOVEMBER 21 2017......SUNRISE   638 AM CST   SUNSET   509 PM CST
NOVEMBER 22 2017......SUNRISE   639 AM CST   SUNSET   509 PM CST


-  INDICATES NEGATIVE NUMBERS.
R  INDICATES RECORD WAS SET OR TIED.
MM INDICATES DATA IS MISSING.
T  INDICATES TRACE AMOUNT.




$$
