000
CDUS44 KLCH 280911
CLIARA


CLIMATE REPORT
NATIONAL WEATHER SERVICE LAKE CHARLES, LA
311 AM CST WED JAN 28 2015


...................................

...THE NEW IBERIA CLIMATE SUMMARY FOR JANUARY 27 2015...

CLIMATE NORMAL PERIOD 1981 TO 2010
CLIMATE RECORD PERIOD 1948 TO 2015


WEATHER ITEM   OBSERVED TIME   RECORD YEAR NORMAL DEPARTURE LAST
                VALUE   (LST)  VALUE       VALUE  FROM      YEAR
                                                  NORMAL
..................................................................
TEMPERATURE (F)
 YESTERDAY
  MAXIMUM         77    352 PM  80    1957  63     14       64
                                      1952
  MINIMUM         43    128 AM  24    1966  43      0       40
  AVERAGE         60                        53      7       52

PRECIPITATION (IN)
  YESTERDAY        0.00          1.86 1992   0.17  -0.17      T
  MONTH TO DATE    4.37                      4.50  -0.13     2.28
  SINCE DEC 1      6.08                      9.50  -3.42     4.84
  SINCE JAN 1      4.37                      4.50  -0.13     2.28

SNOWFALL (IN)
  YESTERDAY        0.0           0.0    MM  MM              MM
  MONTH TO DATE    0.0                      MM                T
  SINCE DEC 1      0.0                      MM                T
  SINCE JUL 1      0.0                      MM                T

DEGREE DAYS
 HEATING
  YESTERDAY        5                        12     -7       13
  MONTH TO DATE  409                       345     64      465
  SINCE DEC 1    653                       697    -44      867
  SINCE JUL 1    940                       892     48     1100

 COOLING
  YESTERDAY        0                         0      0        0
  MONTH TO DATE    2                         9     -7        0
  SINCE DEC 1     24                        31     -7       41
  SINCE JAN 1      2                         9     -7        0
..................................................................


WIND (MPH)
  RESULTANT WIND SPEED   2   RESULTANT WIND DIRECTION  NW (320)
  HIGHEST WIND SPEED    13   HIGHEST WIND DIRECTION     N (10)
  HIGHEST GUST SPEED    15   HIGHEST GUST DIRECTION    NE (40)
  AVERAGE WIND SPEED     4.8


SKY COVER
  POSSIBLE SUNSHINE  MM
  AVERAGE SKY COVER 0.0


WEATHER CONDITIONS
 THE FOLLOWING WEATHER WAS RECORDED YESTERDAY.
  NO SIGNIFICANT WEATHER WAS OBSERVED.


RELATIVE HUMIDITY (PERCENT)
 HIGHEST    93          1200 AM
 LOWEST     27           300 PM
 AVERAGE    60

..........................................................


THE NEW IBERIA CLIMATE NORMALS FOR TODAY
                         NORMAL    RECORD    YEAR
 MAXIMUM TEMPERATURE (F)   63        80      1957
 MINIMUM TEMPERATURE (F)   43        26      2014
                                             2004


SUNRISE AND SUNSET
JANUARY 28 2015.......SUNRISE   700 AM CST   SUNSET   541 PM CST
JANUARY 29 2015.......SUNRISE   700 AM CST   SUNSET   542 PM CST


-  INDICATES NEGATIVE NUMBERS.
R  INDICATES RECORD WAS SET OR TIED.
MM INDICATES DATA IS MISSING.
T  INDICATES TRACE AMOUNT.




$$
