067
CDUS44 KLCH 101245
CLIARA


CLIMATE REPORT
NATIONAL WEATHER SERVICE LAKE CHARLES, LA
645 AM CST SAT DEC 10 2016


...................................

...THE NEW IBERIA CLIMATE SUMMARY FOR DECEMBER 9 2016...

CLIMATE NORMAL PERIOD 1981 TO 2010
CLIMATE RECORD PERIOD 1948 TO 2016


WEATHER ITEM   OBSERVED TIME   RECORD YEAR NORMAL DEPARTURE LAST
                VALUE   (LST)  VALUE       VALUE  FROM      YEAR
                                                  NORMAL
..................................................................
TEMPERATURE (F)
 YESTERDAY
  MAXIMUM         52    405 PM  82    2012  65    -13       76
                                      2007
  MINIMUM         36   1159 PM  24    2006  45     -9       53
  AVERAGE         44                        55    -11       65

PRECIPITATION (IN)
  YESTERDAY        0.00          3.07 1953   0.18  -0.18     0.00
  MONTH TO DATE    5.05                      1.69   3.36     0.49
  SINCE DEC 1      5.05                      1.69   3.36     0.49
  SINCE JAN 1     82.33                     56.38  25.95    66.65

SNOWFALL (IN)
  YESTERDAY        0.0           0.0    MM  MM               0.0
  MONTH TO DATE    0.0                      MM               0.0
  SINCE DEC 1      0.0                      MM               0.0
  SINCE JUL 1      0.0                      MM               0.0

DEGREE DAYS
 HEATING
  YESTERDAY       21                        11     10        0
  MONTH TO DATE   80                        90    -10       64
  SINCE DEC 1     80                        90    -10       64
  SINCE JUL 1    175                       285   -110      135

 COOLING
  YESTERDAY        0                         1     -1        0
  MONTH TO DATE    0                         9     -9        0
  SINCE DEC 1      0                         9     -9        0
  SINCE JAN 1   3143                      2801    342     3173
..................................................................


WIND (MPH)
  RESULTANT WIND SPEED  12   RESULTANT WIND DIRECTION   N (20)
  HIGHEST WIND SPEED    22   HIGHEST WIND DIRECTION     N (20)
  HIGHEST GUST SPEED    26   HIGHEST GUST DIRECTION    NE (30)
  AVERAGE WIND SPEED    12.1


SKY COVER
  POSSIBLE SUNSHINE  MM
  AVERAGE SKY COVER 0.1


WEATHER CONDITIONS
 THE FOLLOWING WEATHER WAS RECORDED YESTERDAY.
  NO SIGNIFICANT WEATHER WAS OBSERVED.


RELATIVE HUMIDITY (PERCENT)
 HIGHEST    70          1000 PM
 LOWEST     28           200 PM
 AVERAGE    49

..........................................................


THE NEW IBERIA CLIMATE NORMALS FOR TODAY
                         NORMAL    RECORD    YEAR
 MAXIMUM TEMPERATURE (F)   65        83      2007
 MINIMUM TEMPERATURE (F)   45        26      1995


SUNRISE AND SUNSET
DECEMBER 10 2016......SUNRISE   653 AM CST   SUNSET   508 PM CST
DECEMBER 11 2016......SUNRISE   654 AM CST   SUNSET   508 PM CST


-  INDICATES NEGATIVE NUMBERS.
R  INDICATES RECORD WAS SET OR TIED.
MM INDICATES DATA IS MISSING.
T  INDICATES TRACE AMOUNT.




$$
