000
CDUS44 KLCH 020901
CLIARA


CLIMATE REPORT
NATIONAL WEATHER SERVICE LAKE CHARLES, LA
300 AM CST MON MAR 2 2015


...................................

...THE NEW IBERIA CLIMATE SUMMARY FOR MARCH 1 2015...

CLIMATE NORMAL PERIOD 1981 TO 2010
CLIMATE RECORD PERIOD 1948 TO 2015


WEATHER ITEM   OBSERVED TIME   RECORD YEAR NORMAL DEPARTURE LAST
                VALUE   (LST)  VALUE       VALUE  FROM      YEAR
                                                  NORMAL
..................................................................
TEMPERATURE (F)
 YESTERDAY
  MAXIMUM         77    245 PM  82    1951  69      8       78
  MINIMUM         56    319 AM  25    1968  49      7       59
  AVERAGE         67                        59      8       69

PRECIPITATION (IN)
  YESTERDAY        1.53          5.08 1965   0.15   1.38     0.00
  MONTH TO DATE    1.53                      0.15   1.38     0.00
  SINCE MAR 1      1.53                      0.15   1.38     0.00
  SINCE JAN 1      7.99                      9.56  -1.57     8.34

SNOWFALL (IN)
  YESTERDAY        0.0           0.0    MM  MM               0.0
  MONTH TO DATE    0.0                      MM               0.0
  SINCE MAR 1      0.0                      MM               0.0
  SINCE JUL 1      0.0                      MM               0.1

DEGREE DAYS
 HEATING
  YESTERDAY        0                         7     -7        0
  MONTH TO DATE    0                         7     -7        0
  SINCE MAR 1      0                         7     -7        0
  SINCE JUL 1   1343                      1223    120     1524

 COOLING
  YESTERDAY        2                         1      1        4
  MONTH TO DATE    2                         1      1        4
  SINCE MAR 1      2                         1      1        4
  SINCE JAN 1      6                        32    -26       22
..................................................................


WIND (MPH)
  RESULTANT WIND SPEED  13   RESULTANT WIND DIRECTION  SE (130)
  HIGHEST WIND SPEED    22   HIGHEST WIND DIRECTION     S (170)
  HIGHEST GUST SPEED    28   HIGHEST GUST DIRECTION    SE (150)
  AVERAGE WIND SPEED    12.3


SKY COVER
  POSSIBLE SUNSHINE  MM
  AVERAGE SKY COVER 0.9


WEATHER CONDITIONS
 THE FOLLOWING WEATHER WAS RECORDED YESTERDAY.
  THUNDERSTORM
  HEAVY RAIN
  RAIN
  LIGHT RAIN
  FOG


RELATIVE HUMIDITY (PERCENT)
 HIGHEST   100           700 PM
 LOWEST     74           200 PM
 AVERAGE    87

..........................................................


THE NEW IBERIA CLIMATE NORMALS FOR TODAY
                         NORMAL    RECORD    YEAR
 MAXIMUM TEMPERATURE (F)   69        82      2000
                                             1951
 MINIMUM TEMPERATURE (F)   49        28      1980


SUNRISE AND SUNSET
MARCH  2 2015.........SUNRISE   633 AM CST   SUNSET   607 PM CST
MARCH  3 2015.........SUNRISE   631 AM CST   SUNSET   608 PM CST


-  INDICATES NEGATIVE NUMBERS.
R  INDICATES RECORD WAS SET OR TIED.
MM INDICATES DATA IS MISSING.
T  INDICATES TRACE AMOUNT.




$$
