000
CDUS43 KLOT 130636
CLIARR


CLIMATE REPORT
NATIONAL WEATHER SERVICE CHICAGO IL
135 AM CDT SUN JUL 13 2014


...................................

...THE AURORA MUNICIPAL AIRPORT CLIMATE SUMMARY FOR JULY 12 2014...

CLIMATE NORMAL PERIOD 1981 TO 2010
CLIMATE RECORD PERIOD 1998 TO 2014


WEATHER ITEM   OBSERVED TIME   RECORD YEAR NORMAL DEPARTURE LAST
                VALUE   (LST)  VALUE       VALUE  FROM      YEAR
                                                  NORMAL
..................................................................
TEMPERATURE (F)
 YESTERDAY
  MAXIMUM         80    558 PM  93    2012  84     -4       84
  MINIMUM         70   1159 PM  50    2009  60     10       53
  AVERAGE         75                        72      3       69

PRECIPITATION (IN)
  YESTERDAY        0.98R         0.83 2008   0.14   0.84     0.00
  MONTH TO DATE    1.69                      1.35   0.34     0.77
  SINCE JUN 1     10.65                      5.36   5.29     4.37
  SINCE JAN 1     18.64                     18.24   0.40    21.23

DEGREE DAYS
 HEATING
  YESTERDAY        0                         0      0        0
  MONTH TO DATE    2                         0      2        0
  SINCE JUN 1     18                        41    -23       44
  SINCE JUL 1      2                         0      2        0

 COOLING
  YESTERDAY       10                         7      3        4
  MONTH TO DATE   56                        84    -28       80
  SINCE JUN 1    252                       239     13      225
  SINCE JAN 1    338                       280     58      305
..................................................................


WIND (MPH)
  RESULTANT WIND SPEED   6   RESULTANT WIND DIRECTION   S (180)
  HIGHEST WIND SPEED    32   HIGHEST WIND DIRECTION     W (280)
  HIGHEST GUST SPEED    42   HIGHEST GUST DIRECTION     W (290)
  AVERAGE WIND SPEED     8.4


SKY COVER
  POSSIBLE SUNSHINE  MM
  AVERAGE SKY COVER 0.8


WEATHER CONDITIONS
 THE FOLLOWING WEATHER WAS RECORDED YESTERDAY.
  THUNDERSTORM
  HEAVY RAIN
  RAIN
  LIGHT RAIN
  FOG
  FOG W/VISIBILITY <= 1/4 MILE
  HAZE


RELATIVE HUMIDITY (PERCENT)
 HIGHEST    91           800 PM
 LOWEST     68          1200 AM
 AVERAGE    80

..........................................................


THE AURORA MUNICIPAL AIRPORT CLIMATE NORMALS FOR TODAY
                         NORMAL    RECORD    YEAR
 MAXIMUM TEMPERATURE (F)   84        92      2012
 MINIMUM TEMPERATURE (F)   60        49      2007


SUNRISE AND SUNSET
JULY 13 2014..........SUNRISE   531 AM CDT   SUNSET   828 PM CDT
JULY 14 2014..........SUNRISE   531 AM CDT   SUNSET   828 PM CDT


-  INDICATES NEGATIVE NUMBERS.
R  INDICATES RECORD WAS SET OR TIED.
MM INDICATES DATA IS MISSING.
T  INDICATES TRACE AMOUNT.




$$
