000
CDUS43 KLOT 240636
CLIARR


CLIMATE REPORT
NATIONAL WEATHER SERVICE CHICAGO IL
135 AM CDT SUN JUL 24 2016


...................................

...THE AURORA MUNICIPAL AIRPORT CLIMATE SUMMARY FOR JULY 23 2016...

CLIMATE NORMAL PERIOD 1981 TO 2010
CLIMATE RECORD PERIOD 1998 TO 2016


WEATHER ITEM   OBSERVED TIME   RECORD YEAR NORMAL DEPARTURE LAST
                VALUE   (LST)  VALUE       VALUE  FROM      YEAR
                                                  NORMAL
..................................................................
TEMPERATURE (F)
 YESTERDAY
  MAXIMUM         89    416 PM  94    2011  83      6       85
  MINIMUM         71    845 PM  47    2000  60     11       59
  AVERAGE         80                        71      9       72

PRECIPITATION (IN)
  YESTERDAY        1.13R         0.81 2011   0.16   0.97     0.00
  MONTH TO DATE    5.02                      3.09   1.93     4.39
  SINCE JUN 1      8.52                      7.10   1.42    13.08
  SINCE JAN 1     22.15                     19.98   2.17    22.43

DEGREE DAYS
 HEATING
  YESTERDAY        0                         0      0        0
  MONTH TO DATE    2                         0      2       12
  SINCE JUN 1     10                        41    -31       30
  SINCE JUL 1      2                         0      2       12

 COOLING
  YESTERDAY       15                         7      8        7
  MONTH TO DATE  200                       161     39      138
  SINCE JUN 1    400                       316     84      289
  SINCE JAN 1    482                       357    125      358
..................................................................


WIND (MPH)
  RESULTANT WIND SPEED   3   RESULTANT WIND DIRECTION   S (160)
  HIGHEST WIND SPEED    33   HIGHEST WIND DIRECTION     N (340)
  HIGHEST GUST SPEED    42   HIGHEST GUST DIRECTION     N (340)
  AVERAGE WIND SPEED     5.4


SKY COVER
  POSSIBLE SUNSHINE  MM
  AVERAGE SKY COVER 0.5


WEATHER CONDITIONS
 THE FOLLOWING WEATHER WAS RECORDED YESTERDAY.
  THUNDERSTORM
  HEAVY RAIN
  RAIN
  LIGHT RAIN
  FOG
  FOG W/VISIBILITY <= 1/4 MILE


RELATIVE HUMIDITY (PERCENT)
 HIGHEST   100           400 AM
 LOWEST     68          1200 PM
 AVERAGE    84

..........................................................


THE AURORA MUNICIPAL AIRPORT CLIMATE NORMALS FOR TODAY
                         NORMAL    RECORD    YEAR
 MAXIMUM TEMPERATURE (F)   83       100      2005
 MINIMUM TEMPERATURE (F)   59        47      2000


SUNRISE AND SUNSET
JULY 24 2016..........SUNRISE   541 AM CDT   SUNSET   820 PM CDT
JULY 25 2016..........SUNRISE   542 AM CDT   SUNSET   819 PM CDT


-  INDICATES NEGATIVE NUMBERS.
R  INDICATES RECORD WAS SET OR TIED.
MM INDICATES DATA IS MISSING.
T  INDICATES TRACE AMOUNT.




$$
