000
CDUS41 KBUF 011016
CLIART


CLIMATE REPORT
NATIONAL WEATHER SERVICE BUFFALO NY
610 AM EDT FRI AUG 1 2014


...................................

...THE WATERTOWN NY CLIMATE SUMMARY FOR JULY 31 2014...

CLIMATE NORMAL PERIOD 1981 TO 2010
CLIMATE RECORD PERIOD 1949 TO 2014


WEATHER ITEM   OBSERVED TIME   RECORD YEAR NORMAL DEPARTURE LAST
                VALUE   (LST)  VALUE       VALUE  FROM      YEAR
                                                  NORMAL
..................................................................
TEMPERATURE (F)
 YESTERDAY
  MAXIMUM         75    303 PM  90    1955  79     -4       78
  MINIMUM         58   1231 AM  40    1964  58      0       60
  AVERAGE         67                        69     -2       69

PRECIPITATION (IN)
  YESTERDAY        0.18          1.84 1979   0.09   0.09     0.00
  MONTH TO DATE    5.03                      2.65   2.38     3.05
  SINCE JUN 1      7.94                      5.50   2.44     9.09
  SINCE JAN 1     26.54                     18.65   7.89    19.71

DEGREE DAYS
 HEATING
  YESTERDAY        0                         1     -1        0
  MONTH TO DATE   19                        32    -13       11
  SINCE JUN 1     81                       133    -52      114
  SINCE JUL 1     19                        26     -7       11

 COOLING
  YESTERDAY        2                         5     -3        4
  MONTH TO DATE  123                       139    -16      224
  SINCE JUN 1    235                       201     34      298
  SINCE JAN 1    258                       212     46      330
..................................................................


WIND (MPH)
  HIGHEST WIND SPEED    17   HIGHEST WIND DIRECTION    SW (230)
  HIGHEST GUST SPEED    22   HIGHEST GUST DIRECTION    SW (220)
  AVERAGE WIND SPEED     6.0


SKY COVER
  AVERAGE SKY COVER 0.3


WEATHER CONDITIONS
 THE FOLLOWING WEATHER WAS RECORDED YESTERDAY.
  THUNDERSTORM
  RAIN
  LIGHT RAIN
  HAZE


RELATIVE HUMIDITY (PERCENT)
 HIGHEST    84           900 AM
 LOWEST     49           300 PM
 AVERAGE    67

..........................................................


THE WATERTOWN NY CLIMATE NORMALS FOR TODAY
                         NORMAL    RECORD    YEAR
 MAXIMUM TEMPERATURE (F)   79        91      2006
                                             1955
 MINIMUM TEMPERATURE (F)   58        42      1998


SUNRISE AND SUNSET
AUGUST  1 2014........SUNRISE   552 AM EDT   SUNSET   828 PM EDT
AUGUST  2 2014........SUNRISE   553 AM EDT   SUNSET   827 PM EDT


-  INDICATES NEGATIVE NUMBERS.
R  INDICATES RECORD WAS SET OR TIED.
MM INDICATES DATA IS MISSING.
T  INDICATES TRACE AMOUNT.




$$
